{"id":8084,"date":"2015-12-22T07:10:30","date_gmt":"2015-12-22T07:10:30","guid":{"rendered":"https:\/\/welcome-ontour.de\/wordpress\/index.php\/2015-09-09\/"},"modified":"2022-06-30T23:07:29","modified_gmt":"2022-06-30T23:07:29","slug":"2015-09-09","status":"publish","type":"page","link":"https:\/\/welcome-ontour.de\/wordpress\/index.php\/2015-09-09\/","title":{"rendered":"2015 09 09"},"content":{"rendered":"<p style=\"text-align: center;\"><span style=\"font-family: arial, helvetica, sans-serif; font-size: x-small;\"><a href=\"http:\/\/www.welcome-ontour.de\/index.php\/reiseberichte\/102-2015-08-chicago\/512-2015-08-27-prolog\">prolog<\/a>\u00a0\u00a0 \u00a0<a href=\"http:\/\/www.welcome-ontour.de\/index.php\/reiseberichte\/102-2015-08-chicago\/513-2015-08-28\">hinflug<\/a>\u00a0\u00a0 \u00a0<a href=\"http:\/\/www.welcome-ontour.de\/index.php\/reiseberichte\/102-2015-08-chicago\/514-2015-08-29\">st.louis<\/a>\u00a0\u00a0 \u00a0<a href=\"http:\/\/www.welcome-ontour.de\/index.php\/reiseberichte\/102-2015-08-chicago\/516-2015-08-31\">memphis<\/a>\u00a0\u00a0 \u00a0<a href=\"http:\/\/www.welcome-ontour.de\/index.php\/reiseberichte\/102-2015-08-chicago\/518-2015-09-02\">mississippi<\/a>\u00a0\u00a0 \u00a0<a href=\"http:\/\/www.welcome-ontour.de\/index.php\/reiseberichte\/102-2015-08-chicago\/519-2015-09-03\">new orleans<\/a>\u00a0\u00a0 \u00a0<a href=\"http:\/\/www.welcome-ontour.de\/index.php\/reiseberichte\/102-2015-08-chicago\/521-2015-09-05\">pensacola<\/a>\u00a0\u00a0 \u00a0<a href=\"http:\/\/www.welcome-ontour.de\/index.php\/reiseberichte\/102-2015-08-chicago\/523-2015-09-07\">tallahassee<\/a>\u00a0\u00a0 \u00a0<a href=\"http:\/\/www.welcome-ontour.de\/index.php\/reiseberichte\/102-2015-08-chicago\/524-2015-09-08\">macon<\/a>\u00a0\u00a0 \u00a0<a href=\"http:\/\/www.welcome-ontour.de\/index.php\/reiseberichte\/102-2015-08-chicago\/525-2015-09-09\">asheville<\/a>\u00a0\u00a0 \u00a0<a href=\"http:\/\/www.welcome-ontour.de\/index.php\/reiseberichte\/102-2015-08-chicago\/527-2015-09-11\">chattanooga<\/a>\u00a0\u00a0 \u00a0<a href=\"http:\/\/www.welcome-ontour.de\/index.php\/reiseberichte\/102-2015-08-chicago\/529-2015-09-13\">nashville<\/a>\u00a0\u00a0 \u00a0<a href=\"http:\/\/www.welcome-ontour.de\/index.php\/reiseberichte\/102-2015-08-chicago\/531-2015-09-15\">kentucky<\/a>\u00a0\u00a0 \u00a0<a href=\"http:\/\/www.welcome-ontour.de\/index.php\/reiseberichte\/102-2015-08-chicago\/533-2015-09-17\">indianapolis<\/a>\u00a0\u00a0 \u00a0<a href=\"http:\/\/www.welcome-ontour.de\/index.php\/reiseberichte\/102-2015-08-chicago\/534-2015-09-18\">chicago<\/a>\u00a0\u00a0 \u00a0<a href=\"http:\/\/www.welcome-ontour.de\/index.php\/reiseberichte\/102-2015-08-chicago\/536-2015-09-20\">r\u00fcckflug<\/a>\u00a0\u00a0 \u00a0<a href=\"http:\/\/www.welcome-ontour.de\/index.php\/reiseberichte\/102-2015-08-chicago\/538-2015-09-22\">fazit<\/a><\/span><\/p>\n<p style=\"text-align: center;\"><span style=\"font-family: arial, helvetica, sans-serif; font-size: small;\">\u00a0<\/span><\/p>\n<p style=\"text-align: center;\"><span style=\"font-family: arial, helvetica, sans-serif; font-size: small;\"><a href=\"http:\/\/www.welcome-ontour.de\/index.php\/reiseberichte\/102-2015-08-chicago\/524-2015-09-08\">&lt;zur\u00fcck<\/a>\u00a0\u00a0 \u00a0 \u00a0 \u00a0 \u00a0 \u00a0 \u00a0 \u00a0 \u00a0 \u00a0 \u00a0 \u00a0 \u00a0 \u00a0 \u00a0 \u00a0 \u00a0 \u00a0 \u00a0 \u00a0 \u00a0 \u00a0 \u00a0 \u00a0 \u00a0 \u00a0 \u00a0 \u00a0 \u00a0 \u00a0 \u00a0 \u00a0 \u00a0 \u00a0 \u00a0 \u00a0 \u00a0 \u00a0 \u00a0 \u00a0 \u00a0 \u00a0 \u00a0 \u00a0 \u00a0 \u00a0 \u00a0 \u00a0 \u00a0 \u00a0 \u00a0 \u00a0 \u00a0 \u00a0 \u00a0 \u00a0 \u00a0 \u00a0 \u00a0 \u00a0 \u00a0 \u00a0 \u00a0 \u00a0 \u00a0 \u00a0 \u00a0 \u00a0 \u00a0 \u00a0 \u00a0 \u00a0 \u00a0 \u00a0 \u00a0 \u00a0 \u00a0 \u00a0 \u00a0 \u00a0 \u00a0 \u00a0 \u00a0 \u00a0 \u00a0 \u00a0 \u00a0 \u00a0 \u00a0 \u00a0 \u00a0 \u00a0 \u00a0 \u00a0 \u00a0 \u00a0 \u00a0 \u00a0 \u00a0 \u00a0 \u00a0 \u00a0\u00a0<a href=\"http:\/\/www.welcome-ontour.de\/index.php\/reiseberichte\/102-2015-08-chicago\/526-2015-09-10\">weiter&gt;<\/a><\/span><\/p>\n<p style=\"text-align: center;\"><strong><span style=\"font-family: arial, helvetica, sans-serif; font-size: medium;\">Mi 9.9.2015<\/span><\/strong><\/p>\n<p style=\"text-align: center;\"><strong><span style=\"font-family: arial, helvetica, sans-serif; font-size: medium; line-height: 1.3em;\">Macon &#8211; Asheville<\/span><\/strong><\/p>\n<p style=\"text-align: center;\"><span style=\"font-family: arial, helvetica, sans-serif; font-size: medium;\">\u00a0<\/span><\/p>\n<p style=\"text-align: center;\"><span style=\"font-family: arial, helvetica, sans-serif; font-size: medium;\">Geschlafen gut, Wetter gut, Hotel-Fr\u00fchst\u00fcck gut, war eine gute Adresse.<\/span><\/p>\n<p style=\"text-align: center;\"><span style=\"font-family: arial, helvetica, sans-serif; font-size: medium;\">Auf der I-75 fahren wir etwa eine Stunde Richtung Atlanta, <\/span><\/p>\n<p style=\"text-align: center;\"><span style=\"font-family: arial, helvetica, sans-serif; font-size: medium;\">umfahren die Millionenstadt auf der Ostseite\u00a0<\/span><span style=\"font-family: arial, helvetica, sans-serif; font-size: medium; line-height: 1.3em;\">und sind um elf am Welcome Center in South Carolina.<\/span><\/p>\n<p style=\"text-align: center;\"><span style=\"font-family: arial, helvetica, sans-serif; font-size: medium;\">Von hier f\u00fchrt uns der Scenic Byway 11 durch eine von Wasserf\u00e4llen ges\u00e4umte Landschaft.<\/span><\/p>\n<p style=\"text-align: center;\"><span style=\"font-family: arial, helvetica, sans-serif; font-size: medium;\">W\u00e4re bestimmt toll anzusehen, wenn es nicht wie aus dem Nichts f\u00fcrchterlich sch\u00fctten w\u00fcrde.<\/span><\/p>\n<p style=\"text-align: center;\"><span style=\"font-family: arial, helvetica, sans-serif; font-size: medium;\">\u00a0<\/span><\/p>\n<p style=\"text-align: center;\"><span style=\"font-family: arial, helvetica, sans-serif; font-size: medium;\"><a href=\"https:\/\/welcome-ontour.de\/wordpress\/wp-content\/uploads\/2015\/12\/phoca_thumb_l_2015-09-09-01-img_0635.jpg\" target=\"_blank\" rel=\"noopener noreferrer\"><img decoding=\"async\" class=\" size-full wp-image-8074\" title=\"Near Walhalla\" src=\"https:\/\/welcome-ontour.de\/wordpress\/wp-content\/uploads\/2015\/12\/phoca_thumb_l_2015-09-09-01-img_0635.jpg\" width=\"600\" height=\"451\" border=\"0\" srcset=\"https:\/\/welcome-ontour.de\/wordpress\/wp-content\/uploads\/2015\/12\/phoca_thumb_l_2015-09-09-01-img_0635.jpg 1330w, https:\/\/welcome-ontour.de\/wordpress\/wp-content\/uploads\/2015\/12\/phoca_thumb_l_2015-09-09-01-img_0635-300x226.jpg 300w, https:\/\/welcome-ontour.de\/wordpress\/wp-content\/uploads\/2015\/12\/phoca_thumb_l_2015-09-09-01-img_0635-1024x770.jpg 1024w, https:\/\/welcome-ontour.de\/wordpress\/wp-content\/uploads\/2015\/12\/phoca_thumb_l_2015-09-09-01-img_0635-768x577.jpg 768w\" sizes=\"(max-width: 600px) 100vw, 600px\" \/><\/a><\/span><\/p>\n<p style=\"text-align: center;\"><span style=\"font-family: arial, helvetica, sans-serif; font-size: medium;\">\u00a0<\/span><\/p>\n<p style=\"text-align: center;\"><span style=\"font-family: arial, helvetica, sans-serif; font-size: medium;\">Der Highway f\u00fchrt uns laufend durch \u00fcberflutete Senken, der Dodge hat mit dem Aquaplaning zu k\u00e4mpfen.<\/span><\/p>\n<p style=\"text-align: center;\"><span style=\"font-family: arial, helvetica, sans-serif; font-size: medium;\">Hinter Walhalla verlassen wir die Schnellstra\u00dfe und fahren auf abenteuerlichen kleinen Bergwegen <\/span><\/p>\n<p style=\"text-align: center;\"><span style=\"font-family: arial, helvetica, sans-serif; font-size: medium;\">durch die Jocassee Mountains r\u00fcber nach North Carolina.<\/span><\/p>\n<p style=\"text-align: center;\"><span style=\"font-family: arial, helvetica, sans-serif; font-size: medium;\">Im tiefen dunklen Wald verliert das Navi seine Satellitenverbindung und findet sie auch vorerst nicht mehr wieder.<\/span><\/p>\n<p style=\"text-align: center;\"><span style=\"font-family: arial, helvetica, sans-serif; font-size: medium;\">\u00a0<\/span><\/p>\n<p style=\"text-align: center;\"><span style=\"font-family: arial, helvetica, sans-serif; font-size: medium;\"><a href=\"https:\/\/welcome-ontour.de\/wordpress\/wp-content\/uploads\/2015\/12\/phoca_thumb_l_2015-09-09-02-img_1065.jpg\" target=\"_blank\" rel=\"noopener noreferrer\"><img decoding=\"async\" class=\" size-full wp-image-8075\" title=\"Jocassee Mts.\" src=\"https:\/\/welcome-ontour.de\/wordpress\/wp-content\/uploads\/2015\/12\/phoca_thumb_l_2015-09-09-02-img_1065.jpg\" width=\"600\" height=\"451\" border=\"0\" srcset=\"https:\/\/welcome-ontour.de\/wordpress\/wp-content\/uploads\/2015\/12\/phoca_thumb_l_2015-09-09-02-img_1065.jpg 1330w, https:\/\/welcome-ontour.de\/wordpress\/wp-content\/uploads\/2015\/12\/phoca_thumb_l_2015-09-09-02-img_1065-300x226.jpg 300w, https:\/\/welcome-ontour.de\/wordpress\/wp-content\/uploads\/2015\/12\/phoca_thumb_l_2015-09-09-02-img_1065-1024x770.jpg 1024w, https:\/\/welcome-ontour.de\/wordpress\/wp-content\/uploads\/2015\/12\/phoca_thumb_l_2015-09-09-02-img_1065-768x577.jpg 768w\" sizes=\"(max-width: 600px) 100vw, 600px\" \/><\/a><\/span><\/p>\n<p style=\"text-align: center;\"><span style=\"font-family: arial, helvetica, sans-serif; font-size: medium;\">\u00a0<\/span><\/p>\n<p style=\"text-align: center;\"><span style=\"font-family: arial, helvetica, sans-serif; font-size: medium;\">Wir sind jedenfalls heilfroh, die kleine Touri-Map aus dem Visitorcenter mitgenommen zu haben.<\/span><\/p>\n<p style=\"text-align: center;\"><span style=\"font-family: arial, helvetica, sans-serif; font-size: medium;\">Irgendwann taucht dann ein Hinweis zum Weg nach <a href=\"http:\/\/www.exploreasheville.com\/\" target=\"_blank\" rel=\"noopener noreferrer\">Asheville<\/a> auf <\/span><\/p>\n<p style=\"text-align: center;\"><span style=\"font-family: arial, helvetica, sans-serif; font-size: medium;\">und eine weitere Stunde sp\u00e4ter fahren wir etwa um f\u00fcnf in die gro\u00dfe Kleinstadt ein.<\/span><\/p>\n<p style=\"text-align: center;\"><span style=\"font-family: arial, helvetica, sans-serif; font-size: medium;\">\u00a0<\/span><\/p>\n<p style=\"text-align: center;\"><span style=\"font-family: arial, helvetica, sans-serif; font-size: medium;\"><a href=\"https:\/\/welcome-ontour.de\/wordpress\/wp-content\/uploads\/2015\/12\/phoca_thumb_l_2015-09-09-02a-img_1070.jpg\" target=\"_blank\" rel=\"noopener noreferrer\"><img decoding=\"async\" class=\" size-full wp-image-8076\" title=\"Asheville, North Carolina\" src=\"https:\/\/welcome-ontour.de\/wordpress\/wp-content\/uploads\/2015\/12\/phoca_thumb_l_2015-09-09-02a-img_1070.jpg\" width=\"810\" height=\"491\" border=\"0\" srcset=\"https:\/\/welcome-ontour.de\/wordpress\/wp-content\/uploads\/2015\/12\/phoca_thumb_l_2015-09-09-02a-img_1070.jpg 1400w, https:\/\/welcome-ontour.de\/wordpress\/wp-content\/uploads\/2015\/12\/phoca_thumb_l_2015-09-09-02a-img_1070-300x182.jpg 300w, https:\/\/welcome-ontour.de\/wordpress\/wp-content\/uploads\/2015\/12\/phoca_thumb_l_2015-09-09-02a-img_1070-1024x620.jpg 1024w, https:\/\/welcome-ontour.de\/wordpress\/wp-content\/uploads\/2015\/12\/phoca_thumb_l_2015-09-09-02a-img_1070-768x465.jpg 768w\" sizes=\"(max-width: 810px) 100vw, 810px\" \/><\/a><\/span><\/p>\n<p style=\"text-align: center;\"><span style=\"font-family: arial, helvetica, sans-serif; font-size: medium;\">\u00a0<\/span><\/p>\n<p style=\"text-align: center;\"><span style=\"font-family: arial, helvetica, sans-serif; font-size: medium;\">Die zugewiesene <a href=\"http:\/\/brookstonelodgeasheville.com\/\" target=\"_blank\" rel=\"noopener noreferrer\">Brookstone Lodge<\/a> sieht auf den ersten \u00e4u\u00dferen Blick mountain-rustikal aus.<\/span><\/p>\n<p style=\"text-align: center;\"><span style=\"font-family: arial, helvetica, sans-serif; font-size: medium;\">\u00a0<\/span><\/p>\n<p style=\"text-align: center;\"><span style=\"font-family: arial, helvetica, sans-serif; font-size: medium;\"><a href=\"https:\/\/welcome-ontour.de\/wordpress\/wp-content\/uploads\/2015\/12\/phoca_thumb_l_2015-09-09-03-img_1096.jpg\" target=\"_blank\" rel=\"noopener noreferrer\"><img decoding=\"async\" class=\" size-full wp-image-8077\" title=\"Brookstone Lodge\" src=\"https:\/\/welcome-ontour.de\/wordpress\/wp-content\/uploads\/2015\/12\/phoca_thumb_l_2015-09-09-03-img_1096.jpg\" width=\"400\" height=\"301\" border=\"0\" srcset=\"https:\/\/welcome-ontour.de\/wordpress\/wp-content\/uploads\/2015\/12\/phoca_thumb_l_2015-09-09-03-img_1096.jpg 600w, https:\/\/welcome-ontour.de\/wordpress\/wp-content\/uploads\/2015\/12\/phoca_thumb_l_2015-09-09-03-img_1096-300x226.jpg 300w\" sizes=\"(max-width: 400px) 100vw, 400px\" \/><\/a>\u00a0 <a href=\"https:\/\/welcome-ontour.de\/wordpress\/wp-content\/uploads\/2015\/12\/phoca_thumb_l_2015-09-09-04-img_1088.jpg\" target=\"_blank\" rel=\"noopener noreferrer\"><img decoding=\"async\" class=\" size-full wp-image-8078\" title=\"Brookstone Lodge\" src=\"https:\/\/welcome-ontour.de\/wordpress\/wp-content\/uploads\/2015\/12\/phoca_thumb_l_2015-09-09-04-img_1088.jpg\" width=\"400\" height=\"301\" border=\"0\" srcset=\"https:\/\/welcome-ontour.de\/wordpress\/wp-content\/uploads\/2015\/12\/phoca_thumb_l_2015-09-09-04-img_1088.jpg 600w, https:\/\/welcome-ontour.de\/wordpress\/wp-content\/uploads\/2015\/12\/phoca_thumb_l_2015-09-09-04-img_1088-300x226.jpg 300w\" sizes=\"(max-width: 400px) 100vw, 400px\" \/><\/a><\/span><\/p>\n<p style=\"text-align: center;\"><span style=\"font-family: arial, helvetica, sans-serif; font-size: medium;\">\u00a0<\/span><\/p>\n<p style=\"text-align: center;\"><span style=\"font-family: arial, helvetica, sans-serif; font-size: medium;\">Erweist sich aber als pikobello sauberes Quartier mit bequemen Betten und freundlichem Personal.<\/span><\/p>\n<p style=\"text-align: center;\"><span style=\"font-family: arial, helvetica, sans-serif; font-size: medium;\">\u00a0<\/span><\/p>\n<p style=\"text-align: center;\"><span style=\"font-family: arial, helvetica, sans-serif; font-size: medium;\"><img decoding=\"async\" class=\" size-full wp-image-8079\" title=\"Room 308\" src=\"https:\/\/welcome-ontour.de\/wordpress\/wp-content\/uploads\/2015\/12\/phoca_thumb_l_2015-09-09-05-img_1082.jpg\" width=\"510\" height=\"384\" border=\"0\" srcset=\"https:\/\/welcome-ontour.de\/wordpress\/wp-content\/uploads\/2015\/12\/phoca_thumb_l_2015-09-09-05-img_1082.jpg 600w, https:\/\/welcome-ontour.de\/wordpress\/wp-content\/uploads\/2015\/12\/phoca_thumb_l_2015-09-09-05-img_1082-300x226.jpg 300w\" sizes=\"(max-width: 510px) 100vw, 510px\" \/>\u00a0 <img decoding=\"async\" class=\" size-full wp-image-8080\" title=\"Brookstone Lodge\" src=\"https:\/\/welcome-ontour.de\/wordpress\/wp-content\/uploads\/2015\/12\/phoca_thumb_l_2015-09-09-06-img_1084.jpg\" width=\"289\" height=\"384\" border=\"0\" srcset=\"https:\/\/welcome-ontour.de\/wordpress\/wp-content\/uploads\/2015\/12\/phoca_thumb_l_2015-09-09-06-img_1084.jpg 452w, https:\/\/welcome-ontour.de\/wordpress\/wp-content\/uploads\/2015\/12\/phoca_thumb_l_2015-09-09-06-img_1084-226x300.jpg 226w\" sizes=\"(max-width: 289px) 100vw, 289px\" \/><\/span><\/p>\n<p style=\"text-align: center;\"><span style=\"font-family: arial, helvetica, sans-serif; font-size: medium;\">\u00a0<\/span><\/p>\n<p style=\"text-align: center;\"><span style=\"font-family: arial, helvetica, sans-serif; font-size: medium;\">Unser Zimmer 308 hat zwei Queensizebetten, K\u00fchlschrank-Kaffeemaschine-Wlan und ist sehr ger\u00e4umig.<\/span><\/p>\n<p style=\"text-align: center;\"><span style=\"font-family: arial, helvetica, sans-serif; font-size: medium;\">Zum dringend n\u00f6tigen Diner gibt es herrlich leckeres Pulled Pork mit Baked Beans bei <a href=\"http:\/\/www.moesoriginalbbq.com\/lo\/asheville\/\" target=\"_blank\" rel=\"noopener noreferrer\">Moe\u2019s BBQ<\/a>.<\/span><\/p>\n<p style=\"text-align: center;\"><span style=\"font-family: arial, helvetica, sans-serif; font-size: medium;\">\u00a0<\/span><\/p>\n<p style=\"text-align: center;\"><span style=\"font-family: arial, helvetica, sans-serif; font-size: medium;\"><a href=\"https:\/\/welcome-ontour.de\/wordpress\/wp-content\/uploads\/2015\/12\/phoca_thumb_l_2015-09-09-07-img_1090.jpg\" target=\"_blank\" rel=\"noopener noreferrer\"><img decoding=\"async\" class=\" size-full wp-image-8081\" title=\"Moe's Original Bar B Que\" src=\"https:\/\/welcome-ontour.de\/wordpress\/wp-content\/uploads\/2015\/12\/phoca_thumb_l_2015-09-09-07-img_1090.jpg\" width=\"308\" height=\"232\" border=\"0\" srcset=\"https:\/\/welcome-ontour.de\/wordpress\/wp-content\/uploads\/2015\/12\/phoca_thumb_l_2015-09-09-07-img_1090.jpg 600w, https:\/\/welcome-ontour.de\/wordpress\/wp-content\/uploads\/2015\/12\/phoca_thumb_l_2015-09-09-07-img_1090-300x226.jpg 300w\" sizes=\"(max-width: 308px) 100vw, 308px\" \/><\/a>\u00a0 <a href=\"https:\/\/welcome-ontour.de\/wordpress\/wp-content\/uploads\/2015\/12\/phoca_thumb_l_2015-09-09-08-img_1092.jpg\" target=\"_blank\" rel=\"noopener noreferrer\"><img decoding=\"async\" class=\" size-full wp-image-8082\" title=\"Moe's\" src=\"https:\/\/welcome-ontour.de\/wordpress\/wp-content\/uploads\/2015\/12\/phoca_thumb_l_2015-09-09-08-img_1092.jpg\" width=\"308\" height=\"232\" border=\"0\" srcset=\"https:\/\/welcome-ontour.de\/wordpress\/wp-content\/uploads\/2015\/12\/phoca_thumb_l_2015-09-09-08-img_1092.jpg 600w, https:\/\/welcome-ontour.de\/wordpress\/wp-content\/uploads\/2015\/12\/phoca_thumb_l_2015-09-09-08-img_1092-300x226.jpg 300w\" sizes=\"(max-width: 308px) 100vw, 308px\" \/><\/a>\u00a0 <img decoding=\"async\" class=\" size-full wp-image-8083\" title=\"Moe\" src=\"https:\/\/welcome-ontour.de\/wordpress\/wp-content\/uploads\/2015\/12\/phoca_thumb_l_2015-09-09-09-img_5808.jpg\" width=\"175\" height=\"232\" border=\"0\" srcset=\"https:\/\/welcome-ontour.de\/wordpress\/wp-content\/uploads\/2015\/12\/phoca_thumb_l_2015-09-09-09-img_5808.jpg 451w, https:\/\/welcome-ontour.de\/wordpress\/wp-content\/uploads\/2015\/12\/phoca_thumb_l_2015-09-09-09-img_5808-226x300.jpg 226w\" sizes=\"(max-width: 175px) 100vw, 175px\" \/><\/span><\/p>\n<p style=\"text-align: center;\"><span style=\"font-family: arial, helvetica, sans-serif; font-size: medium;\">\u00a0<\/span><\/p>\n<p style=\"text-align: center;\"><span style=\"font-family: arial, helvetica, sans-serif; font-size: medium;\">Nach einer Stipvisite im quirligen Zentrum der Stadt pilgern wir durch die <a href=\"http:\/\/www.asheville-mall.com\/\" target=\"_blank\" rel=\"noopener noreferrer\">Asheville Mall<\/a> und sind um acht wieder in der Lodge.<\/span><\/p>\n<p style=\"text-align: center;\"><span style=\"font-family: arial, helvetica, sans-serif; font-size: medium;\">Der Weather Channel sagt gutes Wetter f\u00fcr Morgen voraus.<\/span><\/p>\n<p style=\"text-align: center;\"><span style=\"font-family: arial, helvetica, sans-serif; font-size: medium;\">Wir bleiben zwei N\u00e4chte hier und freuen uns \u00fcber die komfortable Unterkunft.<\/span><\/p>\n<p style=\"text-align: center;\"><span style=\"font-family: arial, helvetica, sans-serif; font-size: medium;\">\u00a0<\/span><\/p>\n<p style=\"text-align: center;\"><span style=\"font-family: arial, helvetica, sans-serif; font-size: medium;\">Gefahrene Meilen \/ Kilometer: 336 \/ 541<\/span><\/p>\n<p style=\"text-align: center;\"><span style=\"font-family: arial, helvetica, sans-serif; font-size: medium;\">\u00a0<\/span><\/p>\n<p style=\"text-align: center;\"><span style=\"font-family: arial, helvetica, sans-serif; font-size: medium;\">Unterkunft: <a href=\"http:\/\/brookstonelodgeasheville.com\/\" target=\"_blank\" rel=\"noopener noreferrer\">Brookstone Lodge<\/a>, Asheville, North Carolina $74 ***<\/span><\/p>\n<p style=\"text-align: center;\"><span style=\"font-family: arial, helvetica, sans-serif; font-size: medium;\">\u00a0<\/span><\/p>\n<p style=\"text-align: center;\"><span style=\"font-family: arial, helvetica, sans-serif; font-size: medium;\">\u00a0<span style=\"font-size: small;\"><a href=\"http:\/\/www.welcome-ontour.de\/index.php\/reiseberichte\/102-2015-08-chicago\/524-2015-09-08\">&lt;zur\u00fcck<\/a>\u00a0\u00a0 \u00a0 \u00a0 \u00a0 \u00a0 \u00a0 \u00a0 \u00a0 \u00a0 \u00a0 \u00a0 \u00a0 \u00a0 \u00a0 \u00a0 \u00a0 \u00a0 \u00a0 \u00a0 \u00a0 \u00a0 \u00a0 \u00a0 \u00a0 \u00a0 \u00a0 \u00a0 \u00a0 \u00a0 \u00a0 \u00a0 \u00a0 \u00a0 \u00a0 \u00a0 \u00a0 \u00a0 \u00a0 \u00a0 \u00a0 \u00a0 \u00a0 \u00a0 \u00a0 \u00a0 \u00a0 \u00a0 \u00a0 \u00a0 \u00a0 \u00a0 \u00a0 \u00a0 \u00a0 \u00a0 \u00a0 \u00a0 \u00a0 \u00a0 \u00a0 \u00a0 \u00a0 \u00a0 \u00a0 \u00a0 \u00a0 \u00a0 \u00a0 \u00a0 \u00a0 \u00a0 \u00a0 \u00a0 \u00a0 \u00a0 \u00a0 \u00a0 \u00a0 \u00a0 \u00a0 \u00a0 \u00a0 \u00a0 \u00a0 \u00a0 \u00a0 \u00a0 \u00a0 \u00a0 \u00a0 \u00a0 \u00a0 \u00a0 \u00a0 \u00a0 \u00a0 \u00a0 \u00a0 \u00a0 \u00a0 \u00a0 \u00a0\u00a0<a href=\"http:\/\/www.welcome-ontour.de\/index.php\/reiseberichte\/102-2015-08-chicago\/526-2015-09-10\">weiter&gt;<\/a><\/span><\/span><\/p>\n","protected":false},"excerpt":{"rendered":"<p>prolog\u00a0\u00a0 \u00a0hinflug\u00a0\u00a0 \u00a0st.louis\u00a0\u00a0 \u00a0memphis\u00a0\u00a0 \u00a0mississippi\u00a0\u00a0 \u00a0new orleans\u00a0\u00a0 \u00a0pensacola\u00a0\u00a0 \u00a0tallahassee\u00a0\u00a0 \u00a0macon\u00a0\u00a0 \u00a0asheville\u00a0\u00a0 \u00a0chattanooga\u00a0\u00a0 \u00a0nashville\u00a0\u00a0 \u00a0kentucky\u00a0\u00a0 \u00a0indianapolis\u00a0\u00a0 \u00a0chicago\u00a0\u00a0 \u00a0r\u00fcckflug\u00a0\u00a0 \u00a0fazit \u00a0 &lt;zur\u00fcck\u00a0\u00a0 \u00a0 \u00a0 \u00a0 \u00a0 \u00a0 \u00a0 \u00a0 \u00a0 \u00a0 \u00a0 \u00a0 \u00a0 \u00a0 \u00a0 \u00a0 \u00a0 \u00a0 \u00a0 \u00a0 \u00a0 \u00a0 \u00a0 \u00a0 \u00a0 \u00a0 \u00a0 \u00a0 \u00a0 \u00a0 \u00a0 \u00a0 \u00a0 \u00a0 \u00a0 \u00a0 \u00a0 \u00a0 \u00a0 \u00a0 \u00a0 \u00a0 \u00a0 \u00a0 \u00a0 \u00a0 \u00a0 \u00a0 \u00a0 \u00a0 \u00a0 \u00a0 \u00a0 \u00a0 \u00a0 \u00a0 \u00a0 \u00a0 \u00a0 \u00a0 \u00a0 \u00a0 \u00a0 \u00a0 \u00a0 \u00a0 \u00a0 \u00a0 \u00a0 \u00a0 \u00a0 \u00a0 \u00a0 \u00a0 \u00a0 \u00a0 \u00a0 \u00a0 \u00a0 \u00a0 \u00a0 \u00a0 \u00a0 \u00a0 \u00a0 \u00a0 \u00a0 \u00a0 \u00a0 \u00a0 \u00a0 \u00a0 \u00a0 \u00a0 \u00a0 \u00a0 \u00a0 \u00a0 \u00a0 \u00a0 \u00a0 \u00a0\u00a0weiter&gt; Mi 9.9.2015 Macon &#8211; Asheville \u00a0 Geschlafen gut, Wetter gut, Hotel-Fr\u00fchst\u00fcck gut, war eine gute Adresse. Auf der I-75 fahren wir etwa eine Stunde Richtung Atlanta, umfahren die Millionenstadt auf der Ostseite\u00a0und sind um elf am Welcome Center in South Carolina. Von hier f\u00fchrt uns der Scenic Byway 11 durch eine von Wasserf\u00e4llen ges\u00e4umte Landschaft. W\u00e4re bestimmt toll anzusehen, wenn es nicht wie aus dem Nichts f\u00fcrchterlich sch\u00fctten w\u00fcrde. \u00a0 \u00a0 Der Highway f\u00fchrt uns laufend durch \u00fcberflutete Senken, der Dodge hat mit dem Aquaplaning zu k\u00e4mpfen. Hinter Walhalla verlassen wir die Schnellstra\u00dfe und fahren auf abenteuerlichen kleinen Bergwegen durch die Jocassee Mountains r\u00fcber nach North Carolina. Im tiefen dunklen Wald verliert das Navi seine Satellitenverbindung und findet sie auch vorerst nicht mehr wieder. \u00a0 \u00a0 Wir sind jedenfalls heilfroh, die kleine Touri-Map aus dem Visitorcenter mitgenommen zu haben. Irgendwann taucht dann ein Hinweis zum Weg nach Asheville auf und eine weitere Stunde sp\u00e4ter fahren wir etwa um f\u00fcnf in die gro\u00dfe Kleinstadt ein. \u00a0 \u00a0 Die zugewiesene Brookstone Lodge sieht auf den ersten \u00e4u\u00dferen Blick mountain-rustikal aus. \u00a0 \u00a0 \u00a0 Erweist sich aber als pikobello sauberes Quartier mit bequemen Betten und freundlichem Personal. \u00a0 \u00a0 \u00a0 Unser Zimmer 308 hat zwei Queensizebetten, K\u00fchlschrank-Kaffeemaschine-Wlan und ist sehr ger\u00e4umig. Zum dringend n\u00f6tigen Diner gibt es herrlich leckeres Pulled Pork mit Baked Beans bei Moe\u2019s BBQ. \u00a0 \u00a0 \u00a0 \u00a0 Nach einer Stipvisite im quirligen Zentrum der Stadt pilgern wir durch die Asheville Mall und sind um acht wieder in der Lodge. Der Weather Channel sagt gutes Wetter f\u00fcr Morgen voraus. Wir bleiben zwei N\u00e4chte hier und freuen uns \u00fcber die komfortable Unterkunft. \u00a0 Gefahrene Meilen \/ Kilometer: 336 \/ 541 \u00a0 Unterkunft: Brookstone Lodge, Asheville, North Carolina $74 *** \u00a0 \u00a0&lt;zur\u00fcck\u00a0\u00a0 \u00a0 \u00a0 \u00a0 \u00a0 \u00a0 \u00a0 \u00a0 \u00a0 \u00a0 \u00a0 \u00a0 \u00a0 \u00a0 \u00a0 \u00a0 \u00a0 \u00a0 \u00a0 \u00a0 \u00a0 \u00a0 \u00a0 \u00a0 \u00a0 \u00a0 \u00a0 \u00a0 \u00a0 \u00a0 \u00a0 \u00a0 \u00a0 \u00a0 \u00a0 \u00a0 \u00a0 \u00a0 \u00a0 \u00a0 \u00a0 \u00a0 \u00a0 \u00a0 \u00a0 \u00a0 \u00a0 \u00a0 \u00a0 \u00a0 \u00a0 \u00a0 \u00a0 \u00a0 \u00a0 \u00a0 \u00a0 \u00a0 \u00a0 \u00a0 \u00a0 \u00a0 \u00a0 \u00a0 \u00a0 \u00a0 \u00a0 \u00a0 \u00a0 \u00a0 \u00a0 \u00a0 \u00a0 \u00a0 \u00a0 \u00a0 \u00a0 \u00a0 \u00a0 \u00a0 \u00a0 \u00a0 \u00a0 \u00a0 \u00a0 \u00a0 \u00a0 \u00a0 \u00a0 \u00a0 \u00a0 \u00a0 \u00a0 \u00a0 \u00a0 \u00a0 \u00a0 \u00a0 \u00a0 \u00a0 \u00a0 \u00a0\u00a0weiter&gt;<\/p>\n","protected":false},"author":1,"featured_media":8074,"parent":0,"menu_order":19,"comment_status":"closed","ping_status":"closed","template":"","meta":{"footnotes":""},"class_list":["post-8084","page","type-page","status-publish","has-post-thumbnail","hentry"],"_links":{"self":[{"href":"https:\/\/welcome-ontour.de\/wordpress\/index.php\/wp-json\/wp\/v2\/pages\/8084","targetHints":{"allow":["GET"]}}],"collection":[{"href":"https:\/\/welcome-ontour.de\/wordpress\/index.php\/wp-json\/wp\/v2\/pages"}],"about":[{"href":"https:\/\/welcome-ontour.de\/wordpress\/index.php\/wp-json\/wp\/v2\/types\/page"}],"author":[{"embeddable":true,"href":"https:\/\/welcome-ontour.de\/wordpress\/index.php\/wp-json\/wp\/v2\/users\/1"}],"replies":[{"embeddable":true,"href":"https:\/\/welcome-ontour.de\/wordpress\/index.php\/wp-json\/wp\/v2\/comments?post=8084"}],"version-history":[{"count":1,"href":"https:\/\/welcome-ontour.de\/wordpress\/index.php\/wp-json\/wp\/v2\/pages\/8084\/revisions"}],"predecessor-version":[{"id":15495,"href":"https:\/\/welcome-ontour.de\/wordpress\/index.php\/wp-json\/wp\/v2\/pages\/8084\/revisions\/15495"}],"wp:featuredmedia":[{"embeddable":true,"href":"https:\/\/welcome-ontour.de\/wordpress\/index.php\/wp-json\/wp\/v2\/media\/8074"}],"wp:attachment":[{"href":"https:\/\/welcome-ontour.de\/wordpress\/index.php\/wp-json\/wp\/v2\/media?parent=8084"}],"curies":[{"name":"wp","href":"https:\/\/api.w.org\/{rel}","templated":true}]}}