{"id":22923,"date":"2024-04-02T11:11:49","date_gmt":"2024-04-02T11:11:49","guid":{"rendered":"https:\/\/welcome-ontour.de\/wordpress\/?page_id=22923"},"modified":"2025-08-31T13:21:48","modified_gmt":"2025-08-31T13:21:48","slug":"2024-03-10-fazit","status":"publish","type":"page","link":"https:\/\/welcome-ontour.de\/wordpress\/index.php\/2024-03-10-fazit\/","title":{"rendered":"2024 03 10 fazit"},"content":{"rendered":"<p style=\"text-align: center;\"><span style=\"font-family: arial, helvetica, sans-serif; font-size: 8pt; color: #000000;\"><a style=\"color: #000000;\" href=\"https:\/\/welcome-ontour.de\/wordpress\/index.php\/2024-03-01-prolog\/\">Prolog<\/a>\u00a0 \u00a0 \u00a0 \u00a0<a style=\"color: #000000;\" href=\"https:\/\/welcome-ontour.de\/wordpress\/index.php\/2024-03-02\">Anreise<\/a>\u00a0 \u00a0 \u00a0 \u00a0<a style=\"color: #000000;\" href=\"https:\/\/welcome-ontour.de\/wordpress\/index.php\/2024-03-03\">Manrique<\/a>\u00a0 \u00a0 \u00a0 \u00a0<a style=\"color: #000000;\" href=\"https:\/\/welcome-ontour.de\/wordpress\/index.php\/2024-03-04\">James\/Mirador\/Museo<\/a>\u00a0 \u00a0 \u00a0 \u00a0<a style=\"color: #000000;\" href=\"https:\/\/welcome-ontour.de\/wordpress\/index.php\/2024-03-05\">Papagayo\/Janubio<\/a>\u00a0 \u00a0 \u00a0 \u00a0<a style=\"color: #000000;\" href=\"https:\/\/welcome-ontour.de\/wordpress\/index.php\/2024-03-06\">Vulcano\/Wein<\/a>\u00a0 \u00a0 \u00a0 \u00a0<a style=\"color: #000000;\" href=\"https:\/\/welcome-ontour.de\/wordpress\/index.php\/2024-03-07\">Calero\/Vega<\/a>\u00a0 \u00a0 \u00a0 \u00a0<a style=\"color: #000000;\" href=\"https:\/\/welcome-ontour.de\/wordpress\/index.php\/2024-03-08\">Relax<\/a>\u00a0 \u00a0 \u00a0 \u00a0<a style=\"color: #000000;\" href=\"https:\/\/welcome-ontour.de\/wordpress\/index.php\/2024-03-09\">Abreise<\/a>\u00a0 \u00a0 \u00a0 \u00a0<a style=\"color: #000000;\" href=\"https:\/\/welcome-ontour.de\/wordpress\/index.php\/2024-03-10\">Fazit<\/a><\/span><\/p>\n<p><span style=\"color: #000000;\"><a style=\"color: #000000;\" href=\"https:\/\/welcome-ontour.de\/wordpress\/index.php\/2024-03-09\"><img decoding=\"async\" class=\"alignleft wp-image-22895\" src=\"https:\/\/welcome-ontour.de\/wordpress\/wp-content\/uploads\/2024\/04\/2024-03-01-02a.jpg\" alt=\"\" width=\"70\" height=\"24\" \/><\/a>\u00a0 \u00a0 \u00a0 <a style=\"color: #000000;\" href=\"https:\/\/welcome-ontour.de\/wordpress\/index.php\/reiseberichte\/\"><img decoding=\"async\" class=\"alignright wp-image-22896\" src=\"https:\/\/welcome-ontour.de\/wordpress\/wp-content\/uploads\/2024\/04\/2024-03-01-02b.jpg\" alt=\"\" width=\"70\" height=\"24\" \/><\/a><\/span><\/p>\n<p>&nbsp;<\/p>\n<p style=\"text-align: center;\"><span style=\"color: #000000;\"><strong><span style=\"font-family: arial, helvetica, sans-serif; font-size: 14pt;\">Fazit<\/span><\/strong><\/span><\/p>\n<p style=\"text-align: center;\"><span style=\"font-family: arial, helvetica, sans-serif; font-size: 12pt; color: #000000;\"><img decoding=\"async\" class=\"wp-image-23160 aligncenter\" src=\"https:\/\/welcome-ontour.de\/wordpress\/wp-content\/uploads\/2024\/04\/2024-03-10-01.jpg\" alt=\"\" width=\"400\" height=\"182\" srcset=\"https:\/\/welcome-ontour.de\/wordpress\/wp-content\/uploads\/2024\/04\/2024-03-10-01.jpg 804w, https:\/\/welcome-ontour.de\/wordpress\/wp-content\/uploads\/2024\/04\/2024-03-10-01-300x137.jpg 300w, https:\/\/welcome-ontour.de\/wordpress\/wp-content\/uploads\/2024\/04\/2024-03-10-01-700x319.jpg 700w, https:\/\/welcome-ontour.de\/wordpress\/wp-content\/uploads\/2024\/04\/2024-03-10-01-768x350.jpg 768w\" sizes=\"(max-width: 400px) 100vw, 400px\" \/><\/span><\/p>\n<p style=\"text-align: center;\"><span style=\"font-family: arial, helvetica, sans-serif; font-size: 12pt; color: #000000;\">Eine Winterwoche bei angenehmen fr\u00fchlingshaften Temperaturen auf Lanzarote, das war der Plan.<\/span><\/p>\n<p style=\"text-align: center;\"><span style=\"font-family: arial, helvetica, sans-serif; font-size: 12pt; color: #000000;\">Dass wir fast schon vom Sommer begr\u00fc\u00dft wurden, haben wir nicht erwartet.<\/span><\/p>\n<p style=\"text-align: center;\"><span style=\"font-family: arial, helvetica, sans-serif; font-size: 12pt; color: #000000;\">Tagestemperaturen zwischen 21 und 25\u00b0C, die nachts nicht unter 16\u00b0 gefallen sind, waren ganz nach unserem Geschmack.<\/span><\/p>\n<p style=\"text-align: center;\"><span style=\"font-family: arial, helvetica, sans-serif; font-size: 12pt; color: #000000;\">Wenn dann auch noch die Sonne dazu kam, war es schon sehr sommerlich.<\/span><\/p>\n<p style=\"text-align: center;\"><span style=\"font-family: arial, helvetica, sans-serif; font-size: 12pt; color: #000000;\">Das 18-19\u00b0 warme Meerwasser empfanden wir als nicht zu kalt.<\/span><\/p>\n<p style=\"text-align: center;\"><span style=\"font-family: arial, helvetica, sans-serif; font-size: 12pt; color: #000000;\"><img decoding=\"async\" class=\"wp-image-23161 aligncenter\" src=\"https:\/\/welcome-ontour.de\/wordpress\/wp-content\/uploads\/2024\/04\/2024-03-10-02.jpg\" alt=\"\" width=\"600\" height=\"166\" srcset=\"https:\/\/welcome-ontour.de\/wordpress\/wp-content\/uploads\/2024\/04\/2024-03-10-02.jpg 804w, https:\/\/welcome-ontour.de\/wordpress\/wp-content\/uploads\/2024\/04\/2024-03-10-02-300x83.jpg 300w, https:\/\/welcome-ontour.de\/wordpress\/wp-content\/uploads\/2024\/04\/2024-03-10-02-700x194.jpg 700w, https:\/\/welcome-ontour.de\/wordpress\/wp-content\/uploads\/2024\/04\/2024-03-10-02-768x213.jpg 768w\" sizes=\"(max-width: 600px) 100vw, 600px\" \/><\/span><\/p>\n<p style=\"text-align: center;\"><span style=\"font-family: arial, helvetica, sans-serif; font-size: 12pt; color: #000000;\">Einmal drinnen, konnte man wunderbar schwimmen.<\/span><\/p>\n<p style=\"text-align: center;\"><span style=\"font-family: arial, helvetica, sans-serif; font-size: 12pt; color: #000000;\">Jedoch war das Wetter lediglich der i-Punkt einer echt erholsamen Urlaubswoche.<\/span><\/p>\n<p style=\"text-align: center;\"><span style=\"font-family: arial, helvetica, sans-serif; font-size: 12pt; color: #000000;\">Die Insel ist abwechslungsreich und bietet jede Menge Geschichte, Kultur und Naturerlebnisse.<\/span><\/p>\n<p style=\"text-align: center;\"><span style=\"font-family: arial, helvetica, sans-serif; font-size: 12pt; color: #000000;\"><img decoding=\"async\" class=\"wp-image-23162 aligncenter\" src=\"https:\/\/welcome-ontour.de\/wordpress\/wp-content\/uploads\/2024\/04\/2024-03-10-03.jpg\" alt=\"\" width=\"400\" height=\"201\" srcset=\"https:\/\/welcome-ontour.de\/wordpress\/wp-content\/uploads\/2024\/04\/2024-03-10-03.jpg 804w, https:\/\/welcome-ontour.de\/wordpress\/wp-content\/uploads\/2024\/04\/2024-03-10-03-300x151.jpg 300w, https:\/\/welcome-ontour.de\/wordpress\/wp-content\/uploads\/2024\/04\/2024-03-10-03-700x352.jpg 700w, https:\/\/welcome-ontour.de\/wordpress\/wp-content\/uploads\/2024\/04\/2024-03-10-03-768x386.jpg 768w\" sizes=\"(max-width: 400px) 100vw, 400px\" \/><\/span><\/p>\n<p style=\"text-align: center;\"><span style=\"font-family: arial, helvetica, sans-serif; font-size: 12pt; color: #000000;\">Die Einzigartigkeit der Vulkanlandschaften <\/span><\/p>\n<p style=\"text-align: center;\"><span style=\"font-family: arial, helvetica, sans-serif; font-size: 12pt; color: #000000;\">und die wunderbar nachgehbaren Fu\u00dfspuren des Cesar Manrique <\/span><\/p>\n<p style=\"text-align: center;\"><span style=\"font-family: arial, helvetica, sans-serif; font-size: 12pt; color: #000000;\">haben uns schnell in ihren Bann gezogen.<\/span><\/p>\n<p style=\"text-align: center;\"><span style=\"font-family: arial, helvetica, sans-serif; font-size: 12pt; color: #000000;\"><img decoding=\"async\" class=\"wp-image-23163 aligncenter\" src=\"https:\/\/welcome-ontour.de\/wordpress\/wp-content\/uploads\/2024\/04\/2024-03-10-04.jpg\" alt=\"\" width=\"700\" height=\"269\" srcset=\"https:\/\/welcome-ontour.de\/wordpress\/wp-content\/uploads\/2024\/04\/2024-03-10-04.jpg 804w, https:\/\/welcome-ontour.de\/wordpress\/wp-content\/uploads\/2024\/04\/2024-03-10-04-300x115.jpg 300w, https:\/\/welcome-ontour.de\/wordpress\/wp-content\/uploads\/2024\/04\/2024-03-10-04-700x269.jpg 700w, https:\/\/welcome-ontour.de\/wordpress\/wp-content\/uploads\/2024\/04\/2024-03-10-04-768x295.jpg 768w\" sizes=\"(max-width: 700px) 100vw, 700px\" \/><\/span><\/p>\n<p style=\"text-align: center;\"><span style=\"font-family: arial, helvetica, sans-serif; font-size: 12pt; color: #000000;\">Und letztendlich war es unsere Unterkunft, die dem ganzen noch die Krone aufgesetzt hat.<\/span><\/p>\n<p style=\"text-align: center;\"><span style=\"font-family: arial, helvetica, sans-serif; font-size: 12pt; color: #000000;\">Das Fariones Hotel in Punta del Carmen war eine Herberge, wie man sie sich nicht sch\u00f6ner w\u00fcnschen kann.<\/span><\/p>\n<p style=\"text-align: center;\"><span style=\"font-family: arial, helvetica, sans-serif; font-size: 12pt; color: #000000;\">Das Personal war super freundlich und trotz der luxuri\u00f6sen Umgebung niemals arrogant oder abgehoben.<\/span><\/p>\n<p style=\"text-align: center;\"><span style=\"font-family: arial, helvetica, sans-serif; font-size: 12pt; color: #000000;\">Wir haben die Woche sehr genossen, auch wegen der hervorragenden K\u00fcche.<\/span><\/p>\n<p style=\"text-align: center;\">\u00a0<\/p>\n<p style=\"text-align: center;\"><span style=\"font-family: arial, helvetica, sans-serif; font-size: 12pt; color: #000000;\"><img decoding=\"async\" class=\"aligncenter wp-image-26335 size-full\" src=\"https:\/\/welcome-ontour.de\/wordpress\/wp-content\/uploads\/2025\/08\/2024-03-10-05-06.jpg\" alt=\"\" width=\"810\" height=\"279\" srcset=\"https:\/\/welcome-ontour.de\/wordpress\/wp-content\/uploads\/2025\/08\/2024-03-10-05-06.jpg 810w, https:\/\/welcome-ontour.de\/wordpress\/wp-content\/uploads\/2025\/08\/2024-03-10-05-06-300x103.jpg 300w, https:\/\/welcome-ontour.de\/wordpress\/wp-content\/uploads\/2025\/08\/2024-03-10-05-06-700x241.jpg 700w, https:\/\/welcome-ontour.de\/wordpress\/wp-content\/uploads\/2025\/08\/2024-03-10-05-06-768x265.jpg 768w\" sizes=\"(max-width: 810px) 100vw, 810px\" \/><\/span><\/p>\n<p style=\"text-align: center;\"><span style=\"font-family: arial, helvetica, sans-serif; font-size: 12pt; color: #000000;\"><img decoding=\"async\" class=\"aligncenter wp-image-26336 size-full\" src=\"https:\/\/welcome-ontour.de\/wordpress\/wp-content\/uploads\/2025\/08\/2024-03-10-07-08.jpg\" alt=\"\" width=\"810\" height=\"279\" srcset=\"https:\/\/welcome-ontour.de\/wordpress\/wp-content\/uploads\/2025\/08\/2024-03-10-07-08.jpg 810w, https:\/\/welcome-ontour.de\/wordpress\/wp-content\/uploads\/2025\/08\/2024-03-10-07-08-300x103.jpg 300w, https:\/\/welcome-ontour.de\/wordpress\/wp-content\/uploads\/2025\/08\/2024-03-10-07-08-700x241.jpg 700w, https:\/\/welcome-ontour.de\/wordpress\/wp-content\/uploads\/2025\/08\/2024-03-10-07-08-768x265.jpg 768w\" sizes=\"(max-width: 810px) 100vw, 810px\" \/><\/span><\/p>\n<p style=\"text-align: center;\">\u00a0<\/p>\n<p style=\"text-align: center;\"><span style=\"font-family: arial, helvetica, sans-serif; font-size: 12pt; color: #000000;\">Beim Mietwagen lief alles problemlos.<\/span><\/p>\n<p style=\"text-align: center;\"><span style=\"font-family: arial, helvetica, sans-serif; font-size: 12pt; color: #000000;\">Der Citroen C3 hat uns 340 km bequem und sparsam kreuz und quer \u00fcber die Insel chauffiert.<\/span><\/p>\n<p style=\"text-align: center;\"><span style=\"font-family: arial, helvetica, sans-serif; font-size: 12pt; color: #000000;\">Mehr Auto als einen Kleinwagen braucht man hier zu zweit nicht.<\/span><\/p>\n<p style=\"text-align: center;\">\u00a0<\/p>\n<p style=\"text-align: center;\"><span style=\"font-family: arial, helvetica, sans-serif; font-size: 12pt; color: #000000;\"><img decoding=\"async\" class=\"aligncenter wp-image-23168\" src=\"https:\/\/welcome-ontour.de\/wordpress\/wp-content\/uploads\/2024\/04\/2024-03-10-09.jpg\" alt=\"\" width=\"500\" height=\"348\" srcset=\"https:\/\/welcome-ontour.de\/wordpress\/wp-content\/uploads\/2024\/04\/2024-03-10-09.jpg 810w, https:\/\/welcome-ontour.de\/wordpress\/wp-content\/uploads\/2024\/04\/2024-03-10-09-300x209.jpg 300w, https:\/\/welcome-ontour.de\/wordpress\/wp-content\/uploads\/2024\/04\/2024-03-10-09-700x487.jpg 700w, https:\/\/welcome-ontour.de\/wordpress\/wp-content\/uploads\/2024\/04\/2024-03-10-09-768x534.jpg 768w\" sizes=\"(max-width: 500px) 100vw, 500px\" \/><\/span><\/p>\n<p style=\"text-align: center;\">\u00a0<\/p>\n<p style=\"text-align: center;\"><span style=\"font-family: arial, helvetica, sans-serif; font-size: 12pt; color: #000000;\">Zu den Easyjet Fl\u00fcgen k\u00f6nnte man einiges an Beschwerden anbringen.<\/span><\/p>\n<p style=\"text-align: center;\"><span style=\"font-family: arial, helvetica, sans-serif; font-size: 12pt; color: #000000;\">Letztendlich haben wir bequeme Sitze gehabt und wurden auf den Fl\u00fcgen gut umsorgt.<\/span><\/p>\n<p style=\"text-align: center;\"><span style=\"font-family: arial, helvetica, sans-serif; font-size: 12pt; color: #000000;\">Klar, war es unangenehm, den Urlaub mit einer n\u00e4chtlichen Busfahrt zu beenden.<\/span><\/p>\n<p style=\"text-align: center;\"><span style=\"font-family: arial, helvetica, sans-serif; font-size: 12pt; color: #000000;\">Aber unterm Strich waren wir lediglich ein paar Stunden sp\u00e4ter zu Hause, mehr nicht.<\/span><\/p>\n<p style=\"text-align: center;\"><span style=\"font-family: arial, helvetica, sans-serif; font-size: 12pt; color: #000000;\">Den tollen Urlaubseindruck konnte die Flugstory nicht tr\u00fcben.<\/span><\/p>\n<p style=\"text-align: center;\"><span style=\"font-family: arial, helvetica, sans-serif; font-size: 12pt; color: #000000;\"><img decoding=\"async\" class=\"wp-image-23169 aligncenter\" src=\"https:\/\/welcome-ontour.de\/wordpress\/wp-content\/uploads\/2024\/04\/2024-03-10-10.jpg\" alt=\"\" width=\"400\" height=\"186\" srcset=\"https:\/\/welcome-ontour.de\/wordpress\/wp-content\/uploads\/2024\/04\/2024-03-10-10.jpg 804w, https:\/\/welcome-ontour.de\/wordpress\/wp-content\/uploads\/2024\/04\/2024-03-10-10-300x139.jpg 300w, https:\/\/welcome-ontour.de\/wordpress\/wp-content\/uploads\/2024\/04\/2024-03-10-10-700x325.jpg 700w, https:\/\/welcome-ontour.de\/wordpress\/wp-content\/uploads\/2024\/04\/2024-03-10-10-768x356.jpg 768w\" sizes=\"(max-width: 400px) 100vw, 400px\" \/><\/span><\/p>\n<p style=\"text-align: center;\"><strong><span style=\"font-family: arial, helvetica, sans-serif; font-size: 12pt; color: #000000;\">Zahlen<\/span><\/strong><\/p>\n<p style=\"text-align: center;\"><span style=\"font-family: arial, helvetica, sans-serif; font-size: 12pt; color: #000000;\">Als wir uns durch die Hotelbewertungen gek\u00e4mpft haben, wollten wir m\u00f6glichst ins Fariones Hotel.<\/span><\/p>\n<p style=\"text-align: center;\"><span style=\"font-family: arial, helvetica, sans-serif; font-size: 12pt; color: #000000;\">\u00dcber check24 und den deutschen Reiseanbieter Schauinsland <\/span><\/p>\n<p style=\"text-align: center;\"><span style=\"font-family: arial, helvetica, sans-serif; font-size: 12pt; color: #000000;\">habe ich ein kurzfristiges Angebot f\u00fcr Pauschalreisen gefunden.<\/span><\/p>\n<p style=\"text-align: center;\"><span style=\"font-family: arial, helvetica, sans-serif; font-size: 12pt; color: #000000;\">Nonstop Fl\u00fcge und Hotel mit Halbpension gab es mit 53% Discount.<\/span><\/p>\n<p style=\"text-align: center;\"><span style=\"font-family: arial, helvetica, sans-serif; font-size: 12pt; color: #000000;\">Das waren in unserem Fall immer noch stolze 2350 Euro f\u00fcr zwei Personen.<\/span><\/p>\n<p style=\"text-align: center;\"><span style=\"font-family: arial, helvetica, sans-serif; font-size: 12pt; color: #000000;\">Die Fl\u00fcge haben zeitlich gepasst, also haben wir gebucht.<\/span><\/p>\n<p style=\"text-align: center;\"><span style=\"font-family: arial, helvetica, sans-serif; font-size: 12pt; color: #000000;\">Auch im Nachhinein war es jeden Euro wert.<\/span><\/p>\n<p style=\"text-align: center;\"><span style=\"font-family: arial, helvetica, sans-serif; font-size: 12pt; color: #000000;\">F\u00fcr das Auto wurden wir bei Sunnycars f\u00fcndig.<\/span><\/p>\n<p style=\"text-align: center;\"><span style=\"font-family: arial, helvetica, sans-serif; font-size: 12pt; color: #000000;\">Eine Woche Kleinwagen mit allen n\u00f6tigen Versicherungen haben 182 Euro gekostet.<\/span><\/p>\n<p style=\"text-align: center;\"><span style=\"font-family: arial, helvetica, sans-serif; font-size: 12pt; color: #000000;\">Der Mc Parking Service am BER Flughafen schlug mit 49 Euro zu Buche, <\/span><\/p>\n<p style=\"text-align: center;\"><span style=\"font-family: arial, helvetica, sans-serif; font-size: 12pt; color: #000000;\">zuz\u00fcglich 10 Euro Nachzahlung.<\/span><\/p>\n<p style=\"text-align: center;\"><span style=\"font-family: arial, helvetica, sans-serif; font-size: 12pt; color: #000000;\"><img decoding=\"async\" class=\"wp-image-23170 aligncenter\" src=\"https:\/\/welcome-ontour.de\/wordpress\/wp-content\/uploads\/2024\/04\/2024-03-10-11.jpg\" alt=\"\" width=\"200\" height=\"273\" srcset=\"https:\/\/welcome-ontour.de\/wordpress\/wp-content\/uploads\/2024\/04\/2024-03-10-11.jpg 590w, https:\/\/welcome-ontour.de\/wordpress\/wp-content\/uploads\/2024\/04\/2024-03-10-11-220x300.jpg 220w\" sizes=\"(max-width: 200px) 100vw, 200px\" \/><\/span><\/p>\n<p style=\"text-align: center;\"><span style=\"font-family: arial, helvetica, sans-serif; font-size: 12pt; color: #000000;\">Hat es uns gefallen? Und wie!<\/span><\/p>\n<p style=\"text-align: center;\"><span style=\"font-family: arial, helvetica, sans-serif; font-size: 12pt; color: #000000;\">Zu keiner Zeit haben wir unsere Entscheidung f\u00fcr Lanzarote bereut.<\/span><\/p>\n<p style=\"text-align: center;\"><span style=\"font-family: arial, helvetica, sans-serif; font-size: 12pt; color: #000000;\">Es sind hier viel weniger Touristen als auf den gro\u00dfen kanarischen Inseln anzutreffen.<\/span><\/p>\n<p style=\"text-align: center;\"><span style=\"font-family: arial, helvetica, sans-serif; font-size: 12pt; color: #000000;\">Alles ist mehrere Nummern kleiner, aber dadurch keinesfalls uninteressanter, eher im Gegenteil.<\/span><\/p>\n<p style=\"text-align: center;\"><span style=\"font-family: arial, helvetica, sans-serif; font-size: 12pt; color: #000000;\">Wer ein Reiseziel zum entspannen und abschalten sucht, ist hier richtig.<\/span><\/p>\n<p style=\"text-align: center;\"><span style=\"font-family: arial, helvetica, sans-serif; font-size: 12pt; color: #000000;\">Die Insel ist von diversen deutschen Flugh\u00e4fen nonstop erreichbar.<\/span><\/p>\n<p style=\"text-align: center;\"><span style=\"font-family: arial, helvetica, sans-serif; font-size: 12pt; color: #000000;\">In 4-5 Stunden ist man in einer anderen Welt, wenn man es denn m\u00f6chte.<\/span><\/p>\n<p style=\"text-align: center;\"><span style=\"font-family: arial, helvetica, sans-serif; font-size: 12pt; color: #000000;\">Wir m\u00f6chten immer wieder gern.<\/span><\/p>\n<p style=\"text-align: center;\">\u00a0<\/p>\n<p style=\"text-align: center;\"><span style=\"font-family: arial, helvetica, sans-serif; font-size: 12pt; color: #000000;\"><img decoding=\"async\" class=\"wp-image-23171 size-large aligncenter\" src=\"https:\/\/welcome-ontour.de\/wordpress\/wp-content\/uploads\/2024\/04\/2024-03-10-12-700x112.jpg\" alt=\"\" width=\"700\" height=\"112\" srcset=\"https:\/\/welcome-ontour.de\/wordpress\/wp-content\/uploads\/2024\/04\/2024-03-10-12-700x112.jpg 700w, https:\/\/welcome-ontour.de\/wordpress\/wp-content\/uploads\/2024\/04\/2024-03-10-12-300x48.jpg 300w, https:\/\/welcome-ontour.de\/wordpress\/wp-content\/uploads\/2024\/04\/2024-03-10-12-768x123.jpg 768w, https:\/\/welcome-ontour.de\/wordpress\/wp-content\/uploads\/2024\/04\/2024-03-10-12.jpg 810w\" sizes=\"(max-width: 700px) 100vw, 700px\" \/><\/span><\/p>\n<p style=\"text-align: center;\">\u00a0<\/p>\n<p style=\"text-align: center;\"><span style=\"font-family: arial, helvetica, sans-serif; font-size: 12pt; color: #000000;\">In diesem Sinne bis zum n\u00e4chsten Mal.<\/span><\/p>\n<p style=\"text-align: center;\"><span style=\"font-family: arial, helvetica, sans-serif; font-size: 12pt; color: #000000;\">Macht\u2019s gut Leute<\/span><\/p>\n<p style=\"text-align: center;\">\u00a0<\/p>\n<p style=\"text-align: center;\"><span style=\"font-family: arial, helvetica, sans-serif; font-size: 12pt; color: #000000;\">Ute &amp; Andie<\/span><\/p>\n<p>&nbsp;<\/p>\n<p style=\"text-align: center;\"><span style=\"font-family: arial, helvetica, sans-serif; font-size: 12pt; color: #000000;\"><img decoding=\"async\" class=\"wp-image-22888 aligncenter\" src=\"https:\/\/welcome-ontour.de\/wordpress\/wp-content\/uploads\/2024\/04\/2024-03-01-03-286x300.jpg\" alt=\"\" width=\"200\" height=\"210\" srcset=\"https:\/\/welcome-ontour.de\/wordpress\/wp-content\/uploads\/2024\/04\/2024-03-01-03-286x300.jpg 286w, https:\/\/welcome-ontour.de\/wordpress\/wp-content\/uploads\/2024\/04\/2024-03-01-03.jpg 381w\" sizes=\"(max-width: 200px) 100vw, 200px\" \/><\/span><\/p>\n<p style=\"text-align: center;\"><span style=\"color: #000000;\"><a style=\"color: #000000;\" href=\"https:\/\/welcome-ontour.de\/wordpress\/index.php\/2024-03-09\"><img decoding=\"async\" class=\"alignleft wp-image-22895\" src=\"https:\/\/welcome-ontour.de\/wordpress\/wp-content\/uploads\/2024\/04\/2024-03-01-02a.jpg\" alt=\"\" width=\"70\" height=\"24\" \/><\/a>\u00a0 \u00a0 \u00a0 <a style=\"color: #000000;\" href=\"https:\/\/welcome-ontour.de\/wordpress\/index.php\/reiseberichte\/\"><img decoding=\"async\" class=\"alignright wp-image-22896\" src=\"https:\/\/welcome-ontour.de\/wordpress\/wp-content\/uploads\/2024\/04\/2024-03-01-02b.jpg\" alt=\"\" width=\"70\" height=\"24\" \/><\/a><\/span><\/p>\n","protected":false},"excerpt":{"rendered":"<p>Prolog\u00a0 \u00a0 \u00a0 \u00a0Anreise\u00a0 \u00a0 \u00a0 \u00a0Manrique\u00a0 \u00a0 \u00a0 \u00a0James\/Mirador\/Museo\u00a0 \u00a0 \u00a0 \u00a0Papagayo\/Janubio\u00a0 \u00a0 \u00a0 \u00a0Vulcano\/Wein\u00a0 \u00a0 \u00a0 \u00a0Calero\/Vega\u00a0 \u00a0 \u00a0 \u00a0Relax\u00a0 \u00a0 \u00a0 \u00a0Abreise\u00a0 \u00a0 \u00a0 \u00a0Fazit \u00a0 \u00a0 \u00a0 &nbsp; Fazit Eine Winterwoche bei angenehmen fr\u00fchlingshaften Temperaturen auf Lanzarote, das war der Plan. Dass wir fast schon vom Sommer begr\u00fc\u00dft wurden, haben wir nicht erwartet. Tagestemperaturen zwischen 21 und 25\u00b0C, die nachts nicht unter 16\u00b0 gefallen sind, waren ganz nach unserem Geschmack. Wenn dann auch noch die Sonne dazu kam, war es schon sehr sommerlich. Das 18-19\u00b0 warme Meerwasser empfanden wir als nicht zu kalt. Einmal drinnen, konnte man wunderbar schwimmen. Jedoch war das Wetter lediglich der i-Punkt einer echt erholsamen Urlaubswoche. Die Insel ist abwechslungsreich und bietet jede Menge Geschichte, Kultur und Naturerlebnisse. Die Einzigartigkeit der Vulkanlandschaften und die wunderbar nachgehbaren Fu\u00dfspuren des Cesar Manrique haben uns schnell in ihren Bann gezogen. Und letztendlich war es unsere Unterkunft, die dem ganzen noch die Krone aufgesetzt hat. Das Fariones Hotel in Punta del Carmen war eine Herberge, wie man sie sich nicht sch\u00f6ner w\u00fcnschen kann. Das Personal war super freundlich und trotz der luxuri\u00f6sen Umgebung niemals arrogant oder abgehoben. Wir haben die Woche sehr genossen, auch wegen der hervorragenden K\u00fcche. \u00a0 \u00a0 Beim Mietwagen lief alles problemlos. Der Citroen C3 hat uns 340 km bequem und sparsam kreuz und quer \u00fcber die Insel chauffiert. Mehr Auto als einen Kleinwagen braucht man hier zu zweit nicht. \u00a0 \u00a0 Zu den Easyjet Fl\u00fcgen k\u00f6nnte man einiges an Beschwerden anbringen. Letztendlich haben wir bequeme Sitze gehabt und wurden auf den Fl\u00fcgen gut umsorgt. Klar, war es unangenehm, den Urlaub mit einer n\u00e4chtlichen Busfahrt zu beenden. Aber unterm Strich waren wir lediglich ein paar Stunden sp\u00e4ter zu Hause, mehr nicht. Den tollen Urlaubseindruck konnte die Flugstory nicht tr\u00fcben. Zahlen Als wir uns durch die Hotelbewertungen gek\u00e4mpft haben, wollten wir m\u00f6glichst ins Fariones Hotel. \u00dcber check24 und den deutschen Reiseanbieter Schauinsland habe ich ein kurzfristiges Angebot f\u00fcr Pauschalreisen gefunden. Nonstop Fl\u00fcge und Hotel mit Halbpension gab es mit 53% Discount. Das waren in unserem Fall immer noch stolze 2350 Euro f\u00fcr zwei Personen. Die Fl\u00fcge haben zeitlich gepasst, also haben wir gebucht. Auch im Nachhinein war es jeden Euro wert. F\u00fcr das Auto wurden wir bei Sunnycars f\u00fcndig. Eine Woche Kleinwagen mit allen n\u00f6tigen Versicherungen haben 182 Euro gekostet. Der Mc Parking Service am BER Flughafen schlug mit 49 Euro zu Buche, zuz\u00fcglich 10 Euro Nachzahlung. Hat es uns gefallen? Und wie! Zu keiner Zeit haben wir unsere Entscheidung f\u00fcr Lanzarote bereut. Es sind hier viel weniger Touristen als auf den gro\u00dfen kanarischen Inseln anzutreffen. Alles ist mehrere Nummern kleiner, aber dadurch keinesfalls uninteressanter, eher im Gegenteil. Wer ein Reiseziel zum entspannen und abschalten sucht, ist hier richtig. Die Insel ist von diversen deutschen Flugh\u00e4fen nonstop erreichbar. In 4-5 Stunden ist man in einer anderen Welt, wenn man es denn m\u00f6chte. Wir m\u00f6chten immer wieder gern. \u00a0 \u00a0 In diesem Sinne bis zum n\u00e4chsten Mal. Macht\u2019s gut Leute \u00a0 Ute &amp; Andie &nbsp; \u00a0 \u00a0 \u00a0<\/p>\n","protected":false},"author":1,"featured_media":0,"parent":0,"menu_order":0,"comment_status":"closed","ping_status":"closed","template":"","meta":{"footnotes":""},"class_list":["post-22923","page","type-page","status-publish","hentry"],"_links":{"self":[{"href":"https:\/\/welcome-ontour.de\/wordpress\/index.php\/wp-json\/wp\/v2\/pages\/22923","targetHints":{"allow":["GET"]}}],"collection":[{"href":"https:\/\/welcome-ontour.de\/wordpress\/index.php\/wp-json\/wp\/v2\/pages"}],"about":[{"href":"https:\/\/welcome-ontour.de\/wordpress\/index.php\/wp-json\/wp\/v2\/types\/page"}],"author":[{"embeddable":true,"href":"https:\/\/welcome-ontour.de\/wordpress\/index.php\/wp-json\/wp\/v2\/users\/1"}],"replies":[{"embeddable":true,"href":"https:\/\/welcome-ontour.de\/wordpress\/index.php\/wp-json\/wp\/v2\/comments?post=22923"}],"version-history":[{"count":11,"href":"https:\/\/welcome-ontour.de\/wordpress\/index.php\/wp-json\/wp\/v2\/pages\/22923\/revisions"}],"predecessor-version":[{"id":22925,"href":"https:\/\/welcome-ontour.de\/wordpress\/index.php\/wp-json\/wp\/v2\/pages\/22923\/revisions\/22925"}],"wp:attachment":[{"href":"https:\/\/welcome-ontour.de\/wordpress\/index.php\/wp-json\/wp\/v2\/media?parent=22923"}],"curies":[{"name":"wp","href":"https:\/\/api.w.org\/{rel}","templated":true}]}}