{"id":19457,"date":"2023-01-04T12:46:05","date_gmt":"2023-01-04T12:46:05","guid":{"rendered":"https:\/\/welcome-ontour.de\/wordpress\/?page_id=19457"},"modified":"2023-01-08T12:18:24","modified_gmt":"2023-01-08T12:18:24","slug":"2022-05-01-k","status":"publish","type":"page","link":"https:\/\/welcome-ontour.de\/wordpress\/index.php\/2022-05-01-k\/","title":{"rendered":"2022 05 01 k"},"content":{"rendered":"<p style=\"text-align: center;\"><span style=\"font-family: arial, helvetica, sans-serif; font-size: 8pt;\"><a href=\"https:\/\/welcome-ontour.de\/wordpress\/index.php\/2022-04-28-k\">Anreise \/ Altstadt<\/a>\u00a0 \u00a0 \u00a0 <a href=\"https:\/\/welcome-ontour.de\/wordpress\/index.php\/2022-04-29-k\">Kathedrale \/ Keramikmuseum<\/a>\u00a0 \u00a0 \u00a0 <a href=\"https:\/\/welcome-ontour.de\/wordpress\/index.php\/2022-04-30-k\">Fr\u00fchlingsfest \/ Altstadt<\/a>\u00a0 \u00a0 \u00a0 <a href=\"https:\/\/welcome-ontour.de\/wordpress\/index.php\/2022-05-01-k\">Stadt der K\u00fcste und Wissenschaften \/ Oceanografic \/ Strand<\/a>\u00a0 \u00a0 \u00a0 <a href=\"https:\/\/welcome-ontour.de\/wordpress\/index.php\/2022-05-02-k\">Altstadt \/ R\u00fcckreise<\/a>\u00a0\u00a0<\/span>\u00a0\u00a0<\/p>\n<p style=\"text-align: center;\"><a href=\"https:\/\/welcome-ontour.de\/wordpress\/index.php\/2022-04-30-k\"><img decoding=\"async\" class=\"alignleft wp-image-19410\" src=\"https:\/\/welcome-ontour.de\/wordpress\/wp-content\/uploads\/2023\/01\/2022-04-28-k-01-300x46.jpg\" alt=\"\" width=\"100\" height=\"15\" srcset=\"https:\/\/welcome-ontour.de\/wordpress\/wp-content\/uploads\/2023\/01\/2022-04-28-k-01-300x46.jpg 300w, https:\/\/welcome-ontour.de\/wordpress\/wp-content\/uploads\/2023\/01\/2022-04-28-k-01.jpg 394w\" sizes=\"(max-width: 100px) 100vw, 100px\" \/><\/a> \u00a0<a href=\"https:\/\/welcome-ontour.de\/wordpress\/index.php\/2022-05-02-k\"><img decoding=\"async\" class=\"alignright wp-image-19412\" src=\"https:\/\/welcome-ontour.de\/wordpress\/wp-content\/uploads\/2023\/01\/2022-04-28-k-03-300x46.jpg\" alt=\"\" width=\"100\" height=\"15\" srcset=\"https:\/\/welcome-ontour.de\/wordpress\/wp-content\/uploads\/2023\/01\/2022-04-28-k-03-300x46.jpg 300w, https:\/\/welcome-ontour.de\/wordpress\/wp-content\/uploads\/2023\/01\/2022-04-28-k-03.jpg 394w\" sizes=\"(max-width: 100px) 100vw, 100px\" \/><\/a><\/p>\n<p style=\"text-align: center;\"><span style=\"font-family: tahoma, arial, helvetica, sans-serif;\"><img decoding=\"async\" class=\"aligncenter wp-image-19411 size-medium\" src=\"https:\/\/welcome-ontour.de\/wordpress\/wp-content\/uploads\/2023\/01\/2022-04-28-k-02-300x215.jpg\" alt=\"\" width=\"300\" height=\"215\" srcset=\"https:\/\/welcome-ontour.de\/wordpress\/wp-content\/uploads\/2023\/01\/2022-04-28-k-02-300x215.jpg 300w, https:\/\/welcome-ontour.de\/wordpress\/wp-content\/uploads\/2023\/01\/2022-04-28-k-02.jpg 612w\" sizes=\"(max-width: 300px) 100vw, 300px\" \/><\/span><\/p>\n<p>&nbsp;<\/p>\n<p style=\"text-align: center;\"><span style=\"font-family: tahoma, arial, helvetica, sans-serif;\"><strong><span style=\"font-size: 14pt;\">Tag 4<\/span><\/strong><\/span><\/p>\n<p style=\"text-align: center;\">\u00a0<\/p>\n<p style=\"text-align: center;\"><span style=\"font-family: tahoma, arial, helvetica, sans-serif; font-size: 12pt;\">Der 1. Mai: endlich geht Connys Traum in Erf\u00fcllung.<\/span><\/p>\n<p style=\"text-align: center;\"><span style=\"font-family: tahoma, arial, helvetica, sans-serif; font-size: 12pt;\">Wir besuchen das Oceanogr\u00e0fic, das gr\u00f6\u00dfte Aquarium Europas mit \u00fcber 45.000 Lebewesen <\/span><\/p>\n<p style=\"text-align: center;\"><span style=\"font-family: tahoma, arial, helvetica, sans-serif; font-size: 12pt;\">und Teil eines futuristischen Geb\u00e4udekomplexes, der Stadt der K\u00fcnste und der Wissenschaften.<\/span><\/p>\n<p style=\"text-align: center;\">\u00a0<\/p>\n<p style=\"text-align: center;\"><span style=\"font-family: tahoma, arial, helvetica, sans-serif; font-size: 12pt;\"><a href=\"https:\/\/welcome-ontour.de\/wordpress\/wp-content\/uploads\/2023\/01\/2022-05-01-k-01.jpg\" target=\"_blank\" rel=\"noopener\"><img decoding=\"async\" class=\"alignnone wp-image-19555\" src=\"https:\/\/welcome-ontour.de\/wordpress\/wp-content\/uploads\/2023\/01\/2022-05-01-k-01-300x91.jpg\" alt=\"\" width=\"810\" height=\"247\" srcset=\"https:\/\/welcome-ontour.de\/wordpress\/wp-content\/uploads\/2023\/01\/2022-05-01-k-01-300x91.jpg 300w, https:\/\/welcome-ontour.de\/wordpress\/wp-content\/uploads\/2023\/01\/2022-05-01-k-01-700x213.jpg 700w, https:\/\/welcome-ontour.de\/wordpress\/wp-content\/uploads\/2023\/01\/2022-05-01-k-01-768x234.jpg 768w, https:\/\/welcome-ontour.de\/wordpress\/wp-content\/uploads\/2023\/01\/2022-05-01-k-01-1536x468.jpg 1536w, https:\/\/welcome-ontour.de\/wordpress\/wp-content\/uploads\/2023\/01\/2022-05-01-k-01-1140x347.jpg 1140w, https:\/\/welcome-ontour.de\/wordpress\/wp-content\/uploads\/2023\/01\/2022-05-01-k-01.jpg 1600w\" sizes=\"(max-width: 810px) 100vw, 810px\" \/><\/a><\/span><\/p>\n<p style=\"text-align: center;\">\u00a0<\/p>\n<p style=\"text-align: center;\"><span style=\"font-family: tahoma, arial, helvetica, sans-serif; font-size: 12pt;\">Dieses moderne Wahrzeichen der Stadt liegt ebenfalls im stillgelegten Flussbett Turia, <\/span><\/p>\n<p style=\"text-align: center;\"><span style=\"font-family: tahoma, arial, helvetica, sans-serif; font-size: 12pt;\">durch dass wir nun mit vollen Fr\u00fchst\u00fccksb\u00e4uchen dem Ziel entgegen spazierten.<\/span><\/p>\n<p style=\"text-align: center;\">\u00a0<\/p>\n<p style=\"text-align: center;\"><span style=\"font-family: tahoma, arial, helvetica, sans-serif; font-size: 12pt;\"><img decoding=\"async\" class=\"alignnone wp-image-19556 size-large\" src=\"https:\/\/welcome-ontour.de\/wordpress\/wp-content\/uploads\/2023\/01\/2022-05-01-k-02-700x343.jpg\" alt=\"\" width=\"700\" height=\"343\" srcset=\"https:\/\/welcome-ontour.de\/wordpress\/wp-content\/uploads\/2023\/01\/2022-05-01-k-02-700x343.jpg 700w, https:\/\/welcome-ontour.de\/wordpress\/wp-content\/uploads\/2023\/01\/2022-05-01-k-02-300x147.jpg 300w, https:\/\/welcome-ontour.de\/wordpress\/wp-content\/uploads\/2023\/01\/2022-05-01-k-02-768x376.jpg 768w, https:\/\/welcome-ontour.de\/wordpress\/wp-content\/uploads\/2023\/01\/2022-05-01-k-02.jpg 810w\" sizes=\"(max-width: 700px) 100vw, 700px\" \/><\/span><\/p>\n<p style=\"text-align: center;\">\u00a0<\/p>\n<p style=\"text-align: center;\"><span style=\"font-family: tahoma, arial, helvetica, sans-serif; font-size: 12pt;\">Es war wunderbares Wetter, sch\u00f6nster Sonnenschein und SONNTAG. Familientag.<\/span><\/p>\n<p style=\"text-align: center;\">\u00a0<\/p>\n<p style=\"text-align: center;\"><span style=\"font-family: tahoma, arial, helvetica, sans-serif; font-size: 12pt;\"><img decoding=\"async\" class=\"alignnone wp-image-19557 size-full\" src=\"https:\/\/welcome-ontour.de\/wordpress\/wp-content\/uploads\/2023\/01\/2022-05-01-k-03.jpg\" alt=\"\" width=\"510\" height=\"384\" srcset=\"https:\/\/welcome-ontour.de\/wordpress\/wp-content\/uploads\/2023\/01\/2022-05-01-k-03.jpg 510w, https:\/\/welcome-ontour.de\/wordpress\/wp-content\/uploads\/2023\/01\/2022-05-01-k-03-300x226.jpg 300w\" sizes=\"(max-width: 510px) 100vw, 510px\" \/>\u00a0 <img decoding=\"async\" class=\"alignnone wp-image-19558\" src=\"https:\/\/welcome-ontour.de\/wordpress\/wp-content\/uploads\/2023\/01\/2022-05-01-k-04-226x300.jpg\" alt=\"\" width=\"289\" height=\"384\" srcset=\"https:\/\/welcome-ontour.de\/wordpress\/wp-content\/uploads\/2023\/01\/2022-05-01-k-04-226x300.jpg 226w, https:\/\/welcome-ontour.de\/wordpress\/wp-content\/uploads\/2023\/01\/2022-05-01-k-04.jpg 301w\" sizes=\"(max-width: 289px) 100vw, 289px\" \/><\/span><\/p>\n<p style=\"text-align: center;\"><span style=\"font-family: tahoma, arial, helvetica, sans-serif; font-size: 12pt;\"><img decoding=\"async\" class=\"alignnone wp-image-19559 size-full\" src=\"https:\/\/welcome-ontour.de\/wordpress\/wp-content\/uploads\/2023\/01\/2022-05-01-k-05.jpg\" alt=\"\" width=\"400\" height=\"302\" srcset=\"https:\/\/welcome-ontour.de\/wordpress\/wp-content\/uploads\/2023\/01\/2022-05-01-k-05.jpg 400w, https:\/\/welcome-ontour.de\/wordpress\/wp-content\/uploads\/2023\/01\/2022-05-01-k-05-300x227.jpg 300w\" sizes=\"(max-width: 400px) 100vw, 400px\" \/>\u00a0 <img decoding=\"async\" class=\"alignnone wp-image-19560 size-full\" src=\"https:\/\/welcome-ontour.de\/wordpress\/wp-content\/uploads\/2023\/01\/2022-05-01-k-06.jpg\" alt=\"\" width=\"400\" height=\"302\" srcset=\"https:\/\/welcome-ontour.de\/wordpress\/wp-content\/uploads\/2023\/01\/2022-05-01-k-06.jpg 400w, https:\/\/welcome-ontour.de\/wordpress\/wp-content\/uploads\/2023\/01\/2022-05-01-k-06-300x227.jpg 300w\" sizes=\"(max-width: 400px) 100vw, 400px\" \/><\/span><\/p>\n<p style=\"text-align: center;\">\u00a0<\/p>\n<p style=\"text-align: center;\"><span style=\"font-family: tahoma, arial, helvetica, sans-serif; font-size: 12pt;\">Juchhu &#8211; und alle hatten dieselbe\u00a0 Idee wie wir.<\/span><\/p>\n<p style=\"text-align: center;\">\u00a0<\/p>\n<p style=\"text-align: center;\"><span style=\"font-family: tahoma, arial, helvetica, sans-serif; font-size: 12pt;\"><img decoding=\"async\" class=\"alignnone wp-image-19561 size-full\" src=\"https:\/\/welcome-ontour.de\/wordpress\/wp-content\/uploads\/2023\/01\/2022-05-01-k-07.jpg\" alt=\"\" width=\"510\" height=\"384\" srcset=\"https:\/\/welcome-ontour.de\/wordpress\/wp-content\/uploads\/2023\/01\/2022-05-01-k-07.jpg 510w, https:\/\/welcome-ontour.de\/wordpress\/wp-content\/uploads\/2023\/01\/2022-05-01-k-07-300x226.jpg 300w\" sizes=\"(max-width: 510px) 100vw, 510px\" \/>\u00a0 <img decoding=\"async\" class=\"alignnone wp-image-19562\" src=\"https:\/\/welcome-ontour.de\/wordpress\/wp-content\/uploads\/2023\/01\/2022-05-01-k-08-227x300.jpg\" alt=\"\" width=\"290\" height=\"384\" srcset=\"https:\/\/welcome-ontour.de\/wordpress\/wp-content\/uploads\/2023\/01\/2022-05-01-k-08-227x300.jpg 227w, https:\/\/welcome-ontour.de\/wordpress\/wp-content\/uploads\/2023\/01\/2022-05-01-k-08.jpg 302w\" sizes=\"(max-width: 290px) 100vw, 290px\" \/><\/span><\/p>\n<p style=\"text-align: center;\">\u00a0<\/p>\n<p style=\"text-align: center;\"><span style=\"font-family: tahoma, arial, helvetica, sans-serif; font-size: 12pt;\">Mit uns dackelte also halb Valencia zu den Fischen, <\/span><\/p>\n<p style=\"text-align: center;\"><span style=\"font-family: tahoma, arial, helvetica, sans-serif; font-size: 12pt;\">im Unterwassertunnel gab es nur Vorw\u00e4rts, kein R\u00fcckw\u00e4rts, ausgeschlossen!<\/span><\/p>\n<p style=\"text-align: center;\">\u00a0<\/p>\n<p style=\"text-align: center;\"><span style=\"font-family: tahoma, arial, helvetica, sans-serif; font-size: 12pt;\"><img decoding=\"async\" class=\"alignnone wp-image-19563 size-full\" src=\"https:\/\/welcome-ontour.de\/wordpress\/wp-content\/uploads\/2023\/01\/2022-05-01-k-09.jpg\" alt=\"\" width=\"510\" height=\"384\" srcset=\"https:\/\/welcome-ontour.de\/wordpress\/wp-content\/uploads\/2023\/01\/2022-05-01-k-09.jpg 510w, https:\/\/welcome-ontour.de\/wordpress\/wp-content\/uploads\/2023\/01\/2022-05-01-k-09-300x226.jpg 300w\" sizes=\"(max-width: 510px) 100vw, 510px\" \/>\u00a0 <img decoding=\"async\" class=\"alignnone wp-image-19564\" src=\"https:\/\/welcome-ontour.de\/wordpress\/wp-content\/uploads\/2023\/01\/2022-05-01-k-10-226x300.jpg\" alt=\"\" width=\"289\" height=\"384\" srcset=\"https:\/\/welcome-ontour.de\/wordpress\/wp-content\/uploads\/2023\/01\/2022-05-01-k-10-226x300.jpg 226w, https:\/\/welcome-ontour.de\/wordpress\/wp-content\/uploads\/2023\/01\/2022-05-01-k-10.jpg 301w\" sizes=\"(max-width: 289px) 100vw, 289px\" \/><\/span><\/p>\n<p style=\"text-align: center;\"><span style=\"font-family: tahoma, arial, helvetica, sans-serif; font-size: 12pt;\"><img decoding=\"async\" class=\"alignnone wp-image-19565\" src=\"https:\/\/welcome-ontour.de\/wordpress\/wp-content\/uploads\/2023\/01\/2022-05-01-k-11-227x300.jpg\" alt=\"\" width=\"290\" height=\"384\" srcset=\"https:\/\/welcome-ontour.de\/wordpress\/wp-content\/uploads\/2023\/01\/2022-05-01-k-11-227x300.jpg 227w, https:\/\/welcome-ontour.de\/wordpress\/wp-content\/uploads\/2023\/01\/2022-05-01-k-11.jpg 302w\" sizes=\"(max-width: 290px) 100vw, 290px\" \/>\u00a0 <img decoding=\"async\" class=\"alignnone wp-image-19566 size-full\" src=\"https:\/\/welcome-ontour.de\/wordpress\/wp-content\/uploads\/2023\/01\/2022-05-01-k-12.jpg\" alt=\"\" width=\"510\" height=\"384\" srcset=\"https:\/\/welcome-ontour.de\/wordpress\/wp-content\/uploads\/2023\/01\/2022-05-01-k-12.jpg 510w, https:\/\/welcome-ontour.de\/wordpress\/wp-content\/uploads\/2023\/01\/2022-05-01-k-12-300x226.jpg 300w\" sizes=\"(max-width: 510px) 100vw, 510px\" \/><\/span><\/p>\n<p style=\"text-align: center;\">\u00a0<\/p>\n<p style=\"text-align: center;\"><span style=\"font-family: tahoma, arial, helvetica, sans-serif; font-size: 12pt;\">Wieder an der frischen Luft musste unbedingt der Rest der Truppe gefunden werden.<\/span><\/p>\n<p style=\"text-align: center;\"><span style=\"font-family: tahoma, arial, helvetica, sans-serif; font-size: 12pt;\">Erpel und Gnubbel waren im Technikmuseum, Ute und Conny <\/span><\/p>\n<p style=\"text-align: center;\"><span style=\"font-family: tahoma, arial, helvetica, sans-serif; font-size: 12pt;\">sind gleich am Eingang im Shop des Ozeanums verschwunden, Torsten vielleicht auch?<\/span><\/p>\n<p style=\"text-align: center;\"><span style=\"font-family: tahoma, arial, helvetica, sans-serif; font-size: 12pt;\">Huppi war sehr geduldig, Gabi und ich nicht so.<\/span><\/p>\n<p style=\"text-align: center;\"><span style=\"font-family: tahoma, arial, helvetica, sans-serif; font-size: 12pt;\">Aber gefunden haben wir uns dann doch noch.<\/span><\/p>\n<p style=\"text-align: center;\"><span style=\"font-family: tahoma, arial, helvetica, sans-serif; font-size: 12pt;\">Wie \u00fcblich bei einem erfrischenden Getr\u00e4nk.<\/span><\/p>\n<p style=\"text-align: center;\"><span style=\"font-family: tahoma, arial, helvetica, sans-serif; font-size: 12pt;\">Es sollte ja noch an den Strand gehen &#8211; Vamos a la Playa de la Malvarossa.<\/span><\/p>\n<p style=\"text-align: center;\"><span style=\"font-family: tahoma, arial, helvetica, sans-serif; font-size: 12pt;\">Per Bus ging\u2019s in 20 Minuten an den Strand, dann ab ins Meer, das erstaunlich angenehm war.<\/span><\/p>\n<p style=\"text-align: center;\"><span style=\"font-family: tahoma, arial, helvetica, sans-serif; font-size: 12pt;\">W\u00e4rmer als der Wandlitzsee, wie ich Tage sp\u00e4ter feststellen konnte.<\/span><\/p>\n<p style=\"text-align: center;\"><span style=\"font-family: tahoma, arial, helvetica, sans-serif; font-size: 12pt;\">Unsere vier Sonnenanbeter tankten ihr Vitamin D, die Erpelei wollte und konnte sich nicht braten lassen, <\/span><\/p>\n<p style=\"text-align: center;\"><span style=\"font-family: tahoma, arial, helvetica, sans-serif; font-size: 12pt;\">ansonsten h\u00e4tten wir Gabi abends als Hummer verspeisen k\u00f6nnen <\/span><\/p>\n<p style=\"text-align: center;\"><span style=\"font-family: tahoma, arial, helvetica, sans-serif; font-size: 12pt;\">und mein th\u00fcringer Bergmensch st\u00fcrzte sich entgegen seiner Natur dreimal (!) in die Fluten.<\/span><\/p>\n<p style=\"text-align: center;\">\u00a0<\/p>\n<p style=\"text-align: center;\"><span style=\"font-family: tahoma, arial, helvetica, sans-serif; font-size: 12pt;\"><img decoding=\"async\" class=\"alignnone wp-image-19567\" src=\"https:\/\/welcome-ontour.de\/wordpress\/wp-content\/uploads\/2023\/01\/2022-05-01-k-13-227x300.jpg\" alt=\"\" width=\"290\" height=\"384\" srcset=\"https:\/\/welcome-ontour.de\/wordpress\/wp-content\/uploads\/2023\/01\/2022-05-01-k-13-227x300.jpg 227w, https:\/\/welcome-ontour.de\/wordpress\/wp-content\/uploads\/2023\/01\/2022-05-01-k-13.jpg 302w\" sizes=\"(max-width: 290px) 100vw, 290px\" \/>\u00a0 <img decoding=\"async\" class=\"alignnone wp-image-19568 size-full\" title=\"Eisb\u00e4r und Braunb\u00e4r\" src=\"https:\/\/welcome-ontour.de\/wordpress\/wp-content\/uploads\/2023\/01\/2022-05-01-k-14.jpg\" alt=\"\" width=\"510\" height=\"384\" srcset=\"https:\/\/welcome-ontour.de\/wordpress\/wp-content\/uploads\/2023\/01\/2022-05-01-k-14.jpg 510w, https:\/\/welcome-ontour.de\/wordpress\/wp-content\/uploads\/2023\/01\/2022-05-01-k-14-300x226.jpg 300w\" sizes=\"(max-width: 510px) 100vw, 510px\" \/><\/span><\/p>\n<p style=\"text-align: center;\">\u00a0<\/p>\n<p style=\"text-align: center;\"><span style=\"font-family: tahoma, arial, helvetica, sans-serif; font-size: 12pt;\">Essen dann im Strandcafe, wo uns der Wind klar machte, <\/span><\/p>\n<p style=\"text-align: center;\"><span style=\"font-family: tahoma, arial, helvetica, sans-serif; font-size: 12pt;\">dass wir es doch noch nicht mit dem Sommer zu tun hatten.<\/span><\/p>\n<p style=\"text-align: center;\">\u00a0<\/p>\n<p style=\"text-align: center;\"><span style=\"font-family: tahoma, arial, helvetica, sans-serif; font-size: 12pt;\"><img decoding=\"async\" class=\"alignnone wp-image-19569\" src=\"https:\/\/welcome-ontour.de\/wordpress\/wp-content\/uploads\/2023\/01\/2022-05-01-k-15-227x300.jpg\" alt=\"\" width=\"175\" height=\"232\" srcset=\"https:\/\/welcome-ontour.de\/wordpress\/wp-content\/uploads\/2023\/01\/2022-05-01-k-15-227x300.jpg 227w, https:\/\/welcome-ontour.de\/wordpress\/wp-content\/uploads\/2023\/01\/2022-05-01-k-15.jpg 302w\" sizes=\"(max-width: 175px) 100vw, 175px\" \/>\u00a0 <img decoding=\"async\" class=\"alignnone wp-image-19570\" src=\"https:\/\/welcome-ontour.de\/wordpress\/wp-content\/uploads\/2023\/01\/2022-05-01-k-16-300x226.jpg\" alt=\"\" width=\"308\" height=\"232\" srcset=\"https:\/\/welcome-ontour.de\/wordpress\/wp-content\/uploads\/2023\/01\/2022-05-01-k-16-300x226.jpg 300w, https:\/\/welcome-ontour.de\/wordpress\/wp-content\/uploads\/2023\/01\/2022-05-01-k-16.jpg 400w\" sizes=\"(max-width: 308px) 100vw, 308px\" \/>\u00a0 <img decoding=\"async\" class=\"alignnone wp-image-19571\" src=\"https:\/\/welcome-ontour.de\/wordpress\/wp-content\/uploads\/2023\/01\/2022-05-01-k-17-300x226.jpg\" alt=\"\" width=\"308\" height=\"232\" srcset=\"https:\/\/welcome-ontour.de\/wordpress\/wp-content\/uploads\/2023\/01\/2022-05-01-k-17-300x226.jpg 300w, https:\/\/welcome-ontour.de\/wordpress\/wp-content\/uploads\/2023\/01\/2022-05-01-k-17.jpg 400w\" sizes=\"(max-width: 308px) 100vw, 308px\" \/><\/span><\/p>\n<p style=\"text-align: center;\">\u00a0<\/p>\n<p style=\"text-align: center;\"><span style=\"font-family: tahoma, arial, helvetica, sans-serif; font-size: 12pt;\">Erpelpelle vor allem bei den Damen.<\/span><\/p>\n<p style=\"text-align: center;\"><span style=\"font-family: tahoma, arial, helvetica, sans-serif; font-size: 12pt;\">Anschlie\u00dfend musste Familie Federvieh wieder eingefangen werden.<\/span><\/p>\n<p style=\"text-align: center;\"><span style=\"font-family: tahoma, arial, helvetica, sans-serif; font-size: 12pt;\">Beide hatten sich nach der kurzen Stippvisite am Strand wieder zur\u00fcck in die Stadt verzogen.<\/span><\/p>\n<p style=\"text-align: center;\"><span style=\"font-family: tahoma, arial, helvetica, sans-serif; font-size: 12pt;\">Wir trafen im Hotel aufeinander und zogen gemeinsam <\/span><\/p>\n<p style=\"text-align: center;\"><span style=\"font-family: tahoma, arial, helvetica, sans-serif; font-size: 12pt;\">zu unserem Stammlokal, den \u201e101 Dalmatinern\u201c.<\/span><\/p>\n<p style=\"text-align: center;\">\u00a0<\/p>\n<p><span style=\"font-family: georgia, palatino, serif;\"><img decoding=\"async\" class=\"alignnone size-medium wp-image-19436 aligncenter\" src=\"https:\/\/welcome-ontour.de\/wordpress\/wp-content\/uploads\/2023\/01\/2022-04-28-k-27-300x78.jpg\" alt=\"\" width=\"300\" height=\"78\" srcset=\"https:\/\/welcome-ontour.de\/wordpress\/wp-content\/uploads\/2023\/01\/2022-04-28-k-27-300x78.jpg 300w, https:\/\/welcome-ontour.de\/wordpress\/wp-content\/uploads\/2023\/01\/2022-04-28-k-27.jpg 394w\" sizes=\"(max-width: 300px) 100vw, 300px\" \/><\/span><\/p>\n<p style=\"text-align: center;\"><a href=\"https:\/\/welcome-ontour.de\/wordpress\/index.php\/2022-04-30-k\"><img decoding=\"async\" class=\"alignleft wp-image-19410\" src=\"https:\/\/welcome-ontour.de\/wordpress\/wp-content\/uploads\/2023\/01\/2022-04-28-k-01-300x46.jpg\" alt=\"\" width=\"100\" height=\"15\" srcset=\"https:\/\/welcome-ontour.de\/wordpress\/wp-content\/uploads\/2023\/01\/2022-04-28-k-01-300x46.jpg 300w, https:\/\/welcome-ontour.de\/wordpress\/wp-content\/uploads\/2023\/01\/2022-04-28-k-01.jpg 394w\" sizes=\"(max-width: 100px) 100vw, 100px\" \/><\/a> \u00a0<a href=\"https:\/\/welcome-ontour.de\/wordpress\/index.php\/2022-05-02-k\"><img decoding=\"async\" class=\"alignright wp-image-19412\" src=\"https:\/\/welcome-ontour.de\/wordpress\/wp-content\/uploads\/2023\/01\/2022-04-28-k-03-300x46.jpg\" alt=\"\" width=\"100\" height=\"15\" srcset=\"https:\/\/welcome-ontour.de\/wordpress\/wp-content\/uploads\/2023\/01\/2022-04-28-k-03-300x46.jpg 300w, https:\/\/welcome-ontour.de\/wordpress\/wp-content\/uploads\/2023\/01\/2022-04-28-k-03.jpg 394w\" sizes=\"(max-width: 100px) 100vw, 100px\" \/><\/a><\/p>\n","protected":false},"excerpt":{"rendered":"<p>Anreise \/ Altstadt\u00a0 \u00a0 \u00a0 Kathedrale \/ Keramikmuseum\u00a0 \u00a0 \u00a0 Fr\u00fchlingsfest \/ Altstadt\u00a0 \u00a0 \u00a0 Stadt der K\u00fcste und Wissenschaften \/ Oceanografic \/ Strand\u00a0 \u00a0 \u00a0 Altstadt \/ R\u00fcckreise\u00a0\u00a0\u00a0\u00a0 \u00a0 &nbsp; Tag 4 \u00a0 Der 1. Mai: endlich geht Connys Traum in Erf\u00fcllung. Wir besuchen das Oceanogr\u00e0fic, das gr\u00f6\u00dfte Aquarium Europas mit \u00fcber 45.000 Lebewesen und Teil eines futuristischen Geb\u00e4udekomplexes, der Stadt der K\u00fcnste und der Wissenschaften. \u00a0 \u00a0 Dieses moderne Wahrzeichen der Stadt liegt ebenfalls im stillgelegten Flussbett Turia, durch dass wir nun mit vollen Fr\u00fchst\u00fccksb\u00e4uchen dem Ziel entgegen spazierten. \u00a0 \u00a0 Es war wunderbares Wetter, sch\u00f6nster Sonnenschein und SONNTAG. Familientag. \u00a0 \u00a0 \u00a0 \u00a0 Juchhu &#8211; und alle hatten dieselbe\u00a0 Idee wie wir. \u00a0 \u00a0 \u00a0 Mit uns dackelte also halb Valencia zu den Fischen, im Unterwassertunnel gab es nur Vorw\u00e4rts, kein R\u00fcckw\u00e4rts, ausgeschlossen! \u00a0 \u00a0 \u00a0 \u00a0 Wieder an der frischen Luft musste unbedingt der Rest der Truppe gefunden werden. Erpel und Gnubbel waren im Technikmuseum, Ute und Conny sind gleich am Eingang im Shop des Ozeanums verschwunden, Torsten vielleicht auch? Huppi war sehr geduldig, Gabi und ich nicht so. Aber gefunden haben wir uns dann doch noch. Wie \u00fcblich bei einem erfrischenden Getr\u00e4nk. Es sollte ja noch an den Strand gehen &#8211; Vamos a la Playa de la Malvarossa. Per Bus ging\u2019s in 20 Minuten an den Strand, dann ab ins Meer, das erstaunlich angenehm war. W\u00e4rmer als der Wandlitzsee, wie ich Tage sp\u00e4ter feststellen konnte. Unsere vier Sonnenanbeter tankten ihr Vitamin D, die Erpelei wollte und konnte sich nicht braten lassen, ansonsten h\u00e4tten wir Gabi abends als Hummer verspeisen k\u00f6nnen und mein th\u00fcringer Bergmensch st\u00fcrzte sich entgegen seiner Natur dreimal (!) in die Fluten. \u00a0 \u00a0 \u00a0 Essen dann im Strandcafe, wo uns der Wind klar machte, dass wir es doch noch nicht mit dem Sommer zu tun hatten. \u00a0 \u00a0 \u00a0 \u00a0 Erpelpelle vor allem bei den Damen. Anschlie\u00dfend musste Familie Federvieh wieder eingefangen werden. Beide hatten sich nach der kurzen Stippvisite am Strand wieder zur\u00fcck in die Stadt verzogen. Wir trafen im Hotel aufeinander und zogen gemeinsam zu unserem Stammlokal, den \u201e101 Dalmatinern\u201c. \u00a0 \u00a0<\/p>\n","protected":false},"author":1,"featured_media":0,"parent":0,"menu_order":0,"comment_status":"closed","ping_status":"closed","template":"","meta":{"footnotes":""},"class_list":["post-19457","page","type-page","status-publish","hentry"],"_links":{"self":[{"href":"https:\/\/welcome-ontour.de\/wordpress\/index.php\/wp-json\/wp\/v2\/pages\/19457","targetHints":{"allow":["GET"]}}],"collection":[{"href":"https:\/\/welcome-ontour.de\/wordpress\/index.php\/wp-json\/wp\/v2\/pages"}],"about":[{"href":"https:\/\/welcome-ontour.de\/wordpress\/index.php\/wp-json\/wp\/v2\/types\/page"}],"author":[{"embeddable":true,"href":"https:\/\/welcome-ontour.de\/wordpress\/index.php\/wp-json\/wp\/v2\/users\/1"}],"replies":[{"embeddable":true,"href":"https:\/\/welcome-ontour.de\/wordpress\/index.php\/wp-json\/wp\/v2\/comments?post=19457"}],"version-history":[{"count":5,"href":"https:\/\/welcome-ontour.de\/wordpress\/index.php\/wp-json\/wp\/v2\/pages\/19457\/revisions"}],"predecessor-version":[{"id":19598,"href":"https:\/\/welcome-ontour.de\/wordpress\/index.php\/wp-json\/wp\/v2\/pages\/19457\/revisions\/19598"}],"wp:attachment":[{"href":"https:\/\/welcome-ontour.de\/wordpress\/index.php\/wp-json\/wp\/v2\/media?parent=19457"}],"curies":[{"name":"wp","href":"https:\/\/api.w.org\/{rel}","templated":true}]}}