{"id":17454,"date":"2022-04-07T08:46:25","date_gmt":"2022-04-07T08:46:25","guid":{"rendered":"https:\/\/welcome-ontour.de\/wordpress\/?page_id=17454"},"modified":"2022-06-30T23:06:16","modified_gmt":"2022-06-30T23:06:16","slug":"2022-03-13","status":"publish","type":"page","link":"https:\/\/welcome-ontour.de\/wordpress\/index.php\/2022-03-13\/","title":{"rendered":"2022 03 13"},"content":{"rendered":"<p style=\"text-align: center;\"><span style=\"font-size: 8pt; font-family: arial, helvetica, sans-serif;\"><a href=\"https:\/\/welcome-ontour.de\/wordpress\/index.php\/2022-03-05\">Prolog<\/a>\u00a0\u00a0 \u00a0 \u00a0\u00a0<a href=\"https:\/\/welcome-ontour.de\/wordpress\/index.php\/2022-03-06\">Anreise<\/a>\u00a0 \u00a0 \u00a0 \u00a0 \u00a0 <a href=\"https:\/\/welcome-ontour.de\/wordpress\/index.php\/2022-03-07\">Soller<\/a>\u00a0 \u00a0 \u00a0 <a href=\"https:\/\/welcome-ontour.de\/wordpress\/index.php\/2022-03-08\">Fornells<\/a> \u00a0 \u00a0 \u00a0 <a href=\"https:\/\/welcome-ontour.de\/wordpress\/index.php\/2022-03-09\">Relax<\/a>\u00a0 \u00a0 \u00a0 \u00a0 \u00a0<a href=\"https:\/\/welcome-ontour.de\/wordpress\/index.php\/2022-03-10\">Pollenca<\/a>\u00a0 \u00a0 \u00a0 \u00a0 \u00a0 \u00a0<a href=\"https:\/\/welcome-ontour.de\/wordpress\/index.php\/2022-03-11\">Sant Jordi<\/a>\u00a0 \u00a0 \u00a0 \u00a0 \u00a0 <a href=\"https:\/\/welcome-ontour.de\/wordpress\/index.php\/2022-03-12\">Palma<\/a>\u00a0 \u00a0 \u00a0 \u00a0 \u00a0<a href=\"https:\/\/welcome-ontour.de\/wordpress\/index.php\/2022-03-13\">R\u00fcckreise<\/a>\u00a0\u00a0 \u00a0 \u00a0 \u00a0\u00a0<a href=\"https:\/\/welcome-ontour.de\/wordpress\/index.php\/2022-03-14\">Fazit<\/a><\/span><\/p>\n<p style=\"text-align: center;\"><span style=\"font-family: arial, helvetica, sans-serif; font-size: 10pt;\"><a href=\"https:\/\/welcome-ontour.de\/wordpress\/index.php\/2022-03-12\">&lt; zur\u00fcck<\/a>\u00a0 \u00a0 \u00a0 \u00a0 \u00a0 \u00a0 \u00a0 \u00a0 \u00a0 \u00a0 \u00a0 \u00a0 \u00a0 \u00a0 \u00a0 \u00a0 \u00a0 \u00a0 \u00a0 \u00a0 \u00a0 \u00a0 \u00a0 \u00a0 \u00a0 \u00a0 \u00a0 \u00a0 \u00a0 \u00a0 \u00a0 \u00a0 \u00a0 \u00a0 \u00a0 \u00a0 \u00a0 \u00a0 \u00a0 \u00a0 \u00a0 \u00a0 \u00a0 \u00a0 \u00a0 \u00a0 \u00a0 \u00a0 \u00a0 \u00a0 \u00a0 \u00a0 \u00a0 \u00a0 \u00a0 \u00a0 \u00a0 \u00a0 \u00a0 \u00a0 \u00a0 \u00a0 \u00a0 \u00a0 \u00a0 \u00a0 \u00a0 \u00a0 \u00a0 \u00a0 \u00a0 \u00a0 \u00a0 \u00a0 \u00a0 \u00a0 \u00a0 \u00a0 \u00a0 \u00a0 \u00a0 \u00a0 \u00a0 \u00a0 \u00a0 \u00a0 \u00a0 \u00a0 \u00a0 \u00a0 \u00a0 \u00a0 \u00a0 \u00a0 \u00a0 <a href=\"https:\/\/welcome-ontour.de\/wordpress\/index.php\/2022-03-14\">weiter &gt;<\/a><\/span><\/p>\n<p style=\"text-align: center;\"><strong><span style=\"font-family: arial, helvetica, sans-serif; font-size: 14pt;\">So 13.3.<\/span><\/strong><\/p>\n<p style=\"text-align: center;\"><strong><span style=\"font-family: arial, helvetica, sans-serif; font-size: 14pt;\">R\u00fcckreise<\/span><\/strong><\/p>\n<p>&nbsp;<\/p>\n<p style=\"text-align: center;\"><span style=\"font-family: arial, helvetica, sans-serif; font-size: 12pt;\">Als wir aufstehen, ist es drau\u00dfen noch dunkel<\/span><\/p>\n<p>&nbsp;<\/p>\n<p style=\"text-align: center;\"><span style=\"font-family: arial, helvetica, sans-serif; font-size: 12pt;\"><img decoding=\"async\" class=\"alignnone wp-image-17665 size-full\" src=\"https:\/\/welcome-ontour.de\/wordpress\/wp-content\/uploads\/2022\/04\/2022-03-13-01.jpg\" alt=\"\" width=\"810\" height=\"373\" srcset=\"https:\/\/welcome-ontour.de\/wordpress\/wp-content\/uploads\/2022\/04\/2022-03-13-01.jpg 810w, https:\/\/welcome-ontour.de\/wordpress\/wp-content\/uploads\/2022\/04\/2022-03-13-01-300x138.jpg 300w, https:\/\/welcome-ontour.de\/wordpress\/wp-content\/uploads\/2022\/04\/2022-03-13-01-700x322.jpg 700w, https:\/\/welcome-ontour.de\/wordpress\/wp-content\/uploads\/2022\/04\/2022-03-13-01-768x354.jpg 768w\" sizes=\"(max-width: 810px) 100vw, 810px\" \/><\/span><\/p>\n<p>&nbsp;<\/p>\n<p style=\"text-align: center;\"><span style=\"font-family: arial, helvetica, sans-serif; font-size: 12pt;\">Halb sieben sitzen wir beim abgespeckten Fr\u00fchst\u00fcck.<\/span><\/p>\n<p style=\"text-align: center;\"><span style=\"font-family: arial, helvetica, sans-serif; font-size: 12pt;\">Anschlie\u00dfend Check Out, Koffer in den Ford und in entspannten 30 min zum Flughafen.<\/span><\/p>\n<p style=\"text-align: center;\"><span style=\"font-family: arial, helvetica, sans-serif; font-size: 12pt;\">Der Weg zur Autor\u00fcckgabe ist sehr gut ausgeschildert.<\/span><\/p>\n<p style=\"text-align: center;\"><span style=\"font-family: arial, helvetica, sans-serif; font-size: 12pt;\">Bei Budget den Mietwagen auf einen der freien Return Parkpl\u00e4tze gestellt, Autoschl\u00fcssel in eine Keybox, das war\u2019s.<\/span><\/p>\n<p>&nbsp;<\/p>\n<p style=\"text-align: center;\"><span style=\"font-family: arial, helvetica, sans-serif; font-size: 12pt;\"><img decoding=\"async\" class=\"alignnone wp-image-17666 size-full\" src=\"https:\/\/welcome-ontour.de\/wordpress\/wp-content\/uploads\/2022\/04\/2022-03-13-02.jpg\" alt=\"\" width=\"400\" height=\"302\" srcset=\"https:\/\/welcome-ontour.de\/wordpress\/wp-content\/uploads\/2022\/04\/2022-03-13-02.jpg 400w, https:\/\/welcome-ontour.de\/wordpress\/wp-content\/uploads\/2022\/04\/2022-03-13-02-300x227.jpg 300w\" sizes=\"(max-width: 400px) 100vw, 400px\" \/>\u00a0 <img decoding=\"async\" class=\"alignnone wp-image-17667 size-full\" src=\"https:\/\/welcome-ontour.de\/wordpress\/wp-content\/uploads\/2022\/04\/2022-03-13-03.jpg\" alt=\"\" width=\"400\" height=\"302\" srcset=\"https:\/\/welcome-ontour.de\/wordpress\/wp-content\/uploads\/2022\/04\/2022-03-13-03.jpg 400w, https:\/\/welcome-ontour.de\/wordpress\/wp-content\/uploads\/2022\/04\/2022-03-13-03-300x227.jpg 300w\" sizes=\"(max-width: 400px) 100vw, 400px\" \/><\/span><\/p>\n<p>&nbsp;<\/p>\n<p style=\"text-align: center;\"><span style=\"font-family: arial, helvetica, sans-serif; font-size: 12pt;\">Etwa 10 min sp\u00e4ter ist die R\u00fcckgabebest\u00e4tigung im Email-Eingang.<\/span><\/p>\n<p style=\"text-align: center;\"><span style=\"font-family: arial, helvetica, sans-serif; font-size: 12pt;\">Auf dem angenehm leeren Airport gehen wir gleich durch die Sicherheitskontrollen.<\/span><\/p>\n<p style=\"text-align: center;\"><span style=\"font-family: arial, helvetica, sans-serif; font-size: 12pt;\">Unser Abflug geht vom Terminal C, der Weg dorthin ist weit.<\/span><\/p>\n<p>&nbsp;<\/p>\n<p style=\"text-align: center;\"><span style=\"font-family: arial, helvetica, sans-serif; font-size: 12pt;\"><img decoding=\"async\" class=\"alignnone wp-image-17669 size-full\" src=\"https:\/\/welcome-ontour.de\/wordpress\/wp-content\/uploads\/2022\/04\/2022-03-13-04.jpg\" alt=\"\" width=\"400\" height=\"279\" srcset=\"https:\/\/welcome-ontour.de\/wordpress\/wp-content\/uploads\/2022\/04\/2022-03-13-04.jpg 400w, https:\/\/welcome-ontour.de\/wordpress\/wp-content\/uploads\/2022\/04\/2022-03-13-04-300x209.jpg 300w\" sizes=\"(max-width: 400px) 100vw, 400px\" \/>\u00a0 <img decoding=\"async\" class=\"alignnone wp-image-17670 size-full\" src=\"https:\/\/welcome-ontour.de\/wordpress\/wp-content\/uploads\/2022\/04\/2022-03-13-05.jpg\" alt=\"\" width=\"400\" height=\"279\" srcset=\"https:\/\/welcome-ontour.de\/wordpress\/wp-content\/uploads\/2022\/04\/2022-03-13-05.jpg 400w, https:\/\/welcome-ontour.de\/wordpress\/wp-content\/uploads\/2022\/04\/2022-03-13-05-300x209.jpg 300w\" sizes=\"(max-width: 400px) 100vw, 400px\" \/><\/span><\/p>\n<p>&nbsp;<\/p>\n<p style=\"text-align: center;\"><span style=\"font-family: arial, helvetica, sans-serif; font-size: 12pt;\">Da wir Zeit haben, dr\u00e4ngt uns niemand.<\/span><\/p>\n<p style=\"text-align: center;\"><span style=\"font-family: arial, helvetica, sans-serif; font-size: 12pt;\">Hektisch wird es erst, als 20 min vor Abflug das Boarding Gate ge\u00e4ndert wird.<\/span><\/p>\n<p style=\"text-align: center;\"><span style=\"font-family: arial, helvetica, sans-serif; font-size: 12pt;\">Und richtige Unruhe kommt bei der n\u00e4chsten Ank\u00fcndigung in die Wartemenge.<\/span><\/p>\n<p style=\"text-align: center;\"><span style=\"font-family: arial, helvetica, sans-serif; font-size: 12pt;\">Der Flug nach Berlin ist \u00fcberbucht, 4 Tickets zuviel sind verkauft worden.<\/span><\/p>\n<p style=\"text-align: center;\"><span style=\"font-family: arial, helvetica, sans-serif; font-size: 12pt;\">Es werden Reisende gesucht, die sich freiwillig auf die n\u00e4chstm\u00f6gliche Flugverbindung nach Berlin umbuchen lassen.<\/span><\/p>\n<p style=\"text-align: center;\"><span style=\"font-family: arial, helvetica, sans-serif; font-size: 12pt;\">Als Anreiz gibt es 250 Euro pro Person und bei Bedarf die Kosten einer Hotel\u00fcbernachtung.<\/span><\/p>\n<p style=\"text-align: center;\"><span style=\"font-family: arial, helvetica, sans-serif; font-size: 12pt;\">Wir m\u00fcssen Morgen arbeiten und brauchen deswegen nicht dar\u00fcber nachdenken.<\/span><\/p>\n<p style=\"text-align: center;\"><span style=\"font-family: arial, helvetica, sans-serif; font-size: 12pt;\">Als sich ausreichend Freiwillige gefunden haben, beginnt das Boarding.<\/span><\/p>\n<p>&nbsp;<\/p>\n<p style=\"text-align: center;\"><span style=\"font-family: arial, helvetica, sans-serif; font-size: 12pt;\"><img decoding=\"async\" class=\"alignnone wp-image-17671 size-full\" src=\"https:\/\/welcome-ontour.de\/wordpress\/wp-content\/uploads\/2022\/04\/2022-03-13-06.jpg\" alt=\"\" width=\"400\" height=\"236\" srcset=\"https:\/\/welcome-ontour.de\/wordpress\/wp-content\/uploads\/2022\/04\/2022-03-13-06.jpg 400w, https:\/\/welcome-ontour.de\/wordpress\/wp-content\/uploads\/2022\/04\/2022-03-13-06-300x177.jpg 300w\" sizes=\"(max-width: 400px) 100vw, 400px\" \/>\u00a0 <img decoding=\"async\" class=\"alignnone wp-image-17672 size-full\" src=\"https:\/\/welcome-ontour.de\/wordpress\/wp-content\/uploads\/2022\/04\/2022-03-13-07.jpg\" alt=\"\" width=\"400\" height=\"236\" srcset=\"https:\/\/welcome-ontour.de\/wordpress\/wp-content\/uploads\/2022\/04\/2022-03-13-07.jpg 400w, https:\/\/welcome-ontour.de\/wordpress\/wp-content\/uploads\/2022\/04\/2022-03-13-07-300x177.jpg 300w\" sizes=\"(max-width: 400px) 100vw, 400px\" \/><\/span><\/p>\n<p>&nbsp;<\/p>\n<p style=\"text-align: center;\"><span style=\"font-family: arial, helvetica, sans-serif; font-size: 12pt;\">Dank Notausgangspl\u00e4tzen d\u00fcrfen wir wieder als erste in den Airbus A320.<\/span><\/p>\n<p style=\"text-align: center;\"><span style=\"font-family: arial, helvetica, sans-serif; font-size: 12pt;\">Dieser ist dann logischerweise bis auf den letzten Platz gef\u00fcllt.<\/span><\/p>\n<p style=\"text-align: center;\"><span style=\"font-family: arial, helvetica, sans-serif; font-size: 12pt;\">Mit 45 min Versp\u00e4tung heben wir mittags halb zw\u00f6lf ab.<\/span><\/p>\n<p>&nbsp;<\/p>\n<p style=\"text-align: center;\"><span style=\"font-family: arial, helvetica, sans-serif; font-size: 12pt;\"><img decoding=\"async\" class=\"alignnone wp-image-17673 size-full\" src=\"https:\/\/welcome-ontour.de\/wordpress\/wp-content\/uploads\/2022\/04\/2022-03-13-08.jpg\" alt=\"\" width=\"510\" height=\"384\" srcset=\"https:\/\/welcome-ontour.de\/wordpress\/wp-content\/uploads\/2022\/04\/2022-03-13-08.jpg 510w, https:\/\/welcome-ontour.de\/wordpress\/wp-content\/uploads\/2022\/04\/2022-03-13-08-300x226.jpg 300w\" sizes=\"(max-width: 510px) 100vw, 510px\" \/>\u00a0 <img decoding=\"async\" class=\"alignnone wp-image-17674\" src=\"https:\/\/welcome-ontour.de\/wordpress\/wp-content\/uploads\/2022\/04\/2022-03-13-09-227x300.jpg\" alt=\"\" width=\"290\" height=\"384\" srcset=\"https:\/\/welcome-ontour.de\/wordpress\/wp-content\/uploads\/2022\/04\/2022-03-13-09-227x300.jpg 227w, https:\/\/welcome-ontour.de\/wordpress\/wp-content\/uploads\/2022\/04\/2022-03-13-09.jpg 302w\" sizes=\"(max-width: 290px) 100vw, 290px\" \/><\/span><\/p>\n<p>&nbsp;<\/p>\n<p style=\"text-align: center;\"><span style=\"font-family: arial, helvetica, sans-serif; font-size: 12pt;\">Unsere Sitze 12 D und F haben wieder angenehme Beinfreiheit.<\/span><\/p>\n<p style=\"text-align: center;\"><span style=\"font-family: arial, helvetica, sans-serif; font-size: 12pt;\">Als Flugzeit werden 2 Stunden und 20 Minuten vorhergesagt.<\/span><\/p>\n<p>&nbsp;<\/p>\n<p style=\"text-align: center;\"><span style=\"font-family: arial, helvetica, sans-serif; font-size: 12pt;\"><img decoding=\"async\" class=\"alignnone wp-image-17675 size-full\" src=\"https:\/\/welcome-ontour.de\/wordpress\/wp-content\/uploads\/2022\/04\/2022-03-13-10.jpg\" alt=\"\" width=\"510\" height=\"384\" srcset=\"https:\/\/welcome-ontour.de\/wordpress\/wp-content\/uploads\/2022\/04\/2022-03-13-10.jpg 510w, https:\/\/welcome-ontour.de\/wordpress\/wp-content\/uploads\/2022\/04\/2022-03-13-10-300x226.jpg 300w\" sizes=\"(max-width: 510px) 100vw, 510px\" \/>\u00a0 <img decoding=\"async\" class=\"alignnone wp-image-17676\" src=\"https:\/\/welcome-ontour.de\/wordpress\/wp-content\/uploads\/2022\/04\/2022-03-13-11-226x300.jpg\" alt=\"\" width=\"289\" height=\"384\" srcset=\"https:\/\/welcome-ontour.de\/wordpress\/wp-content\/uploads\/2022\/04\/2022-03-13-11-226x300.jpg 226w, https:\/\/welcome-ontour.de\/wordpress\/wp-content\/uploads\/2022\/04\/2022-03-13-11.jpg 384w\" sizes=\"(max-width: 289px) 100vw, 289px\" \/><\/span><\/p>\n<p>&nbsp;<\/p>\n<p style=\"text-align: center;\"><span style=\"font-family: arial, helvetica, sans-serif; font-size: 12pt;\">Auf einer erstaunlich weit im Osten liegenden Route fliegen wir \u00fcber Mailand, M\u00fcnchen und Dresden.<\/span><\/p>\n<p style=\"text-align: center;\"><span style=\"font-family: arial, helvetica, sans-serif; font-size: 12pt;\">Die Alpengipfel sind noch mit einer dicken Schneedecke \u00fcberzogen.<\/span><\/p>\n<p>&nbsp;<\/p>\n<p style=\"text-align: center;\"><span style=\"font-family: arial, helvetica, sans-serif; font-size: 12pt;\"><img decoding=\"async\" class=\"alignnone wp-image-17677 size-full\" src=\"https:\/\/welcome-ontour.de\/wordpress\/wp-content\/uploads\/2022\/04\/2022-03-13-12.jpg\" alt=\"\" width=\"810\" height=\"340\" srcset=\"https:\/\/welcome-ontour.de\/wordpress\/wp-content\/uploads\/2022\/04\/2022-03-13-12.jpg 810w, https:\/\/welcome-ontour.de\/wordpress\/wp-content\/uploads\/2022\/04\/2022-03-13-12-300x126.jpg 300w, https:\/\/welcome-ontour.de\/wordpress\/wp-content\/uploads\/2022\/04\/2022-03-13-12-700x294.jpg 700w, https:\/\/welcome-ontour.de\/wordpress\/wp-content\/uploads\/2022\/04\/2022-03-13-12-768x322.jpg 768w\" sizes=\"(max-width: 810px) 100vw, 810px\" \/><\/span><\/p>\n<p>&nbsp;<\/p>\n<p style=\"text-align: center;\"><span style=\"font-family: arial, helvetica, sans-serif; font-size: 12pt;\">13:40 setzen wir am sonnigen BER Airport auf.<\/span><\/p>\n<p style=\"text-align: center;\"><span style=\"font-family: arial, helvetica, sans-serif; font-size: 12pt;\">In unserem ach so tollen Flughafen heisst es jetzt, die Beine in die H\u00e4nde zu nehmen.<\/span><\/p>\n<p style=\"text-align: center;\"><span style=\"font-family: arial, helvetica, sans-serif; font-size: 12pt;\">Die Wege zum Ausgang sind ewig lang.<\/span><\/p>\n<p style=\"text-align: center;\"><span style=\"font-family: arial, helvetica, sans-serif; font-size: 12pt;\">Vorhandene Laufb\u00e4nder sind au\u00dfer Betrieb.<\/span><\/p>\n<p style=\"text-align: center;\"><span style=\"font-family: arial, helvetica, sans-serif; font-size: 12pt;\">Auf einigen der zahlreichen Treppen muss man die Rollkoffer tragen.<\/span><\/p>\n<p style=\"text-align: center;\"><span style=\"font-family: arial, helvetica, sans-serif; font-size: 12pt;\">Lift oder Elevator? Fehlanzeige.<\/span><\/p>\n<p style=\"text-align: center;\"><span style=\"font-family: arial, helvetica, sans-serif; font-size: 12pt;\">Berlin empf\u00e4ngt uns mit angenehmen, aber frischen 13\u00b0.<\/span><\/p>\n<p>&nbsp;<\/p>\n<p style=\"text-align: center;\"><span style=\"font-family: arial, helvetica, sans-serif; font-size: 12pt;\"><img decoding=\"async\" class=\"alignnone wp-image-17678\" src=\"https:\/\/welcome-ontour.de\/wordpress\/wp-content\/uploads\/2022\/04\/2022-03-13-13-300x227.jpg\" alt=\"\" width=\"307\" height=\"232\" srcset=\"https:\/\/welcome-ontour.de\/wordpress\/wp-content\/uploads\/2022\/04\/2022-03-13-13-300x227.jpg 300w, https:\/\/welcome-ontour.de\/wordpress\/wp-content\/uploads\/2022\/04\/2022-03-13-13.jpg 400w\" sizes=\"(max-width: 307px) 100vw, 307px\" \/>\u00a0 <img decoding=\"async\" class=\"alignnone wp-image-17679\" src=\"https:\/\/welcome-ontour.de\/wordpress\/wp-content\/uploads\/2022\/04\/2022-03-13-14-300x227.jpg\" alt=\"\" width=\"307\" height=\"232\" srcset=\"https:\/\/welcome-ontour.de\/wordpress\/wp-content\/uploads\/2022\/04\/2022-03-13-14-300x227.jpg 300w, https:\/\/welcome-ontour.de\/wordpress\/wp-content\/uploads\/2022\/04\/2022-03-13-14.jpg 400w\" sizes=\"(max-width: 307px) 100vw, 307px\" \/>\u00a0 <img decoding=\"async\" class=\"alignnone wp-image-17680\" src=\"https:\/\/welcome-ontour.de\/wordpress\/wp-content\/uploads\/2022\/04\/2022-03-13-15-227x300.jpg\" alt=\"\" width=\"175\" height=\"232\" srcset=\"https:\/\/welcome-ontour.de\/wordpress\/wp-content\/uploads\/2022\/04\/2022-03-13-15-227x300.jpg 227w, https:\/\/welcome-ontour.de\/wordpress\/wp-content\/uploads\/2022\/04\/2022-03-13-15.jpg 302w\" sizes=\"(max-width: 175px) 100vw, 175px\" \/><\/span><\/p>\n<p>&nbsp;<\/p>\n<p style=\"text-align: center;\"><span style=\"font-family: arial, helvetica, sans-serif; font-size: 12pt;\">Nach kurzer Wartezeit hat uns der Mc Parking Shuttlebus am Parkhaus abgesetzt.<\/span><\/p>\n<p>&nbsp;<\/p>\n<p style=\"text-align: center;\"><span style=\"font-family: arial, helvetica, sans-serif; font-size: 12pt;\"><img decoding=\"async\" class=\"alignnone wp-image-17681 size-full\" src=\"https:\/\/welcome-ontour.de\/wordpress\/wp-content\/uploads\/2022\/04\/2022-03-13-16.jpg\" alt=\"\" width=\"810\" height=\"431\" srcset=\"https:\/\/welcome-ontour.de\/wordpress\/wp-content\/uploads\/2022\/04\/2022-03-13-16.jpg 810w, https:\/\/welcome-ontour.de\/wordpress\/wp-content\/uploads\/2022\/04\/2022-03-13-16-300x160.jpg 300w, https:\/\/welcome-ontour.de\/wordpress\/wp-content\/uploads\/2022\/04\/2022-03-13-16-700x372.jpg 700w, https:\/\/welcome-ontour.de\/wordpress\/wp-content\/uploads\/2022\/04\/2022-03-13-16-768x409.jpg 768w\" sizes=\"(max-width: 810px) 100vw, 810px\" \/><\/span><\/p>\n<p>&nbsp;<\/p>\n<p style=\"text-align: center;\"><span style=\"font-family: arial, helvetica, sans-serif; font-size: 12pt;\">Gem\u00fctliche 50 min dauert die Fahrt nach Hause, wo wir 15:30 ankommen.<\/span><\/p>\n<p style=\"text-align: center;\"><span style=\"font-family: arial, helvetica, sans-serif; font-size: 12pt;\">Gut erholt.<\/span><\/p>\n<p>&nbsp;<\/p>\n<p style=\"text-align: center;\"><span style=\"font-family: arial, helvetica, sans-serif; font-size: 12pt;\">Gefahrene Kilometer (Mallorca): 35<\/span><\/p>\n<p>&nbsp;<\/p>\n<p style=\"text-align: center;\"><img decoding=\"async\" class=\"alignnone wp-image-17096\" src=\"https:\/\/welcome-ontour.de\/wordpress\/wp-content\/uploads\/2022\/01\/2022-03-05-03.jpg\" alt=\"\" width=\"200\" height=\"199\" srcset=\"https:\/\/welcome-ontour.de\/wordpress\/wp-content\/uploads\/2022\/01\/2022-03-05-03.jpg 300w, https:\/\/welcome-ontour.de\/wordpress\/wp-content\/uploads\/2022\/01\/2022-03-05-03-150x150.jpg 150w\" sizes=\"(max-width: 200px) 100vw, 200px\" \/><\/p>\n<p style=\"text-align: center;\"><span style=\"font-family: arial, helvetica, sans-serif; font-size: 10pt;\"><a href=\"https:\/\/welcome-ontour.de\/wordpress\/index.php\/2022-03-12\">&lt; zur\u00fcck<\/a>\u00a0 \u00a0 \u00a0 \u00a0 \u00a0 \u00a0 \u00a0 \u00a0 \u00a0 \u00a0 \u00a0 \u00a0 \u00a0 \u00a0 \u00a0 \u00a0 \u00a0 \u00a0 \u00a0 \u00a0 \u00a0 \u00a0 \u00a0 \u00a0 \u00a0 \u00a0 \u00a0 \u00a0 \u00a0 \u00a0 \u00a0 \u00a0 \u00a0 \u00a0 \u00a0 \u00a0 \u00a0 \u00a0 \u00a0 \u00a0 \u00a0 \u00a0 \u00a0 \u00a0 \u00a0 \u00a0 \u00a0 \u00a0 \u00a0 \u00a0 \u00a0 \u00a0 \u00a0 \u00a0 \u00a0 \u00a0 \u00a0 \u00a0 \u00a0 \u00a0 \u00a0 \u00a0 \u00a0 \u00a0 \u00a0 \u00a0 \u00a0 \u00a0 \u00a0 \u00a0 \u00a0 \u00a0 \u00a0 \u00a0 \u00a0 \u00a0 \u00a0 \u00a0 \u00a0 \u00a0 \u00a0 \u00a0 \u00a0 \u00a0 \u00a0 \u00a0 \u00a0 \u00a0 \u00a0 \u00a0 \u00a0 \u00a0 \u00a0 \u00a0 \u00a0 <a href=\"https:\/\/welcome-ontour.de\/wordpress\/index.php\/2022-03-14\">weiter &gt;<\/a><\/span><\/p>\n","protected":false},"excerpt":{"rendered":"<p>Prolog\u00a0\u00a0 \u00a0 \u00a0\u00a0Anreise\u00a0 \u00a0 \u00a0 \u00a0 \u00a0 Soller\u00a0 \u00a0 \u00a0 Fornells \u00a0 \u00a0 \u00a0 Relax\u00a0 \u00a0 \u00a0 \u00a0 \u00a0Pollenca\u00a0 \u00a0 \u00a0 \u00a0 \u00a0 \u00a0Sant Jordi\u00a0 \u00a0 \u00a0 \u00a0 \u00a0 Palma\u00a0 \u00a0 \u00a0 \u00a0 \u00a0R\u00fcckreise\u00a0\u00a0 \u00a0 \u00a0 \u00a0\u00a0Fazit &lt; zur\u00fcck\u00a0 \u00a0 \u00a0 \u00a0 \u00a0 \u00a0 \u00a0 \u00a0 \u00a0 \u00a0 \u00a0 \u00a0 \u00a0 \u00a0 \u00a0 \u00a0 \u00a0 \u00a0 \u00a0 \u00a0 \u00a0 \u00a0 \u00a0 \u00a0 \u00a0 \u00a0 \u00a0 \u00a0 \u00a0 \u00a0 \u00a0 \u00a0 \u00a0 \u00a0 \u00a0 \u00a0 \u00a0 \u00a0 \u00a0 \u00a0 \u00a0 \u00a0 \u00a0 \u00a0 \u00a0 \u00a0 \u00a0 \u00a0 \u00a0 \u00a0 \u00a0 \u00a0 \u00a0 \u00a0 \u00a0 \u00a0 \u00a0 \u00a0 \u00a0 \u00a0 \u00a0 \u00a0 \u00a0 \u00a0 \u00a0 \u00a0 \u00a0 \u00a0 \u00a0 \u00a0 \u00a0 \u00a0 \u00a0 \u00a0 \u00a0 \u00a0 \u00a0 \u00a0 \u00a0 \u00a0 \u00a0 \u00a0 \u00a0 \u00a0 \u00a0 \u00a0 \u00a0 \u00a0 \u00a0 \u00a0 \u00a0 \u00a0 \u00a0 \u00a0 \u00a0 weiter &gt; So 13.3. R\u00fcckreise &nbsp; Als wir aufstehen, ist es drau\u00dfen noch dunkel &nbsp; &nbsp; Halb sieben sitzen wir beim abgespeckten Fr\u00fchst\u00fcck. Anschlie\u00dfend Check Out, Koffer in den Ford und in entspannten 30 min zum Flughafen. Der Weg zur Autor\u00fcckgabe ist sehr gut ausgeschildert. Bei Budget den Mietwagen auf einen der freien Return Parkpl\u00e4tze gestellt, Autoschl\u00fcssel in eine Keybox, das war\u2019s. &nbsp; \u00a0 &nbsp; Etwa 10 min sp\u00e4ter ist die R\u00fcckgabebest\u00e4tigung im Email-Eingang. Auf dem angenehm leeren Airport gehen wir gleich durch die Sicherheitskontrollen. Unser Abflug geht vom Terminal C, der Weg dorthin ist weit. &nbsp; \u00a0 &nbsp; Da wir Zeit haben, dr\u00e4ngt uns niemand. Hektisch wird es erst, als 20 min vor Abflug das Boarding Gate ge\u00e4ndert wird. Und richtige Unruhe kommt bei der n\u00e4chsten Ank\u00fcndigung in die Wartemenge. Der Flug nach Berlin ist \u00fcberbucht, 4 Tickets zuviel sind verkauft worden. Es werden Reisende gesucht, die sich freiwillig auf die n\u00e4chstm\u00f6gliche Flugverbindung nach Berlin umbuchen lassen. Als Anreiz gibt es 250 Euro pro Person und bei Bedarf die Kosten einer Hotel\u00fcbernachtung. Wir m\u00fcssen Morgen arbeiten und brauchen deswegen nicht dar\u00fcber nachdenken. Als sich ausreichend Freiwillige gefunden haben, beginnt das Boarding. &nbsp; \u00a0 &nbsp; Dank Notausgangspl\u00e4tzen d\u00fcrfen wir wieder als erste in den Airbus A320. Dieser ist dann logischerweise bis auf den letzten Platz gef\u00fcllt. Mit 45 min Versp\u00e4tung heben wir mittags halb zw\u00f6lf ab. &nbsp; \u00a0 &nbsp; Unsere Sitze 12 D und F haben wieder angenehme Beinfreiheit. Als Flugzeit werden 2 Stunden und 20 Minuten vorhergesagt. &nbsp; \u00a0 &nbsp; Auf einer erstaunlich weit im Osten liegenden Route fliegen wir \u00fcber Mailand, M\u00fcnchen und Dresden. Die Alpengipfel sind noch mit einer dicken Schneedecke \u00fcberzogen. &nbsp; &nbsp; 13:40 setzen wir am sonnigen BER Airport auf. In unserem ach so tollen Flughafen heisst es jetzt, die Beine in die H\u00e4nde zu nehmen. Die Wege zum Ausgang sind ewig lang. Vorhandene Laufb\u00e4nder sind au\u00dfer Betrieb. Auf einigen der zahlreichen Treppen muss man die Rollkoffer tragen. Lift oder Elevator? Fehlanzeige. Berlin empf\u00e4ngt uns mit angenehmen, aber frischen 13\u00b0. &nbsp; \u00a0 \u00a0 &nbsp; Nach kurzer Wartezeit hat uns der Mc Parking Shuttlebus am Parkhaus abgesetzt. &nbsp; &nbsp; Gem\u00fctliche 50 min dauert die Fahrt nach Hause, wo wir 15:30 ankommen. Gut erholt. &nbsp; Gefahrene Kilometer (Mallorca): 35 &nbsp; &lt; zur\u00fcck\u00a0 \u00a0 \u00a0 \u00a0 \u00a0 \u00a0 \u00a0 \u00a0 \u00a0 \u00a0 \u00a0 \u00a0 \u00a0 \u00a0 \u00a0 \u00a0 \u00a0 \u00a0 \u00a0 \u00a0 \u00a0 \u00a0 \u00a0 \u00a0 \u00a0 \u00a0 \u00a0 \u00a0 \u00a0 \u00a0 \u00a0 \u00a0 \u00a0 \u00a0 \u00a0 \u00a0 \u00a0 \u00a0 \u00a0 \u00a0 \u00a0 \u00a0 \u00a0 \u00a0 \u00a0 \u00a0 \u00a0 \u00a0 \u00a0 \u00a0 \u00a0 \u00a0 \u00a0 \u00a0 \u00a0 \u00a0 \u00a0 \u00a0 \u00a0 \u00a0 \u00a0 \u00a0 \u00a0 \u00a0 \u00a0 \u00a0 \u00a0 \u00a0 \u00a0 \u00a0 \u00a0 \u00a0 \u00a0 \u00a0 \u00a0 \u00a0 \u00a0 \u00a0 \u00a0 \u00a0 \u00a0 \u00a0 \u00a0 \u00a0 \u00a0 \u00a0 \u00a0 \u00a0 \u00a0 \u00a0 \u00a0 \u00a0 \u00a0 \u00a0 \u00a0 weiter &gt;<\/p>\n","protected":false},"author":1,"featured_media":0,"parent":0,"menu_order":0,"comment_status":"closed","ping_status":"closed","template":"","meta":{"footnotes":""},"class_list":["post-17454","page","type-page","status-publish","hentry"],"_links":{"self":[{"href":"https:\/\/welcome-ontour.de\/wordpress\/index.php\/wp-json\/wp\/v2\/pages\/17454","targetHints":{"allow":["GET"]}}],"collection":[{"href":"https:\/\/welcome-ontour.de\/wordpress\/index.php\/wp-json\/wp\/v2\/pages"}],"about":[{"href":"https:\/\/welcome-ontour.de\/wordpress\/index.php\/wp-json\/wp\/v2\/types\/page"}],"author":[{"embeddable":true,"href":"https:\/\/welcome-ontour.de\/wordpress\/index.php\/wp-json\/wp\/v2\/users\/1"}],"replies":[{"embeddable":true,"href":"https:\/\/welcome-ontour.de\/wordpress\/index.php\/wp-json\/wp\/v2\/comments?post=17454"}],"version-history":[{"count":5,"href":"https:\/\/welcome-ontour.de\/wordpress\/index.php\/wp-json\/wp\/v2\/pages\/17454\/revisions"}],"predecessor-version":[{"id":17700,"href":"https:\/\/welcome-ontour.de\/wordpress\/index.php\/wp-json\/wp\/v2\/pages\/17454\/revisions\/17700"}],"wp:attachment":[{"href":"https:\/\/welcome-ontour.de\/wordpress\/index.php\/wp-json\/wp\/v2\/media?parent=17454"}],"curies":[{"name":"wp","href":"https:\/\/api.w.org\/{rel}","templated":true}]}}