{"id":1716,"date":"2012-12-15T07:20:55","date_gmt":"2012-12-15T07:20:55","guid":{"rendered":"https:\/\/welcome-ontour.de\/wordpress\/index.php\/2010-03-31\/"},"modified":"2022-06-30T23:06:38","modified_gmt":"2022-06-30T23:06:38","slug":"2010-03-31","status":"publish","type":"page","link":"https:\/\/welcome-ontour.de\/wordpress\/index.php\/2010-03-31\/","title":{"rendered":"2010 03 31"},"content":{"rendered":"<p style=\"text-align: center;\"><span style=\"font-family: arial, helvetica, sans-serif; font-size: x-small;\"><a href=\"https:\/\/welcome-ontour.de\/wordpress\/index.php\/2010-03-23-prolog\/\">prolog<\/a>\u00a0&#8211;\u00a0<a href=\"https:\/\/welcome-ontour.de\/wordpress\/index.php\/2010-03-24\/\">hinflug<\/a>\u00a0&#8211;\u00a0<a href=\"https:\/\/welcome-ontour.de\/wordpress\/index.php\/2010-03-25\/\">titus canyon<\/a>\u00a0&#8211;\u00a0<a href=\"https:\/\/welcome-ontour.de\/wordpress\/index.php\/2010-03-26\/\">alabama hills<\/a>\u00a0&#8211;\u00a0<a href=\"https:\/\/welcome-ontour.de\/wordpress\/index.php\/2010-03-27\/\">death valley<\/a>\u00a0&#8211;\u00a0<a href=\"https:\/\/welcome-ontour.de\/wordpress\/index.php\/2010-03-28\/\">cathedral gorge<\/a>\u00a0&#8211;\u00a0<a href=\"https:\/\/welcome-ontour.de\/wordpress\/index.php\/2010-03-29\/\">lehmann caverns<\/a>\u00a0&#8211;\u00a0<a href=\"https:\/\/welcome-ontour.de\/wordpress\/index.php\/2010-03-30\/\">kolob canyon<\/a>\u00a0&#8211;\u00a0<a href=\"https:\/\/welcome-ontour.de\/wordpress\/index.php\/2010-03-31\/\">snow canyon<\/a>\u00a0&#8211;\u00a0<a href=\"https:\/\/welcome-ontour.de\/wordpress\/index.php\/2010-04-01\/\">valley of fire<\/a>\u00a0&#8211;\u00a0<a href=\"https:\/\/welcome-ontour.de\/wordpress\/index.php\/2010-04-02\/\">red rock canyon<\/a>\u00a0&#8211;\u00a0<a href=\"https:\/\/welcome-ontour.de\/wordpress\/index.php\/2010-04-03\/\">little finland<\/a>\u00a0&#8211;\u00a0<a href=\"https:\/\/welcome-ontour.de\/wordpress\/index.php\/2010-04-04\/\">spring mts.<\/a>\u00a0&#8211;\u00a0<a href=\"https:\/\/welcome-ontour.de\/wordpress\/index.php\/2010-04-05\/\">r\u00fcckflug<\/a>\u00a0&#8211;\u00a0<a href=\"https:\/\/welcome-ontour.de\/wordpress\/index.php\/2010-04-07-fazit\/\">fazit<\/a><\/span><\/p>\n<p style=\"text-align: center;\"><span style=\"font-family: arial, helvetica, sans-serif; font-size: small;\">\u00a0\u00a0<\/span><\/p>\n<p style=\"text-align: center;\"><span style=\"font-family: arial, helvetica, sans-serif; font-size: small;\"><a href=\"https:\/\/welcome-ontour.de\/wordpress\/index.php\/2010-03-30\/\">&lt; Zur\u00fcck<\/a>\u00a0 \u00a0 \u00a0 \u00a0 \u00a0 \u00a0 \u00a0 \u00a0 \u00a0 \u00a0 \u00a0 \u00a0 \u00a0 \u00a0 \u00a0 \u00a0 \u00a0 \u00a0 \u00a0 \u00a0 \u00a0 \u00a0 \u00a0 \u00a0 \u00a0 \u00a0 \u00a0 \u00a0 \u00a0 \u00a0 \u00a0 \u00a0 \u00a0 \u00a0 \u00a0 \u00a0 \u00a0 \u00a0 \u00a0 \u00a0 \u00a0 \u00a0 \u00a0 \u00a0 \u00a0 \u00a0 \u00a0 \u00a0 \u00a0 \u00a0 \u00a0 \u00a0 \u00a0 \u00a0 \u00a0 \u00a0 \u00a0 \u00a0 \u00a0 \u00a0 \u00a0 \u00a0 \u00a0 \u00a0 \u00a0 \u00a0 \u00a0 \u00a0 \u00a0 \u00a0 \u00a0 \u00a0 \u00a0 \u00a0 \u00a0 \u00a0 \u00a0 \u00a0 \u00a0 \u00a0 \u00a0 \u00a0 \u00a0 \u00a0 \u00a0 \u00a0 \u00a0 \u00a0 \u00a0 \u00a0 \u00a0 \u00a0 \u00a0 \u00a0 \u00a0 \u00a0 \u00a0 \u00a0 \u00a0 \u00a0 \u00a0 \u00a0 \u00a0 \u00a0\u00a0<a href=\"https:\/\/welcome-ontour.de\/wordpress\/index.php\/2010-04-01\/\">Weiter &gt;<\/a><\/span><\/p>\n<p style=\"text-align: center;\">\u00a0<\/p>\n<p style=\"text-align: center;\"><strong><span style=\"font-family: arial, helvetica, sans-serif; font-size: medium;\">Mi 31.03.2010, 2.Woche, 8.Tag<\/span><\/strong><\/p>\n<p style=\"text-align: center;\"><strong><span style=\"font-family: arial, helvetica, sans-serif; font-size: medium;\">Saint George \u2013 Mesquite<\/span><\/strong><\/p>\n<p style=\"text-align: center;\"><span style=\"font-family: arial, helvetica, sans-serif; font-size: medium;\">\u00a0<\/span><\/p>\n<p style=\"text-align: center;\"><span style=\"font-family: arial, helvetica, sans-serif; font-size: medium;\">Super Betten und totale Ruhe, also werden wir erst nach acht wach.<\/span><\/p>\n<p style=\"text-align: center;\"><span style=\"font-family: arial, helvetica, sans-serif; font-size: medium;\">Wir genehmigen uns heute ein Marriott Breakfast.<\/span><\/p>\n<p style=\"text-align: center;\"><span style=\"font-family: arial, helvetica, sans-serif; font-size: medium;\">Unsere nette gespr\u00e4chsfreudige Waitress hei\u00dft Thelma, hat wie alle Amis deutsche Vorfahren<\/span><\/p>\n<p style=\"text-align: center;\"><span style=\"font-family: arial, helvetica, sans-serif; font-size: medium;\">und berechnet uns f\u00fcr das komplette Fr\u00fchst\u00fcck lediglich den Continental Spar Preis von 5,75$.<\/span><\/p>\n<p style=\"text-align: center;\"><span style=\"font-family: arial, helvetica, sans-serif; font-size: medium;\">Gut gelaunt packen wir unseren Tr\u00f6del zusammen und checken out.<\/span><\/p>\n<p style=\"text-align: center;\"><span style=\"font-family: arial, helvetica, sans-serif; font-size: medium;\">Das Courtyard by Marriott St. George wurde schon mehrmals als bestes Hotel dieser Kette in den USA ausgezeichnet.<\/span><\/p>\n<p style=\"text-align: center;\"><span style=\"font-family: arial, helvetica, sans-serif; font-size: medium;\">Das k\u00f6nnen wir zu 100% best\u00e4tigen.<\/span><\/p>\n<p style=\"text-align: center;\"><span style=\"font-family: arial, helvetica, sans-serif; font-size: medium;\">Wir fahren die 20 min zum <a href=\"http:\/\/www.utah.com\/stateparks\/snow_canyon.htm\" target=\"_blank\" rel=\"noopener noreferrer\">Snow Canyon State Park<\/a>\u00a0an der anderen Stadtseite.<\/span><\/p>\n<p style=\"text-align: center;\"><span style=\"font-family: arial, helvetica, sans-serif; font-size: medium;\">Auf dem Weg dorthin geht\u2019s vorbei an den Villengegenden Saint Georges.<\/span><\/p>\n<p style=\"text-align: center;\"><span style=\"font-family: arial, helvetica, sans-serif; font-size: medium;\">Wie immer, eingez\u00e4unt und Zutritt nur am bewachten Tor.<\/span><\/p>\n<p style=\"text-align: center;\"><span style=\"font-family: arial, helvetica, sans-serif; font-size: medium;\">Um zehn sind wir am Eingang des Snow Canyons.<\/span><\/p>\n<p style=\"text-align: center;\"><span style=\"font-family: arial, helvetica, sans-serif; font-size: medium;\">5$ Eintritt und kurz danach ist man mitten in den Red Rocks.<\/span><\/p>\n<p style=\"text-align: center;\"><span style=\"font-family: arial, helvetica, sans-serif; font-size: medium;\">\u00a0<\/span><\/p>\n<p style=\"text-align: center;\"><span style=\"font-family: arial, helvetica, sans-serif; font-size: medium;\"><img decoding=\"async\" class=\" size-full wp-image-1714\" title=\"Snow Canyon\" src=\"https:\/\/welcome-ontour.de\/wordpress\/wp-content\/uploads\/2012\/12\/phoca_thumb_l_2010-03-31-01-img_8699.jpg\" width=\"600\" height=\"451\" border=\"0\" srcset=\"https:\/\/welcome-ontour.de\/wordpress\/wp-content\/uploads\/2012\/12\/phoca_thumb_l_2010-03-31-01-img_8699.jpg 600w, https:\/\/welcome-ontour.de\/wordpress\/wp-content\/uploads\/2012\/12\/phoca_thumb_l_2010-03-31-01-img_8699-300x226.jpg 300w\" sizes=\"(max-width: 600px) 100vw, 600px\" \/><\/span><\/p>\n<p style=\"text-align: center;\"><span style=\"font-family: arial, helvetica, sans-serif; font-size: medium;\">\u00a0<\/span><\/p>\n<p style=\"text-align: center;\"><span style=\"font-family: arial, helvetica, sans-serif; font-size: medium;\">Die Gegend erinnert uns sofort an das Valley of Fire bei Las Vegas.<\/span><\/p>\n<p style=\"text-align: center;\"><span style=\"font-family: arial, helvetica, sans-serif; font-size: medium;\">Es gibt hier au\u00dfergew\u00f6hnlich viele Schildkr\u00f6ten und auch die Gila Monster Eidechsen sollen hier vorkommen.<\/span><\/p>\n<p style=\"text-align: center;\"><span style=\"font-family: arial, helvetica, sans-serif; font-size: medium;\">Der Himmel ist heute wolkenverhangen und die Sonne kommt nur vereinzelt durch.<\/span><\/p>\n<p style=\"text-align: center;\"><span style=\"font-family: arial, helvetica, sans-serif; font-size: medium;\">\u00a0<\/span><\/p>\n<p style=\"text-align: center;\"><a href=\"https:\/\/welcome-ontour.de\/wordpress\/wp-content\/uploads\/2012\/12\/phoca_thumb_l_2010-03-31-02-img_8722-kopie.jpg\" target=\"_blank\" rel=\"noopener noreferrer\"><span style=\"font-family: arial, helvetica, sans-serif; font-size: medium;\"><img decoding=\"async\" class=\" size-full wp-image-1715\" title=\"Snow Canyon - Klick\" src=\"https:\/\/welcome-ontour.de\/wordpress\/wp-content\/uploads\/2012\/12\/phoca_thumb_l_2010-03-31-02-img_8722-kopie.jpg\" width=\"600\" height=\"450\" border=\"0\" srcset=\"https:\/\/welcome-ontour.de\/wordpress\/wp-content\/uploads\/2012\/12\/phoca_thumb_l_2010-03-31-02-img_8722-kopie.jpg 1332w, https:\/\/welcome-ontour.de\/wordpress\/wp-content\/uploads\/2012\/12\/phoca_thumb_l_2010-03-31-02-img_8722-kopie-300x225.jpg 300w, https:\/\/welcome-ontour.de\/wordpress\/wp-content\/uploads\/2012\/12\/phoca_thumb_l_2010-03-31-02-img_8722-kopie-1024x769.jpg 1024w, https:\/\/welcome-ontour.de\/wordpress\/wp-content\/uploads\/2012\/12\/phoca_thumb_l_2010-03-31-02-img_8722-kopie-768x577.jpg 768w\" sizes=\"(max-width: 600px) 100vw, 600px\" \/><\/span><\/a><\/p>\n<p style=\"text-align: center;\"><span style=\"font-family: arial, helvetica, sans-serif; font-size: medium;\">\u00a0<\/span><\/p>\n<p style=\"text-align: center;\"><span style=\"font-family: arial, helvetica, sans-serif; font-size: medium;\">Es ist recht windig und die Temperaturen sind auf 60\u00b0F gefallen.<\/span><\/p>\n<p style=\"text-align: center;\"><span style=\"font-family: arial, helvetica, sans-serif; font-size: medium;\">Nachdem wir den Scenicdrive gefahren sind und an einigen Stellen kurze Spazierg\u00e4nge gemacht haben,<\/span><\/p>\n<p style=\"text-align: center;\"><span style=\"font-family: arial, helvetica, sans-serif; font-size: medium;\">halten wir am kleinen Visitorcenter am Campground, fahren danach die Strasse retour<\/span><\/p>\n<p style=\"text-align: center;\"><span style=\"font-family: arial, helvetica, sans-serif; font-size: medium;\">und verlassen etwa um zw\u00f6lf den kleinen State Park.<\/span><\/p>\n<p style=\"text-align: center;\"><span style=\"font-family: arial, helvetica, sans-serif; font-size: medium;\">In St. George fahren wir auf die Interstate.<\/span><\/p>\n<p style=\"text-align: center;\"><span style=\"font-family: arial, helvetica, sans-serif; font-size: medium;\">Es folgt die immer wieder beeindruckende Fahrt durch die Virgin River Gorge.<\/span><\/p>\n<p style=\"text-align: center;\"><span style=\"font-family: arial, helvetica, sans-serif; font-size: medium;\">Als wir die Schlucht verlassen und in der Ebene des Great Basin ankommen, empf\u00e4ngt uns ein fast orkanartiger Sandsturm.<\/span><\/p>\n<p style=\"text-align: center;\"><span style=\"font-family: arial, helvetica, sans-serif; font-size: medium;\">Das Auto l\u00e4sst sich nur mit beiden H\u00e4nden am Lenkrad in der Spur halten<\/span><\/p>\n<p style=\"text-align: center;\"><span style=\"font-family: arial, helvetica, sans-serif; font-size: medium;\">und wir sind jedes Mal froh, an den stark schlingernden LKWs vorbei zu sein.<\/span><\/p>\n<p style=\"text-align: center;\"><span style=\"font-family: arial, helvetica, sans-serif; font-size: medium;\">Kurze 20 Meilen weiter erreichen wir die Grenze zu Nevada<\/span><\/p>\n<p style=\"text-align: center;\"><span style=\"font-family: arial, helvetica, sans-serif; font-size: medium;\">und steuern als erstes das Welcome Center in der Grenzstadt Mesquite an.<\/span><\/p>\n<p style=\"text-align: center;\"><span style=\"font-family: arial, helvetica, sans-serif; font-size: medium;\">Hier sagt man uns leider unmissverst\u00e4ndlich,<\/span><\/p>\n<p style=\"text-align: center;\"><span style=\"font-family: arial, helvetica, sans-serif; font-size: medium;\">dass f\u00fcr heute und morgen Sturm und Regen f\u00fcr die Region angesagt sind.<\/span><\/p>\n<p style=\"text-align: center;\"><span style=\"font-family: arial, helvetica, sans-serif; font-size: medium;\">Ich lass mir noch hilfreiche Infos zu unserem geplanten Trip nach Little Finland geben.<\/span><\/p>\n<p style=\"text-align: center;\"><span style=\"font-family: arial, helvetica, sans-serif; font-size: medium;\">An eine Fahrt dorthin ist heute nicht zu denken.<\/span><\/p>\n<p style=\"text-align: center;\"><span style=\"font-family: arial, helvetica, sans-serif; font-size: medium;\">Beim Canton Chinesen nebenan nehmen wir einen Lunch f\u00fcr 5,99<\/span><\/p>\n<p style=\"text-align: center;\"><span style=\"font-family: arial, helvetica, sans-serif; font-size: medium;\">und fahren dann zu unserem von Priceline zugewiesenen Hotel Falcon Ridge.<\/span><\/p>\n<p style=\"text-align: center;\"><span style=\"font-family: arial, helvetica, sans-serif; font-size: medium;\">Hier ist mit unserer Buchung zwar alles okay, aber ein Einchecken erst ab 15:00 m\u00f6glich.<\/span><\/p>\n<p style=\"text-align: center;\"><span style=\"font-family: arial, helvetica, sans-serif; font-size: medium;\">Wir verbringen die Zeit mit einer Shoppingtour im Walmart und Internet-Zugangs-Besuch mit Cafe bei Mc Donald.<\/span><\/p>\n<p style=\"text-align: center;\"><span style=\"font-family: arial, helvetica, sans-serif; font-size: medium;\">Um drei bekommen wir unser Zimmer in der dritten Etage mit Blick \u00fcber die Stadt.<\/span><\/p>\n<p style=\"text-align: center;\"><span style=\"font-family: arial, helvetica, sans-serif; font-size: medium;\">Der Sandsturm ist noch st\u00e4rker geworden und im S\u00fcden sind dicke dunkle Regenwolken im Anmarsch.<\/span><\/p>\n<p style=\"text-align: center;\"><span style=\"font-family: arial, helvetica, sans-serif; font-size: medium;\">Wir sind froh, nicht unsere geplante Tour in Angriff genommen zu haben.<\/span><\/p>\n<p style=\"text-align: center;\"><span style=\"font-family: arial, helvetica, sans-serif; font-size: medium;\">Passieren wird heute h\u00f6chstens noch was auf kulinarischer Ebene.<\/span><\/p>\n<p style=\"text-align: center;\"><span style=\"font-family: arial, helvetica, sans-serif; font-size: medium;\">Wir holen uns im Walmart Roasted Lemon Pepper Chicken, Seafood Salad, frische Erdbeeren<\/span><\/p>\n<p style=\"text-align: center;\"><span style=\"font-family: arial, helvetica, sans-serif; font-size: medium;\">und eine Dose Whipped Cream.<\/span><\/p>\n<p style=\"text-align: center;\"><span style=\"font-family: arial, helvetica, sans-serif; font-size: medium;\">Mittlerweile gie\u00dft es drau\u00dfen wie aus K\u00fcbeln und der Wind hat auch nicht nachgelassen.<\/span><\/p>\n<p style=\"text-align: center;\"><span style=\"font-family: arial, helvetica, sans-serif; font-size: medium;\">Wir genie\u00dfen das Schauspiel und lassen\u2019s uns schmecken.<\/span><\/p>\n<p style=\"text-align: center;\"><span style=\"font-family: arial, helvetica, sans-serif; font-size: medium;\">St\u00fcrmische Nacht, Good Night.<\/span><\/p>\n<p style=\"text-align: center;\"><span style=\"font-family: arial, helvetica, sans-serif; font-size: medium;\">\u00a0<\/span><\/p>\n<p style=\"text-align: center;\"><span style=\"font-family: arial, helvetica, sans-serif; font-size: medium;\">Gefahrene Meilen \/ Kilometer: 84 \/ 135<\/span><\/p>\n<p style=\"text-align: center;\"><span style=\"font-family: arial, helvetica, sans-serif; font-size: medium;\">\u00a0<\/span><\/p>\n<p style=\"text-align: center;\"><span style=\"font-family: arial, helvetica, sans-serif; font-size: medium;\">\u00dcbernachtung: <a href=\"http:\/\/www.falconridgehotel.com\/\" target=\"_blank\" rel=\"noopener noreferrer\">falcon ridge hotel<\/a>, mesquite, nevada\u00a0 $65\u00a0\u00a0 ***<\/span><\/p>\n<p style=\"text-align: center;\"><span style=\"font-family: arial, helvetica, sans-serif; font-size: medium;\">\u00a0<\/span><\/p>\n<p style=\"text-align: center;\"><span style=\"font-family: arial, helvetica, sans-serif; font-size: medium;\"><span style=\"font-size: small;\"><a href=\"https:\/\/welcome-ontour.de\/wordpress\/index.php\/2010-03-30\/\">&lt; Zur\u00fcck<\/a>\u00a0 \u00a0 \u00a0 \u00a0 \u00a0 \u00a0 \u00a0 \u00a0 \u00a0 \u00a0 \u00a0 \u00a0 \u00a0 \u00a0 \u00a0 \u00a0 \u00a0 \u00a0 \u00a0 \u00a0 \u00a0 \u00a0 \u00a0 \u00a0 \u00a0 \u00a0 \u00a0 \u00a0 \u00a0 \u00a0 \u00a0 \u00a0 \u00a0 \u00a0 \u00a0 \u00a0 \u00a0 \u00a0 \u00a0 \u00a0 \u00a0 \u00a0 \u00a0 \u00a0 \u00a0 \u00a0 \u00a0 \u00a0 \u00a0 \u00a0 \u00a0 \u00a0 \u00a0 \u00a0 \u00a0 \u00a0 \u00a0 \u00a0 \u00a0 \u00a0 \u00a0 \u00a0 \u00a0 \u00a0 \u00a0 \u00a0 \u00a0 \u00a0 \u00a0 \u00a0 \u00a0 \u00a0 \u00a0 \u00a0 \u00a0 \u00a0 \u00a0 \u00a0 \u00a0 \u00a0 \u00a0 \u00a0 \u00a0 \u00a0 \u00a0 \u00a0 \u00a0 \u00a0 \u00a0 \u00a0 \u00a0 \u00a0 \u00a0 \u00a0 \u00a0 \u00a0 \u00a0 \u00a0 \u00a0 \u00a0 \u00a0 \u00a0 \u00a0 \u00a0\u00a0<a href=\"https:\/\/welcome-ontour.de\/wordpress\/index.php\/2010-04-01\/\">Weiter &gt;<\/a><\/span>\u00a0<\/span><\/p>\n","protected":false},"excerpt":{"rendered":"<p>prolog\u00a0&#8211;\u00a0hinflug\u00a0&#8211;\u00a0titus canyon\u00a0&#8211;\u00a0alabama hills\u00a0&#8211;\u00a0death valley\u00a0&#8211;\u00a0cathedral gorge\u00a0&#8211;\u00a0lehmann caverns\u00a0&#8211;\u00a0kolob canyon\u00a0&#8211;\u00a0snow canyon\u00a0&#8211;\u00a0valley of fire\u00a0&#8211;\u00a0red rock canyon\u00a0&#8211;\u00a0little finland\u00a0&#8211;\u00a0spring mts.\u00a0&#8211;\u00a0r\u00fcckflug\u00a0&#8211;\u00a0fazit \u00a0\u00a0 &lt; Zur\u00fcck\u00a0 \u00a0 \u00a0 \u00a0 \u00a0 \u00a0 \u00a0 \u00a0 \u00a0 \u00a0 \u00a0 \u00a0 \u00a0 \u00a0 \u00a0 \u00a0 \u00a0 \u00a0 \u00a0 \u00a0 \u00a0 \u00a0 \u00a0 \u00a0 \u00a0 \u00a0 \u00a0 \u00a0 \u00a0 \u00a0 \u00a0 \u00a0 \u00a0 \u00a0 \u00a0 \u00a0 \u00a0 \u00a0 \u00a0 \u00a0 \u00a0 \u00a0 \u00a0 \u00a0 \u00a0 \u00a0 \u00a0 \u00a0 \u00a0 \u00a0 \u00a0 \u00a0 \u00a0 \u00a0 \u00a0 \u00a0 \u00a0 \u00a0 \u00a0 \u00a0 \u00a0 \u00a0 \u00a0 \u00a0 \u00a0 \u00a0 \u00a0 \u00a0 \u00a0 \u00a0 \u00a0 \u00a0 \u00a0 \u00a0 \u00a0 \u00a0 \u00a0 \u00a0 \u00a0 \u00a0 \u00a0 \u00a0 \u00a0 \u00a0 \u00a0 \u00a0 \u00a0 \u00a0 \u00a0 \u00a0 \u00a0 \u00a0 \u00a0 \u00a0 \u00a0 \u00a0 \u00a0 \u00a0 \u00a0 \u00a0 \u00a0 \u00a0 \u00a0 \u00a0\u00a0Weiter &gt; \u00a0 Mi 31.03.2010, 2.Woche, 8.Tag Saint George \u2013 Mesquite \u00a0 Super Betten und totale Ruhe, also werden wir erst nach acht wach. Wir genehmigen uns heute ein Marriott Breakfast. Unsere nette gespr\u00e4chsfreudige Waitress hei\u00dft Thelma, hat wie alle Amis deutsche Vorfahren und berechnet uns f\u00fcr das komplette Fr\u00fchst\u00fcck lediglich den Continental Spar Preis von 5,75$. Gut gelaunt packen wir unseren Tr\u00f6del zusammen und checken out. Das Courtyard by Marriott St. George wurde schon mehrmals als bestes Hotel dieser Kette in den USA ausgezeichnet. Das k\u00f6nnen wir zu 100% best\u00e4tigen. Wir fahren die 20 min zum Snow Canyon State Park\u00a0an der anderen Stadtseite. Auf dem Weg dorthin geht\u2019s vorbei an den Villengegenden Saint Georges. Wie immer, eingez\u00e4unt und Zutritt nur am bewachten Tor. Um zehn sind wir am Eingang des Snow Canyons. 5$ Eintritt und kurz danach ist man mitten in den Red Rocks. \u00a0 \u00a0 Die Gegend erinnert uns sofort an das Valley of Fire bei Las Vegas. Es gibt hier au\u00dfergew\u00f6hnlich viele Schildkr\u00f6ten und auch die Gila Monster Eidechsen sollen hier vorkommen. Der Himmel ist heute wolkenverhangen und die Sonne kommt nur vereinzelt durch. \u00a0 \u00a0 Es ist recht windig und die Temperaturen sind auf 60\u00b0F gefallen. Nachdem wir den Scenicdrive gefahren sind und an einigen Stellen kurze Spazierg\u00e4nge gemacht haben, halten wir am kleinen Visitorcenter am Campground, fahren danach die Strasse retour und verlassen etwa um zw\u00f6lf den kleinen State Park. In St. George fahren wir auf die Interstate. Es folgt die immer wieder beeindruckende Fahrt durch die Virgin River Gorge. Als wir die Schlucht verlassen und in der Ebene des Great Basin ankommen, empf\u00e4ngt uns ein fast orkanartiger Sandsturm. Das Auto l\u00e4sst sich nur mit beiden H\u00e4nden am Lenkrad in der Spur halten und wir sind jedes Mal froh, an den stark schlingernden LKWs vorbei zu sein. Kurze 20 Meilen weiter erreichen wir die Grenze zu Nevada und steuern als erstes das Welcome Center in der Grenzstadt Mesquite an. Hier sagt man uns leider unmissverst\u00e4ndlich, dass f\u00fcr heute und morgen Sturm und Regen f\u00fcr die Region angesagt sind. Ich lass mir noch hilfreiche Infos zu unserem geplanten Trip nach Little Finland geben. An eine Fahrt dorthin ist heute nicht zu denken. Beim Canton Chinesen nebenan nehmen wir einen Lunch f\u00fcr 5,99 und fahren dann zu unserem von Priceline zugewiesenen Hotel Falcon Ridge. Hier ist mit unserer Buchung zwar alles okay, aber ein Einchecken erst ab 15:00 m\u00f6glich. Wir verbringen die Zeit mit einer Shoppingtour im Walmart und Internet-Zugangs-Besuch mit Cafe bei Mc Donald. Um drei bekommen wir unser Zimmer in der dritten Etage mit Blick \u00fcber die Stadt. Der Sandsturm ist noch st\u00e4rker geworden und im S\u00fcden sind dicke dunkle Regenwolken im Anmarsch. Wir sind froh, nicht unsere geplante Tour in Angriff genommen zu haben. Passieren wird heute h\u00f6chstens noch was auf kulinarischer Ebene. Wir holen uns im Walmart Roasted Lemon Pepper Chicken, Seafood Salad, frische Erdbeeren und eine Dose Whipped Cream. Mittlerweile gie\u00dft es drau\u00dfen wie aus K\u00fcbeln und der Wind hat auch nicht nachgelassen. Wir genie\u00dfen das Schauspiel und lassen\u2019s uns schmecken. St\u00fcrmische Nacht, Good Night. \u00a0 Gefahrene Meilen \/ Kilometer: 84 \/ 135 \u00a0 \u00dcbernachtung: falcon ridge hotel, mesquite, nevada\u00a0 $65\u00a0\u00a0 *** \u00a0 &lt; Zur\u00fcck\u00a0 \u00a0 \u00a0 \u00a0 \u00a0 \u00a0 \u00a0 \u00a0 \u00a0 \u00a0 \u00a0 \u00a0 \u00a0 \u00a0 \u00a0 \u00a0 \u00a0 \u00a0 \u00a0 \u00a0 \u00a0 \u00a0 \u00a0 \u00a0 \u00a0 \u00a0 \u00a0 \u00a0 \u00a0 \u00a0 \u00a0 \u00a0 \u00a0 \u00a0 \u00a0 \u00a0 \u00a0 \u00a0 \u00a0 \u00a0 \u00a0 \u00a0 \u00a0 \u00a0 \u00a0 \u00a0 \u00a0 \u00a0 \u00a0 \u00a0 \u00a0 \u00a0 \u00a0 \u00a0 \u00a0 \u00a0 \u00a0 \u00a0 \u00a0 \u00a0 \u00a0 \u00a0 \u00a0 \u00a0 \u00a0 \u00a0 \u00a0 \u00a0 \u00a0 \u00a0 \u00a0 \u00a0 \u00a0 \u00a0 \u00a0 \u00a0 \u00a0 \u00a0 \u00a0 \u00a0 \u00a0 \u00a0 \u00a0 \u00a0 \u00a0 \u00a0 \u00a0 \u00a0 \u00a0 \u00a0 \u00a0 \u00a0 \u00a0 \u00a0 \u00a0 \u00a0 \u00a0 \u00a0 \u00a0 \u00a0 \u00a0 \u00a0 \u00a0 \u00a0\u00a0Weiter &gt;\u00a0<\/p>\n","protected":false},"author":1,"featured_media":1714,"parent":0,"menu_order":7,"comment_status":"closed","ping_status":"closed","template":"","meta":{"footnotes":""},"class_list":["post-1716","page","type-page","status-publish","has-post-thumbnail","hentry"],"_links":{"self":[{"href":"https:\/\/welcome-ontour.de\/wordpress\/index.php\/wp-json\/wp\/v2\/pages\/1716","targetHints":{"allow":["GET"]}}],"collection":[{"href":"https:\/\/welcome-ontour.de\/wordpress\/index.php\/wp-json\/wp\/v2\/pages"}],"about":[{"href":"https:\/\/welcome-ontour.de\/wordpress\/index.php\/wp-json\/wp\/v2\/types\/page"}],"author":[{"embeddable":true,"href":"https:\/\/welcome-ontour.de\/wordpress\/index.php\/wp-json\/wp\/v2\/users\/1"}],"replies":[{"embeddable":true,"href":"https:\/\/welcome-ontour.de\/wordpress\/index.php\/wp-json\/wp\/v2\/comments?post=1716"}],"version-history":[{"count":1,"href":"https:\/\/welcome-ontour.de\/wordpress\/index.php\/wp-json\/wp\/v2\/pages\/1716\/revisions"}],"predecessor-version":[{"id":3027,"href":"https:\/\/welcome-ontour.de\/wordpress\/index.php\/wp-json\/wp\/v2\/pages\/1716\/revisions\/3027"}],"wp:featuredmedia":[{"embeddable":true,"href":"https:\/\/welcome-ontour.de\/wordpress\/index.php\/wp-json\/wp\/v2\/media\/1714"}],"wp:attachment":[{"href":"https:\/\/welcome-ontour.de\/wordpress\/index.php\/wp-json\/wp\/v2\/media?parent=1716"}],"curies":[{"name":"wp","href":"https:\/\/api.w.org\/{rel}","templated":true}]}}