{"id":16282,"date":"2021-11-14T14:13:45","date_gmt":"2021-11-14T14:13:45","guid":{"rendered":"https:\/\/welcome-ontour.de\/wordpress\/index.php\/2021-08-18\/"},"modified":"2022-06-30T23:07:07","modified_gmt":"2022-06-30T23:07:07","slug":"2021-08-18","status":"publish","type":"page","link":"https:\/\/welcome-ontour.de\/wordpress\/index.php\/2021-08-18\/","title":{"rendered":"2021 08 18"},"content":{"rendered":"<p style=\"text-align: center;\"><span style=\"font-family: arial, helvetica, sans-serif;\"><span style=\"font-size: 8pt;\"><a href=\"https:\/\/welcome-ontour.de\/wordpress\/index.php\/2021-08-13-prolog\/\">Prolog<\/a>\u00a0 \u00a0 \u00a0\u00a0<a href=\"https:\/\/welcome-ontour.de\/wordpress\/index.php\/2021-08-14\/\">Anreise<\/a>\u00a0 \u00a0 \u00a0\u00a0<a href=\"https:\/\/welcome-ontour.de\/wordpress\/index.php\/2021-08-15\/\">Petrcane<\/a>\u00a0 \u00a0 \u00a0\u00a0<a href=\"https:\/\/welcome-ontour.de\/wordpress\/index.php\/2021-08-21\/\">Voyage<\/a>\u00a0 \u00a0 \u00a0\u00a0<a href=\"https:\/\/welcome-ontour.de\/wordpress\/index.php\/2021-08-22\/\">Krka<\/a>\u00a0\u00a0 \u00a0\u00a0<a href=\"https:\/\/welcome-ontour.de\/wordpress\/index.php\/2021-08-23\/\">Split<\/a>\u00a0 \u00a0 \u00a0\u00a0<a href=\"https:\/\/welcome-ontour.de\/wordpress\/index.php\/2021-08-24\/\">Omis\/Brac<\/a>\u00a0\u00a0 \u00a0\u00a0<a href=\"https:\/\/welcome-ontour.de\/wordpress\/index.php\/2021-08-25\/\">Sibenik<\/a>\u00a0 \u00a0 \u00a0\u00a0<a href=\"https:\/\/welcome-ontour.de\/wordpress\/index.php\/2021-08-26\/\">Kornati<\/a>\u00a0\u00a0 \u00a0\u00a0<a href=\"https:\/\/welcome-ontour.de\/wordpress\/index.php\/2021-08-27\/\">Zadar<\/a>\u00a0 \u00a0 \u00a0\u00a0<a href=\"https:\/\/welcome-ontour.de\/wordpress\/index.php\/2021-08-29\/\">Relax<\/a>\u00a0\u00a0 \u00a0\u00a0<\/span><span style=\"font-size: 8pt;\"><a href=\"https:\/\/welcome-ontour.de\/wordpress\/index.php\/2021-08-31\/\">R\u00fcckreise<\/a>\u00a0 \u00a0 \u00a0\u00a0<a href=\"https:\/\/welcome-ontour.de\/wordpress\/index.php\/2021-09-01-fazit\/\">Fazit<\/a><\/span><\/span><\/p>\n<p style=\"text-align: center;\"><span style=\"font-family: arial, helvetica, sans-serif;\">\u00a0<\/span><\/p>\n<p style=\"text-align: center;\"><span style=\"font-family: arial, helvetica, sans-serif;\"><a href=\"https:\/\/welcome-ontour.de\/wordpress\/index.php\/2021-08-17\/\">&lt; zur\u00fcck<\/a>\u00a0 \u00a0 \u00a0 \u00a0\u00a0 \u00a0 \u00a0 \u00a0 \u00a0 \u00a0 \u00a0 \u00a0 \u00a0 \u00a0 \u00a0 \u00a0 \u00a0 \u00a0 \u00a0 \u00a0 \u00a0 \u00a0 \u00a0 \u00a0 \u00a0 \u00a0 \u00a0 \u00a0 \u00a0 \u00a0 \u00a0 \u00a0 \u00a0 \u00a0 \u00a0 \u00a0 \u00a0 \u00a0 \u00a0 \u00a0 \u00a0 \u00a0 \u00a0 \u00a0 \u00a0 \u00a0 \u00a0 \u00a0 \u00a0 \u00a0 \u00a0 \u00a0 \u00a0 \u00a0 \u00a0 \u00a0 \u00a0 \u00a0 \u00a0 \u00a0 \u00a0 \u00a0 \u00a0 \u00a0 \u00a0 \u00a0 \u00a0 \u00a0 \u00a0 \u00a0 \u00a0 \u00a0 \u00a0 \u00a0 \u00a0 \u00a0 \u00a0 \u00a0 \u00a0 \u00a0 \u00a0 \u00a0 \u00a0 \u00a0 \u00a0 \u00a0 \u00a0 \u00a0 \u00a0 \u00a0 \u00a0 \u00a0 \u00a0 \u00a0 \u00a0 \u00a0 \u00a0 \u00a0 \u00a0 \u00a0 \u00a0 \u00a0 \u00a0\u00a0<a href=\"https:\/\/welcome-ontour.de\/wordpress\/index.php\/2021-08-19\/\">weiter &gt;<\/a><\/span><\/p>\n<p style=\"text-align: center;\">\u00a0<\/p>\n<p style=\"text-align: center;\"><span style=\"font-size: 14pt;\"><strong><span style=\"font-family: arial, helvetica, sans-serif;\">Mi 18.8. <\/span><\/strong><\/span><\/p>\n<p style=\"text-align: center;\">\u00a0<\/p>\n<p style=\"text-align: center;\"><span style=\"font-size: 14pt;\"><strong><span style=\"font-family: arial, helvetica, sans-serif;\">Relax<\/span><\/strong><\/span><\/p>\n<p style=\"text-align: center;\"><span style=\"font-family: arial, helvetica, sans-serif; font-size: 12pt;\">\u00a0<\/span><\/p>\n<p style=\"text-align: center;\"><span style=\"font-family: arial, helvetica, sans-serif; font-size: 12pt;\">Problemlos schaffen wir es, jeden Tag zwischen acht und halb neun beim Breakfast B\u00fcfett zu sein.<\/span><\/p>\n<p style=\"text-align: center;\"><span style=\"font-family: arial, helvetica, sans-serif; font-size: 12pt;\">\u00a0<\/span><\/p>\n<p style=\"text-align: center;\"><span style=\"font-family: arial, helvetica, sans-serif; font-size: 12pt;\"><img decoding=\"async\" class=\" size-full wp-image-16266\" title=\"Fr\u00fchst\u00fccksblick\" src=\"https:\/\/welcome-ontour.de\/wordpress\/wp-content\/uploads\/2021\/11\/phoca_thumb_l_2021-08-18-01.jpg\" alt=\"\" width=\"810\" height=\"386\" srcset=\"https:\/\/welcome-ontour.de\/wordpress\/wp-content\/uploads\/2021\/11\/phoca_thumb_l_2021-08-18-01.jpg 810w, https:\/\/welcome-ontour.de\/wordpress\/wp-content\/uploads\/2021\/11\/phoca_thumb_l_2021-08-18-01-300x143.jpg 300w, https:\/\/welcome-ontour.de\/wordpress\/wp-content\/uploads\/2021\/11\/phoca_thumb_l_2021-08-18-01-700x334.jpg 700w, https:\/\/welcome-ontour.de\/wordpress\/wp-content\/uploads\/2021\/11\/phoca_thumb_l_2021-08-18-01-768x366.jpg 768w\" sizes=\"(max-width: 810px) 100vw, 810px\" \/><\/span><\/p>\n<p style=\"text-align: center;\"><span style=\"font-family: arial, helvetica, sans-serif; font-size: 12pt;\">\u00a0<\/span><\/p>\n<p style=\"text-align: center;\"><span style=\"font-family: arial, helvetica, sans-serif; font-size: 12pt;\">Immer an einem Tisch in der Morgensonne und immer mit viel Zeit.<\/span><\/p>\n<p style=\"text-align: center;\"><span style=\"font-family: arial, helvetica, sans-serif; font-size: 12pt;\">Wir k\u00f6nnten uns anschlie\u00dfend auch am sch\u00f6nen Pool niederlassen, <\/span><\/p>\n<p style=\"text-align: center;\"><span style=\"font-family: arial, helvetica, sans-serif; font-size: 12pt;\">aber am Meer gef\u00e4llt es uns einfach besser.<\/span><\/p>\n<p style=\"text-align: center;\"><span style=\"font-family: arial, helvetica, sans-serif; font-size: 12pt;\">\u00a0<\/span><\/p>\n<p style=\"text-align: center;\"><span style=\"font-family: arial, helvetica, sans-serif; font-size: 12pt;\"><img decoding=\"async\" class=\" size-full wp-image-16267\" title=\"Hotelpool\" src=\"https:\/\/welcome-ontour.de\/wordpress\/wp-content\/uploads\/2021\/11\/phoca_thumb_l_2021-08-18-02.jpg\" width=\"400\" height=\"192\" srcset=\"https:\/\/welcome-ontour.de\/wordpress\/wp-content\/uploads\/2021\/11\/phoca_thumb_l_2021-08-18-02.jpg 400w, https:\/\/welcome-ontour.de\/wordpress\/wp-content\/uploads\/2021\/11\/phoca_thumb_l_2021-08-18-02-300x144.jpg 300w\" sizes=\"(max-width: 400px) 100vw, 400px\" \/>\u00a0 <img decoding=\"async\" class=\" size-full wp-image-16268\" title=\"HP\" src=\"https:\/\/welcome-ontour.de\/wordpress\/wp-content\/uploads\/2021\/11\/phoca_thumb_l_2021-08-18-03.jpg\" width=\"398\" height=\"192\" srcset=\"https:\/\/welcome-ontour.de\/wordpress\/wp-content\/uploads\/2021\/11\/phoca_thumb_l_2021-08-18-03.jpg 400w, https:\/\/welcome-ontour.de\/wordpress\/wp-content\/uploads\/2021\/11\/phoca_thumb_l_2021-08-18-03-300x145.jpg 300w\" sizes=\"(max-width: 398px) 100vw, 398px\" \/><\/span><\/p>\n<p style=\"text-align: center;\"><span style=\"font-family: arial, helvetica, sans-serif; font-size: 12pt;\">\u00a0<\/span><\/p>\n<p style=\"text-align: center;\"><span style=\"font-family: arial, helvetica, sans-serif; font-size: 12pt;\">Pl\u00e4ne, etwas in der Umgebung zu besuchen <\/span><\/p>\n<p style=\"text-align: center;\"><span style=\"font-family: arial, helvetica, sans-serif; font-size: 12pt;\">oder irgendwelche Highlights im gut sichtbaren Velebit-Gebirge anzufahren, haben wir zu den Akten gelegt.<\/span><\/p>\n<p style=\"text-align: center;\"><span style=\"font-family: arial, helvetica, sans-serif; font-size: 12pt;\">Das glasklare Meerwasser 30 m vom Hinterausgang des Hotels ist f\u00fcr uns Highlight genug.<\/span><\/p>\n<p style=\"text-align: center;\"><span style=\"font-family: arial, helvetica, sans-serif; font-size: 12pt;\">\u00a0<\/span><\/p>\n<p style=\"text-align: center;\"><span style=\"font-family: arial, helvetica, sans-serif; font-size: 12pt;\"><img decoding=\"async\" class=\" size-full wp-image-16269\" title=\"Glasklares Meerwasser\" src=\"https:\/\/welcome-ontour.de\/wordpress\/wp-content\/uploads\/2021\/11\/phoca_thumb_l_2021-08-18-04.jpg\" alt=\"\" width=\"810\" height=\"375\" srcset=\"https:\/\/welcome-ontour.de\/wordpress\/wp-content\/uploads\/2021\/11\/phoca_thumb_l_2021-08-18-04.jpg 810w, https:\/\/welcome-ontour.de\/wordpress\/wp-content\/uploads\/2021\/11\/phoca_thumb_l_2021-08-18-04-300x139.jpg 300w, https:\/\/welcome-ontour.de\/wordpress\/wp-content\/uploads\/2021\/11\/phoca_thumb_l_2021-08-18-04-700x324.jpg 700w, https:\/\/welcome-ontour.de\/wordpress\/wp-content\/uploads\/2021\/11\/phoca_thumb_l_2021-08-18-04-768x356.jpg 768w\" sizes=\"(max-width: 810px) 100vw, 810px\" \/><\/span><\/p>\n<p style=\"text-align: center;\"><span style=\"font-family: arial, helvetica, sans-serif; font-size: 12pt;\">\u00a0<\/span><\/p>\n<p style=\"text-align: center;\"><span style=\"font-family: arial, helvetica, sans-serif; font-size: 12pt;\">Einfach nur auf den bequemen Liegen entspannen, die Knochen von der Sonne durchw\u00e4rmen lassen, <\/span><\/p>\n<p style=\"text-align: center;\"><span style=\"font-family: arial, helvetica, sans-serif; font-size: 12pt;\">5-6 Mal f\u00fcr bis zu 30 min im Meer schwimmen und sich bei Bedarf <\/span><\/p>\n<p style=\"text-align: center;\"><span style=\"font-family: arial, helvetica, sans-serif; font-size: 12pt;\">im Beachrestaurant mit Imbiss, Eis, Kaffee und Drinks versorgen, auch so kann Urlaub sein.<\/span><\/p>\n<p style=\"text-align: center;\"><span style=\"font-family: arial, helvetica, sans-serif; font-size: 12pt;\">\u00a0<\/span><\/p>\n<p style=\"text-align: center;\"><span style=\"font-family: arial, helvetica, sans-serif; font-size: 12pt;\"><a href=\"https:\/\/welcome-ontour.de\/wordpress\/wp-content\/uploads\/2021\/11\/phoca_thumb_l_2021-08-18-05.jpg\" target=\"_blank\" rel=\"noopener noreferrer\"><img decoding=\"async\" class=\" size-full wp-image-16270\" title=\"icke\" src=\"https:\/\/welcome-ontour.de\/wordpress\/wp-content\/uploads\/2021\/11\/phoca_thumb_l_2021-08-18-05.jpg\" alt=\"\" width=\"307\" height=\"232\" srcset=\"https:\/\/welcome-ontour.de\/wordpress\/wp-content\/uploads\/2021\/11\/phoca_thumb_l_2021-08-18-05.jpg 400w, https:\/\/welcome-ontour.de\/wordpress\/wp-content\/uploads\/2021\/11\/phoca_thumb_l_2021-08-18-05-300x227.jpg 300w\" sizes=\"(max-width: 307px) 100vw, 307px\" \/><\/a>\u00a0 <img decoding=\"async\" class=\" size-full wp-image-16271\" title=\"Strand\" src=\"https:\/\/welcome-ontour.de\/wordpress\/wp-content\/uploads\/2021\/11\/phoca_thumb_l_2021-08-18-06.jpg\" alt=\"\" width=\"175\" height=\"232\" srcset=\"https:\/\/welcome-ontour.de\/wordpress\/wp-content\/uploads\/2021\/11\/phoca_thumb_l_2021-08-18-06.jpg 302w, https:\/\/welcome-ontour.de\/wordpress\/wp-content\/uploads\/2021\/11\/phoca_thumb_l_2021-08-18-06-227x300.jpg 227w\" sizes=\"(max-width: 175px) 100vw, 175px\" \/>\u00a0 <img decoding=\"async\" class=\" size-full wp-image-16272\" title=\"Prost Ute\" src=\"https:\/\/welcome-ontour.de\/wordpress\/wp-content\/uploads\/2021\/11\/phoca_thumb_l_2021-08-18-07.jpg\" alt=\"\" width=\"308\" height=\"232\" srcset=\"https:\/\/welcome-ontour.de\/wordpress\/wp-content\/uploads\/2021\/11\/phoca_thumb_l_2021-08-18-07.jpg 400w, https:\/\/welcome-ontour.de\/wordpress\/wp-content\/uploads\/2021\/11\/phoca_thumb_l_2021-08-18-07-300x226.jpg 300w\" sizes=\"(max-width: 308px) 100vw, 308px\" \/><\/span><\/p>\n<p style=\"text-align: center;\"><span style=\"font-family: arial, helvetica, sans-serif; font-size: 12pt;\"><img decoding=\"async\" class=\" size-full wp-image-16273\" title=\"Relax Ute\" src=\"https:\/\/welcome-ontour.de\/wordpress\/wp-content\/uploads\/2021\/11\/phoca_thumb_l_2021-08-18-08.jpg\" width=\"180\" height=\"322\" srcset=\"https:\/\/welcome-ontour.de\/wordpress\/wp-content\/uploads\/2021\/11\/phoca_thumb_l_2021-08-18-08.jpg 223w, https:\/\/welcome-ontour.de\/wordpress\/wp-content\/uploads\/2021\/11\/phoca_thumb_l_2021-08-18-08-167x300.jpg 167w\" sizes=\"(max-width: 180px) 100vw, 180px\" \/>\u00a0 <img decoding=\"async\" class=\" size-full wp-image-16274\" title=\"Strand\" src=\"https:\/\/welcome-ontour.de\/wordpress\/wp-content\/uploads\/2021\/11\/phoca_thumb_l_2021-08-18-09.jpg\" width=\"429\" height=\"322\" srcset=\"https:\/\/welcome-ontour.de\/wordpress\/wp-content\/uploads\/2021\/11\/phoca_thumb_l_2021-08-18-09.jpg 400w, https:\/\/welcome-ontour.de\/wordpress\/wp-content\/uploads\/2021\/11\/phoca_thumb_l_2021-08-18-09-300x226.jpg 300w\" sizes=\"(max-width: 429px) 100vw, 429px\" \/>\u00a0 <img decoding=\"async\" class=\" size-full wp-image-16275\" title=\"Beach Bar\" src=\"https:\/\/welcome-ontour.de\/wordpress\/wp-content\/uploads\/2021\/11\/phoca_thumb_l_2021-08-18-10.jpg\" width=\"180\" height=\"322\" srcset=\"https:\/\/welcome-ontour.de\/wordpress\/wp-content\/uploads\/2021\/11\/phoca_thumb_l_2021-08-18-10.jpg 223w, https:\/\/welcome-ontour.de\/wordpress\/wp-content\/uploads\/2021\/11\/phoca_thumb_l_2021-08-18-10-167x300.jpg 167w\" sizes=\"(max-width: 180px) 100vw, 180px\" \/><\/span><\/p>\n<p style=\"text-align: center;\"><span style=\"font-family: arial, helvetica, sans-serif; font-size: 12pt;\">\u00a0<\/span><\/p>\n<p style=\"text-align: center;\"><span style=\"font-family: arial, helvetica, sans-serif; font-size: 12pt;\">Abends immer wieder das gleiche Spiel.<\/span><\/p>\n<p style=\"text-align: center;\"><span style=\"font-family: arial, helvetica, sans-serif; font-size: 12pt;\">\u00a0<\/span><\/p>\n<p style=\"text-align: center;\"><span style=\"font-family: arial, helvetica, sans-serif; font-size: 12pt;\"><img decoding=\"async\" class=\" size-full wp-image-16276\" title=\"Abend B\u00fcfett\" src=\"https:\/\/welcome-ontour.de\/wordpress\/wp-content\/uploads\/2021\/11\/phoca_thumb_l_2021-08-18-11.jpg\" width=\"189\" height=\"250\" srcset=\"https:\/\/welcome-ontour.de\/wordpress\/wp-content\/uploads\/2021\/11\/phoca_thumb_l_2021-08-18-11.jpg 302w, https:\/\/welcome-ontour.de\/wordpress\/wp-content\/uploads\/2021\/11\/phoca_thumb_l_2021-08-18-11-227x300.jpg 227w\" sizes=\"(max-width: 189px) 100vw, 189px\" \/>\u00a0 <img decoding=\"async\" class=\" size-full wp-image-16277\" title=\"Abend B\u00fcfett\" src=\"https:\/\/welcome-ontour.de\/wordpress\/wp-content\/uploads\/2021\/11\/phoca_thumb_l_2021-08-18-12.jpg\" width=\"413\" height=\"250\" srcset=\"https:\/\/welcome-ontour.de\/wordpress\/wp-content\/uploads\/2021\/11\/phoca_thumb_l_2021-08-18-12.jpg 400w, https:\/\/welcome-ontour.de\/wordpress\/wp-content\/uploads\/2021\/11\/phoca_thumb_l_2021-08-18-12-300x182.jpg 300w\" sizes=\"(max-width: 413px) 100vw, 413px\" \/>\u00a0 <img decoding=\"async\" class=\" size-full wp-image-16278\" title=\"Sunset\" src=\"https:\/\/welcome-ontour.de\/wordpress\/wp-content\/uploads\/2021\/11\/phoca_thumb_l_2021-08-18-13.jpg\" width=\"189\" height=\"250\" srcset=\"https:\/\/welcome-ontour.de\/wordpress\/wp-content\/uploads\/2021\/11\/phoca_thumb_l_2021-08-18-13.jpg 302w, https:\/\/welcome-ontour.de\/wordpress\/wp-content\/uploads\/2021\/11\/phoca_thumb_l_2021-08-18-13-227x300.jpg 227w\" sizes=\"(max-width: 189px) 100vw, 189px\" \/><\/span><\/p>\n<p style=\"text-align: center;\"><span style=\"font-family: arial, helvetica, sans-serif; font-size: 12pt;\"><img decoding=\"async\" class=\" size-full wp-image-16279\" title=\"Abendspaziergang\" src=\"https:\/\/welcome-ontour.de\/wordpress\/wp-content\/uploads\/2021\/11\/phoca_thumb_l_2021-08-18-14.jpg\" alt=\"\" width=\"290\" height=\"384\" srcset=\"https:\/\/welcome-ontour.de\/wordpress\/wp-content\/uploads\/2021\/11\/phoca_thumb_l_2021-08-18-14.jpg 302w, https:\/\/welcome-ontour.de\/wordpress\/wp-content\/uploads\/2021\/11\/phoca_thumb_l_2021-08-18-14-227x300.jpg 227w\" sizes=\"(max-width: 290px) 100vw, 290px\" \/>\u00a0 <img decoding=\"async\" class=\" size-full wp-image-16280\" title=\"Sunset\" src=\"https:\/\/welcome-ontour.de\/wordpress\/wp-content\/uploads\/2021\/11\/phoca_thumb_l_2021-08-18-15.jpg\" alt=\"\" width=\"510\" height=\"384\" srcset=\"https:\/\/welcome-ontour.de\/wordpress\/wp-content\/uploads\/2021\/11\/phoca_thumb_l_2021-08-18-15.jpg 606w, https:\/\/welcome-ontour.de\/wordpress\/wp-content\/uploads\/2021\/11\/phoca_thumb_l_2021-08-18-15-300x226.jpg 300w\" sizes=\"(max-width: 510px) 100vw, 510px\" \/><\/span><\/p>\n<p style=\"text-align: center;\"><span style=\"font-family: arial, helvetica, sans-serif; font-size: 12pt;\">\u00a0<\/span><\/p>\n<p style=\"text-align: center;\"><span style=\"font-family: arial, helvetica, sans-serif; font-size: 12pt;\">Duschen \u2013 Dinner \u2013 Sunset \u2013 Bar.<\/span><\/p>\n<p style=\"text-align: center;\"><span style=\"font-family: arial, helvetica, sans-serif; font-size: 12pt;\">\u00a0<\/span><\/p>\n<p style=\"text-align: center;\"><span style=\"font-family: arial, helvetica, sans-serif; font-size: 12pt;\"><a href=\"https:\/\/welcome-ontour.de\/wordpress\/wp-content\/uploads\/2021\/11\/phoca_thumb_l_2021-08-18-16.jpg\" target=\"_blank\" rel=\"noopener noreferrer\"><img decoding=\"async\" class=\" size-full wp-image-16281\" title=\"Sonnenuntergang am Kap\" src=\"https:\/\/welcome-ontour.de\/wordpress\/wp-content\/uploads\/2021\/11\/phoca_thumb_l_2021-08-18-16.jpg\" alt=\"\" width=\"810\" height=\"385\" srcset=\"https:\/\/welcome-ontour.de\/wordpress\/wp-content\/uploads\/2021\/11\/phoca_thumb_l_2021-08-18-16.jpg 1606w, https:\/\/welcome-ontour.de\/wordpress\/wp-content\/uploads\/2021\/11\/phoca_thumb_l_2021-08-18-16-300x143.jpg 300w, https:\/\/welcome-ontour.de\/wordpress\/wp-content\/uploads\/2021\/11\/phoca_thumb_l_2021-08-18-16-700x333.jpg 700w, https:\/\/welcome-ontour.de\/wordpress\/wp-content\/uploads\/2021\/11\/phoca_thumb_l_2021-08-18-16-768x365.jpg 768w, https:\/\/welcome-ontour.de\/wordpress\/wp-content\/uploads\/2021\/11\/phoca_thumb_l_2021-08-18-16-1536x731.jpg 1536w\" sizes=\"(max-width: 810px) 100vw, 810px\" \/><\/a><\/span><\/p>\n<p style=\"text-align: center;\"><span style=\"font-family: arial, helvetica, sans-serif; font-size: 12pt;\">\u00a0<\/span><\/p>\n<p style=\"text-align: center;\"><span style=\"font-family: arial, helvetica, sans-serif; font-size: 12pt;\">Wobei wir heute Abend in der Bar erstmals mit dem ungem\u00fctlichen Bora Wind Bekanntschaft machen.<\/span><\/p>\n<p style=\"text-align: center;\"><span style=\"font-family: arial, helvetica, sans-serif; font-size: 12pt;\">\u00a0<\/span><\/p>\n<p style=\"text-align: center;\"><span style=\"font-family: arial, helvetica, sans-serif; font-size: 12pt;\">Gefahrene Kilometer: 0<\/span><\/p>\n<p style=\"text-align: center;\"><span style=\"font-family: arial, helvetica, sans-serif; font-size: 12pt;\">\u00a0<\/span><\/p>\n<p style=\"text-align: center;\"><span style=\"font-family: arial, helvetica, sans-serif; font-size: 12pt;\">Unterkunft: Pinija Hotel, Petrcane, 141\u20ac *****<\/span><\/p>\n<p style=\"text-align: center;\"><span style=\"font-family: arial, helvetica, sans-serif; font-size: 12pt;\">\u00a0<\/span><\/p>\n<p style=\"text-align: center;\"><span style=\"font-family: arial, helvetica, sans-serif; font-size: 12pt;\"><img decoding=\"async\" class=\" size-full wp-image-16178\" title=\"Kroatien 2021\" src=\"https:\/\/welcome-ontour.de\/wordpress\/wp-content\/uploads\/2021\/11\/phoca_thumb_l_2021-08-13-03.jpg\" width=\"250\" height=\"95\" \/><\/span><\/p>\n<p style=\"text-align: center;\"><span style=\"font-family: arial, helvetica, sans-serif; font-size: 12pt;\">\u00a0<\/span><\/p>\n<p style=\"text-align: center;\"><a href=\"https:\/\/welcome-ontour.de\/wordpress\/index.php\/2021-08-17\/\">&lt; zur\u00fcck<\/a>\u00a0 \u00a0 \u00a0 \u00a0 \u00a0 \u00a0 \u00a0 \u00a0 \u00a0 \u00a0 \u00a0 \u00a0 \u00a0 \u00a0 \u00a0 \u00a0 \u00a0 \u00a0 \u00a0 \u00a0 \u00a0 \u00a0 \u00a0 \u00a0 \u00a0 \u00a0 \u00a0 \u00a0 \u00a0 \u00a0 \u00a0 \u00a0 \u00a0 \u00a0 \u00a0 \u00a0 \u00a0 \u00a0 \u00a0 \u00a0 \u00a0 \u00a0 \u00a0 \u00a0 \u00a0 \u00a0 \u00a0 \u00a0 \u00a0 \u00a0 \u00a0 \u00a0 \u00a0 \u00a0 \u00a0 \u00a0 \u00a0 \u00a0 \u00a0 \u00a0 \u00a0 \u00a0 \u00a0 \u00a0 \u00a0 \u00a0 \u00a0 \u00a0 \u00a0 \u00a0 \u00a0 \u00a0 \u00a0 \u00a0 \u00a0 \u00a0 \u00a0 \u00a0 \u00a0 \u00a0 \u00a0 \u00a0 \u00a0 \u00a0 \u00a0 \u00a0 \u00a0 \u00a0 \u00a0 \u00a0 \u00a0 \u00a0 \u00a0 \u00a0 \u00a0 \u00a0 \u00a0 \u00a0 \u00a0\u00a0<a href=\"https:\/\/welcome-ontour.de\/wordpress\/index.php\/2021-08-19\/\">weiter &gt;<\/a><\/p>\n","protected":false},"excerpt":{"rendered":"<p>Prolog\u00a0 \u00a0 \u00a0\u00a0Anreise\u00a0 \u00a0 \u00a0\u00a0Petrcane\u00a0 \u00a0 \u00a0\u00a0Voyage\u00a0 \u00a0 \u00a0\u00a0Krka\u00a0\u00a0 \u00a0\u00a0Split\u00a0 \u00a0 \u00a0\u00a0Omis\/Brac\u00a0\u00a0 \u00a0\u00a0Sibenik\u00a0 \u00a0 \u00a0\u00a0Kornati\u00a0\u00a0 \u00a0\u00a0Zadar\u00a0 \u00a0 \u00a0\u00a0Relax\u00a0\u00a0 \u00a0\u00a0R\u00fcckreise\u00a0 \u00a0 \u00a0\u00a0Fazit \u00a0 &lt; zur\u00fcck\u00a0 \u00a0 \u00a0 \u00a0\u00a0 \u00a0 \u00a0 \u00a0 \u00a0 \u00a0 \u00a0 \u00a0 \u00a0 \u00a0 \u00a0 \u00a0 \u00a0 \u00a0 \u00a0 \u00a0 \u00a0 \u00a0 \u00a0 \u00a0 \u00a0 \u00a0 \u00a0 \u00a0 \u00a0 \u00a0 \u00a0 \u00a0 \u00a0 \u00a0 \u00a0 \u00a0 \u00a0 \u00a0 \u00a0 \u00a0 \u00a0 \u00a0 \u00a0 \u00a0 \u00a0 \u00a0 \u00a0 \u00a0 \u00a0 \u00a0 \u00a0 \u00a0 \u00a0 \u00a0 \u00a0 \u00a0 \u00a0 \u00a0 \u00a0 \u00a0 \u00a0 \u00a0 \u00a0 \u00a0 \u00a0 \u00a0 \u00a0 \u00a0 \u00a0 \u00a0 \u00a0 \u00a0 \u00a0 \u00a0 \u00a0 \u00a0 \u00a0 \u00a0 \u00a0 \u00a0 \u00a0 \u00a0 \u00a0 \u00a0 \u00a0 \u00a0 \u00a0 \u00a0 \u00a0 \u00a0 \u00a0 \u00a0 \u00a0 \u00a0 \u00a0 \u00a0 \u00a0 \u00a0 \u00a0 \u00a0 \u00a0 \u00a0 \u00a0\u00a0weiter &gt; \u00a0 Mi 18.8. \u00a0 Relax \u00a0 Problemlos schaffen wir es, jeden Tag zwischen acht und halb neun beim Breakfast B\u00fcfett zu sein. \u00a0 \u00a0 Immer an einem Tisch in der Morgensonne und immer mit viel Zeit. Wir k\u00f6nnten uns anschlie\u00dfend auch am sch\u00f6nen Pool niederlassen, aber am Meer gef\u00e4llt es uns einfach besser. \u00a0 \u00a0 \u00a0 Pl\u00e4ne, etwas in der Umgebung zu besuchen oder irgendwelche Highlights im gut sichtbaren Velebit-Gebirge anzufahren, haben wir zu den Akten gelegt. Das glasklare Meerwasser 30 m vom Hinterausgang des Hotels ist f\u00fcr uns Highlight genug. \u00a0 \u00a0 Einfach nur auf den bequemen Liegen entspannen, die Knochen von der Sonne durchw\u00e4rmen lassen, 5-6 Mal f\u00fcr bis zu 30 min im Meer schwimmen und sich bei Bedarf im Beachrestaurant mit Imbiss, Eis, Kaffee und Drinks versorgen, auch so kann Urlaub sein. \u00a0 \u00a0 \u00a0 \u00a0 \u00a0 \u00a0 Abends immer wieder das gleiche Spiel. \u00a0 \u00a0 \u00a0 \u00a0 \u00a0 Duschen \u2013 Dinner \u2013 Sunset \u2013 Bar. \u00a0 \u00a0 Wobei wir heute Abend in der Bar erstmals mit dem ungem\u00fctlichen Bora Wind Bekanntschaft machen. \u00a0 Gefahrene Kilometer: 0 \u00a0 Unterkunft: Pinija Hotel, Petrcane, 141\u20ac ***** \u00a0 \u00a0 &lt; zur\u00fcck\u00a0 \u00a0 \u00a0 \u00a0 \u00a0 \u00a0 \u00a0 \u00a0 \u00a0 \u00a0 \u00a0 \u00a0 \u00a0 \u00a0 \u00a0 \u00a0 \u00a0 \u00a0 \u00a0 \u00a0 \u00a0 \u00a0 \u00a0 \u00a0 \u00a0 \u00a0 \u00a0 \u00a0 \u00a0 \u00a0 \u00a0 \u00a0 \u00a0 \u00a0 \u00a0 \u00a0 \u00a0 \u00a0 \u00a0 \u00a0 \u00a0 \u00a0 \u00a0 \u00a0 \u00a0 \u00a0 \u00a0 \u00a0 \u00a0 \u00a0 \u00a0 \u00a0 \u00a0 \u00a0 \u00a0 \u00a0 \u00a0 \u00a0 \u00a0 \u00a0 \u00a0 \u00a0 \u00a0 \u00a0 \u00a0 \u00a0 \u00a0 \u00a0 \u00a0 \u00a0 \u00a0 \u00a0 \u00a0 \u00a0 \u00a0 \u00a0 \u00a0 \u00a0 \u00a0 \u00a0 \u00a0 \u00a0 \u00a0 \u00a0 \u00a0 \u00a0 \u00a0 \u00a0 \u00a0 \u00a0 \u00a0 \u00a0 \u00a0 \u00a0 \u00a0 \u00a0 \u00a0 \u00a0 \u00a0\u00a0weiter &gt;<\/p>\n","protected":false},"author":1,"featured_media":16266,"parent":0,"menu_order":14,"comment_status":"closed","ping_status":"closed","template":"","meta":{"footnotes":""},"class_list":["post-16282","page","type-page","status-publish","has-post-thumbnail","hentry"],"_links":{"self":[{"href":"https:\/\/welcome-ontour.de\/wordpress\/index.php\/wp-json\/wp\/v2\/pages\/16282","targetHints":{"allow":["GET"]}}],"collection":[{"href":"https:\/\/welcome-ontour.de\/wordpress\/index.php\/wp-json\/wp\/v2\/pages"}],"about":[{"href":"https:\/\/welcome-ontour.de\/wordpress\/index.php\/wp-json\/wp\/v2\/types\/page"}],"author":[{"embeddable":true,"href":"https:\/\/welcome-ontour.de\/wordpress\/index.php\/wp-json\/wp\/v2\/users\/1"}],"replies":[{"embeddable":true,"href":"https:\/\/welcome-ontour.de\/wordpress\/index.php\/wp-json\/wp\/v2\/comments?post=16282"}],"version-history":[{"count":1,"href":"https:\/\/welcome-ontour.de\/wordpress\/index.php\/wp-json\/wp\/v2\/pages\/16282\/revisions"}],"predecessor-version":[{"id":16708,"href":"https:\/\/welcome-ontour.de\/wordpress\/index.php\/wp-json\/wp\/v2\/pages\/16282\/revisions\/16708"}],"wp:featuredmedia":[{"embeddable":true,"href":"https:\/\/welcome-ontour.de\/wordpress\/index.php\/wp-json\/wp\/v2\/media\/16266"}],"wp:attachment":[{"href":"https:\/\/welcome-ontour.de\/wordpress\/index.php\/wp-json\/wp\/v2\/media?parent=16282"}],"curies":[{"name":"wp","href":"https:\/\/api.w.org\/{rel}","templated":true}]}}