{"id":14691,"date":"2021-06-07T09:46:46","date_gmt":"2021-06-07T09:46:46","guid":{"rendered":"https:\/\/welcome-ontour.de\/wordpress\/index.php\/2007-01-09-prolog\/"},"modified":"2022-06-30T23:06:40","modified_gmt":"2022-06-30T23:06:40","slug":"2007-01-09-prolog","status":"publish","type":"page","link":"https:\/\/welcome-ontour.de\/wordpress\/index.php\/2007-01-09-prolog\/","title":{"rendered":"2007 01 09 prolog"},"content":{"rendered":"<p style=\"text-align: center;\"><span style=\"font-size: 8pt;\"><a href=\"https:\/\/welcome-ontour.de\/wordpress\/index.php\/2007-01-09-prolog\/\">Prolog<\/a>\u00a0 \u00a0 \u00a0 \u00a0 \u00a0\u00a0<a href=\"https:\/\/welcome-ontour.de\/wordpress\/index.php\/2007-01-10\/\">Anreise<\/a>\u00a0 \u00a0 \u00a0 \u00a0 \u00a0\u00a0<a href=\"https:\/\/welcome-ontour.de\/wordpress\/index.php\/2007-01-11\/\">Palmitos<\/a>\u00a0 \u00a0 \u00a0 \u00a0 \u00a0\u00a0<a href=\"https:\/\/welcome-ontour.de\/wordpress\/index.php\/2007-01-12\/\">Mandelwanderung<\/a>\u00a0 \u00a0 \u00a0 \u00a0 \u00a0\u00a0<\/span><span style=\"font-size: 8pt;\"><a href=\"https:\/\/welcome-ontour.de\/wordpress\/index.php\/2007-01-13\/\">Strand&amp;D\u00fcnen<\/a>\u00a0 \u00a0 \u00a0 \u00a0 \u00a0\u00a0<a href=\"https:\/\/welcome-ontour.de\/wordpress\/index.php\/2007-01-14\/\">Gipfelsturm<\/a>\u00a0\u00a0 \u00a0 \u00a0 \u00a0\u00a0<a href=\"https:\/\/welcome-ontour.de\/wordpress\/index.php\/2007-01-15\/\">Soria<\/a>\u00a0 \u00a0 \u00a0 \u00a0 \u00a0\u00a0<a href=\"https:\/\/welcome-ontour.de\/wordpress\/index.php\/2007-01-16\/\">Relax<\/a>\u00a0\u00a0 \u00a0 \u00a0 \u00a0 \u00a0\u00a0<a href=\"https:\/\/welcome-ontour.de\/wordpress\/index.php\/2007-01-17\/\">R\u00fcckreise<\/a>\u00a0\u00a0 \u00a0 \u00a0 \u00a0 \u00a0<a href=\"https:\/\/welcome-ontour.de\/wordpress\/index.php\/2007-01-18-fazit\/\">Fazit<\/a><\/span><\/p>\n<p>\u00a0<\/p>\n<p style=\"text-align: center;\"><a href=\"http:\/\/www.welcome-ontour.de\/alle-reiseberichte\">&lt; Reiseberichte<\/a>\u00a0 \u00a0 \u00a0 \u00a0 \u00a0 \u00a0 \u00a0 \u00a0 \u00a0 \u00a0 \u00a0 \u00a0 \u00a0 \u00a0 \u00a0 \u00a0 \u00a0 \u00a0 \u00a0 \u00a0 \u00a0 \u00a0 \u00a0 \u00a0 \u00a0 \u00a0 \u00a0 \u00a0 \u00a0 \u00a0 \u00a0 \u00a0 \u00a0 \u00a0 \u00a0 \u00a0 \u00a0 \u00a0 \u00a0 \u00a0 \u00a0 \u00a0 \u00a0 \u00a0 \u00a0 \u00a0 \u00a0 \u00a0 \u00a0 \u00a0 \u00a0 \u00a0 \u00a0 \u00a0 \u00a0 \u00a0 \u00a0 \u00a0 \u00a0 \u00a0 \u00a0 \u00a0 \u00a0 \u00a0 \u00a0 \u00a0 \u00a0 \u00a0 \u00a0 \u00a0 \u00a0 \u00a0 \u00a0 \u00a0 \u00a0 \u00a0 \u00a0 \u00a0 \u00a0 \u00a0 \u00a0 \u00a0 \u00a0 \u00a0 \u00a0 \u00a0 \u00a0 \u00a0 \u00a0 \u00a0 \u00a0 \u00a0<a href=\"https:\/\/welcome-ontour.de\/wordpress\/index.php\/2007-01-10\/\">weiter &gt;<\/a><\/p>\n<p style=\"text-align: center;\">\u00a0<\/p>\n<p style=\"text-align: center;\"><span style=\"font-family: arial, helvetica, sans-serif; font-size: 12pt;\"><span style=\"font-size: 24pt;\"><strong>On An Island<\/strong><\/span><\/span><\/p>\n<p style=\"text-align: center;\"><span style=\"font-size: 18pt;\"><strong><span style=\"font-family: arial, helvetica, sans-serif;\">\u00a0<\/span><\/strong><\/span><\/p>\n<p style=\"text-align: center;\"><span style=\"font-size: 18pt;\"><strong><span style=\"font-family: arial, helvetica, sans-serif;\">Gran Canaria 2007<\/span><\/strong><\/span><\/p>\n<p style=\"text-align: center;\"><span style=\"font-family: arial, helvetica, sans-serif; font-size: 12pt;\">\u00a0<\/span><\/p>\n<p style=\"text-align: center;\"><span style=\"font-family: arial, helvetica, sans-serif; font-size: 12pt;\"><a href=\"https:\/\/welcome-ontour.de\/wordpress\/wp-content\/uploads\/2021\/06\/phoca_thumb_l_2007-01-09-001.jpg\" target=\"_blank\" rel=\"noopener noreferrer\"><img decoding=\"async\" class=\" size-full wp-image-14689\" title=\"Kanaren\" src=\"https:\/\/welcome-ontour.de\/wordpress\/wp-content\/uploads\/2021\/06\/phoca_thumb_l_2007-01-09-001.jpg\" alt=\"\" width=\"700\" height=\"287\" srcset=\"https:\/\/welcome-ontour.de\/wordpress\/wp-content\/uploads\/2021\/06\/phoca_thumb_l_2007-01-09-001.jpg 1006w, https:\/\/welcome-ontour.de\/wordpress\/wp-content\/uploads\/2021\/06\/phoca_thumb_l_2007-01-09-001-300x123.jpg 300w, https:\/\/welcome-ontour.de\/wordpress\/wp-content\/uploads\/2021\/06\/phoca_thumb_l_2007-01-09-001-768x315.jpg 768w\" sizes=\"(max-width: 700px) 100vw, 700px\" \/><\/a><\/span><\/p>\n<p style=\"text-align: center;\"><span style=\"font-family: arial, helvetica, sans-serif; font-size: 12pt;\">\u00a0<\/span><\/p>\n<p style=\"text-align: center;\"><span style=\"font-size: 14pt;\"><strong><span style=\"font-family: arial, helvetica, sans-serif;\">Prolog<\/span><\/strong><\/span><\/p>\n<p style=\"text-align: center;\"><span style=\"font-family: arial, helvetica, sans-serif; font-size: 12pt;\">\u00a0<\/span><\/p>\n<p style=\"text-align: center;\"><span style=\"font-family: arial, helvetica, sans-serif; font-size: 12pt;\">Ende 2006 beschlie\u00dfen wir, mal eine Winterreise auf die Kanarischen Inseln zu machen.<\/span><\/p>\n<p style=\"text-align: center;\"><span style=\"font-family: arial, helvetica, sans-serif; font-size: 12pt;\">Die Reise f\u00fchrt nach Gran Canaria und unsere Tochter wird uns begleiten.<\/span><\/p>\n<p style=\"text-align: center;\"><span style=\"font-family: arial, helvetica, sans-serif; font-size: 12pt;\">Wir buchen f\u00fcr Januar 2007 eine Woche All Inklusive in einem Club-Resort an der Playa del Aguila.<\/span><\/p>\n<p style=\"text-align: center;\"><span style=\"font-family: arial, helvetica, sans-serif; font-size: 12pt;\">Die Bewertungen sind gut und die Gesamtkosten der Pauschalreise unschlagbar g\u00fcnstig.<\/span><\/p>\n<p style=\"text-align: center;\"><span style=\"font-family: arial, helvetica, sans-serif; font-size: 12pt;\">Am Vorabend werden die Koffer gepackt und Wecker gestellt.<\/span><\/p>\n<p style=\"text-align: center;\"><span style=\"font-family: arial, helvetica, sans-serif; font-size: 12pt;\">\u00a0<\/span><\/p>\n<p><span style=\"font-family: arial, helvetica, sans-serif; font-size: 12pt;\"><img decoding=\"async\" class=\" size-full wp-image-14690\" style=\"display: block; margin-left: auto; margin-right: auto;\" title=\"Gran Canaria\" src=\"https:\/\/welcome-ontour.de\/wordpress\/wp-content\/uploads\/2021\/06\/phoca_thumb_l_2007-01-09-02.jpg\" width=\"133\" height=\"109\" \/><\/span><\/p>\n<p>\u00a0<\/p>\n<p style=\"text-align: center;\"><span style=\"font-size: 12pt;\"><span style=\"font-family: arial, helvetica, sans-serif;\">\u00a0<\/span><\/span><\/p>\n<p style=\"text-align: center;\"><span style=\"font-size: 10pt;\"><span style=\"font-family: arial, helvetica, sans-serif;\"><a href=\"http:\/\/www.welcome-ontour.de\/alle-reiseberichte\">&lt; Reiseberichte<\/a>\u00a0 \u00a0 \u00a0 \u00a0 \u00a0 \u00a0 \u00a0 \u00a0 \u00a0 \u00a0 \u00a0 \u00a0 \u00a0 \u00a0 \u00a0 \u00a0 \u00a0 \u00a0 \u00a0 \u00a0 \u00a0 \u00a0 \u00a0 \u00a0 \u00a0 \u00a0 \u00a0 \u00a0 \u00a0 \u00a0 \u00a0 \u00a0 \u00a0 \u00a0 \u00a0 \u00a0 \u00a0 \u00a0 \u00a0 \u00a0 \u00a0 \u00a0 \u00a0 \u00a0 \u00a0 \u00a0 \u00a0 \u00a0 \u00a0 \u00a0 \u00a0 \u00a0 \u00a0 \u00a0 \u00a0 \u00a0 \u00a0 \u00a0 \u00a0 \u00a0 \u00a0 \u00a0 \u00a0 \u00a0 \u00a0 \u00a0 \u00a0 \u00a0 \u00a0 \u00a0 \u00a0 \u00a0 \u00a0 \u00a0 \u00a0 \u00a0 \u00a0 \u00a0 \u00a0 \u00a0 \u00a0 \u00a0 \u00a0 \u00a0 \u00a0 \u00a0 \u00a0 \u00a0 \u00a0 \u00a0 \u00a0 \u00a0<a href=\"https:\/\/welcome-ontour.de\/wordpress\/index.php\/2007-01-10\/\">weiter &gt;<\/a><\/span><\/span><\/p>\n","protected":false},"excerpt":{"rendered":"<p>Prolog\u00a0 \u00a0 \u00a0 \u00a0 \u00a0\u00a0Anreise\u00a0 \u00a0 \u00a0 \u00a0 \u00a0\u00a0Palmitos\u00a0 \u00a0 \u00a0 \u00a0 \u00a0\u00a0Mandelwanderung\u00a0 \u00a0 \u00a0 \u00a0 \u00a0\u00a0Strand&amp;D\u00fcnen\u00a0 \u00a0 \u00a0 \u00a0 \u00a0\u00a0Gipfelsturm\u00a0\u00a0 \u00a0 \u00a0 \u00a0\u00a0Soria\u00a0 \u00a0 \u00a0 \u00a0 \u00a0\u00a0Relax\u00a0\u00a0 \u00a0 \u00a0 \u00a0 \u00a0\u00a0R\u00fcckreise\u00a0\u00a0 \u00a0 \u00a0 \u00a0 \u00a0Fazit \u00a0 &lt; Reiseberichte\u00a0 \u00a0 \u00a0 \u00a0 \u00a0 \u00a0 \u00a0 \u00a0 \u00a0 \u00a0 \u00a0 \u00a0 \u00a0 \u00a0 \u00a0 \u00a0 \u00a0 \u00a0 \u00a0 \u00a0 \u00a0 \u00a0 \u00a0 \u00a0 \u00a0 \u00a0 \u00a0 \u00a0 \u00a0 \u00a0 \u00a0 \u00a0 \u00a0 \u00a0 \u00a0 \u00a0 \u00a0 \u00a0 \u00a0 \u00a0 \u00a0 \u00a0 \u00a0 \u00a0 \u00a0 \u00a0 \u00a0 \u00a0 \u00a0 \u00a0 \u00a0 \u00a0 \u00a0 \u00a0 \u00a0 \u00a0 \u00a0 \u00a0 \u00a0 \u00a0 \u00a0 \u00a0 \u00a0 \u00a0 \u00a0 \u00a0 \u00a0 \u00a0 \u00a0 \u00a0 \u00a0 \u00a0 \u00a0 \u00a0 \u00a0 \u00a0 \u00a0 \u00a0 \u00a0 \u00a0 \u00a0 \u00a0 \u00a0 \u00a0 \u00a0 \u00a0 \u00a0 \u00a0 \u00a0 \u00a0 \u00a0 \u00a0weiter &gt; \u00a0 On An Island \u00a0 Gran Canaria 2007 \u00a0 \u00a0 Prolog \u00a0 Ende 2006 beschlie\u00dfen wir, mal eine Winterreise auf die Kanarischen Inseln zu machen. Die Reise f\u00fchrt nach Gran Canaria und unsere Tochter wird uns begleiten. Wir buchen f\u00fcr Januar 2007 eine Woche All Inklusive in einem Club-Resort an der Playa del Aguila. Die Bewertungen sind gut und die Gesamtkosten der Pauschalreise unschlagbar g\u00fcnstig. Am Vorabend werden die Koffer gepackt und Wecker gestellt. \u00a0 \u00a0 \u00a0 &lt; Reiseberichte\u00a0 \u00a0 \u00a0 \u00a0 \u00a0 \u00a0 \u00a0 \u00a0 \u00a0 \u00a0 \u00a0 \u00a0 \u00a0 \u00a0 \u00a0 \u00a0 \u00a0 \u00a0 \u00a0 \u00a0 \u00a0 \u00a0 \u00a0 \u00a0 \u00a0 \u00a0 \u00a0 \u00a0 \u00a0 \u00a0 \u00a0 \u00a0 \u00a0 \u00a0 \u00a0 \u00a0 \u00a0 \u00a0 \u00a0 \u00a0 \u00a0 \u00a0 \u00a0 \u00a0 \u00a0 \u00a0 \u00a0 \u00a0 \u00a0 \u00a0 \u00a0 \u00a0 \u00a0 \u00a0 \u00a0 \u00a0 \u00a0 \u00a0 \u00a0 \u00a0 \u00a0 \u00a0 \u00a0 \u00a0 \u00a0 \u00a0 \u00a0 \u00a0 \u00a0 \u00a0 \u00a0 \u00a0 \u00a0 \u00a0 \u00a0 \u00a0 \u00a0 \u00a0 \u00a0 \u00a0 \u00a0 \u00a0 \u00a0 \u00a0 \u00a0 \u00a0 \u00a0 \u00a0 \u00a0 \u00a0 \u00a0 \u00a0weiter &gt;<\/p>\n","protected":false},"author":1,"featured_media":14689,"parent":0,"menu_order":9,"comment_status":"closed","ping_status":"closed","template":"","meta":{"footnotes":""},"class_list":["post-14691","page","type-page","status-publish","has-post-thumbnail","hentry"],"_links":{"self":[{"href":"https:\/\/welcome-ontour.de\/wordpress\/index.php\/wp-json\/wp\/v2\/pages\/14691","targetHints":{"allow":["GET"]}}],"collection":[{"href":"https:\/\/welcome-ontour.de\/wordpress\/index.php\/wp-json\/wp\/v2\/pages"}],"about":[{"href":"https:\/\/welcome-ontour.de\/wordpress\/index.php\/wp-json\/wp\/v2\/types\/page"}],"author":[{"embeddable":true,"href":"https:\/\/welcome-ontour.de\/wordpress\/index.php\/wp-json\/wp\/v2\/users\/1"}],"replies":[{"embeddable":true,"href":"https:\/\/welcome-ontour.de\/wordpress\/index.php\/wp-json\/wp\/v2\/comments?post=14691"}],"version-history":[{"count":1,"href":"https:\/\/welcome-ontour.de\/wordpress\/index.php\/wp-json\/wp\/v2\/pages\/14691\/revisions"}],"predecessor-version":[{"id":15016,"href":"https:\/\/welcome-ontour.de\/wordpress\/index.php\/wp-json\/wp\/v2\/pages\/14691\/revisions\/15016"}],"wp:featuredmedia":[{"embeddable":true,"href":"https:\/\/welcome-ontour.de\/wordpress\/index.php\/wp-json\/wp\/v2\/media\/14689"}],"wp:attachment":[{"href":"https:\/\/welcome-ontour.de\/wordpress\/index.php\/wp-json\/wp\/v2\/media?parent=14691"}],"curies":[{"name":"wp","href":"https:\/\/api.w.org\/{rel}","templated":true}]}}

<p style="text-align: center;"><span style="font-size: 8pt;"><a href="https://welcome-ontour.de/wordpress/index.php/2007-01-09-prolog/">Prolog</a>          <a href="https://welcome-ontour.de/wordpress/index.php/2007-01-10/">Anreise</a>          <a href="https://welcome-ontour.de/wordpress/index.php/2007-01-11/">Palmitos</a>          <a href="https://welcome-ontour.de/wordpress/index.php/2007-01-12/">Mandelwanderung</a>          </span><span style="font-size: 8pt;"><a href="https://welcome-ontour.de/wordpress/index.php/2007-01-13/">Strand&amp;Dünen</a>          <a href="https://welcome-ontour.de/wordpress/index.php/2007-01-14/">Gipfelsturm</a>         <a href="https://welcome-ontour.de/wordpress/index.php/2007-01-15/">Soria</a>          <a href="https://welcome-ontour.de/wordpress/index.php/2007-01-16/">Relax</a>           <a href="https://welcome-ontour.de/wordpress/index.php/2007-01-17/">Rückreise</a>          <a href="https://welcome-ontour.de/wordpress/index.php/2007-01-18-fazit/">Fazit</a></span></p>
<p> </p>
<p style="text-align: center;"><a href="http://www.welcome-ontour.de/alle-reiseberichte">&lt; Reiseberichte</a>                                                                                                                                                                                       <a href="https://welcome-ontour.de/wordpress/index.php/2007-01-10/">weiter &gt;</a></p>
<p style="text-align: center;"> </p>
<p style="text-align: center;"><span style="font-family: arial, helvetica, sans-serif; font-size: 12pt;"><span style="font-size: 24pt;"><strong>On An Island</strong></span></span></p>
<p style="text-align: center;"><span style="font-size: 18pt;"><strong><span style="font-family: arial, helvetica, sans-serif;"> </span></strong></span></p>
<p style="text-align: center;"><span style="font-size: 18pt;"><strong><span style="font-family: arial, helvetica, sans-serif;">Gran Canaria 2007</span></strong></span></p>
<p style="text-align: center;"><span style="font-family: arial, helvetica, sans-serif; font-size: 12pt;"> </span></p>
<p style="text-align: center;"><span style="font-family: arial, helvetica, sans-serif; font-size: 12pt;"><a href="https://welcome-ontour.de/wordpress/wp-content/uploads/2021/06/phoca_thumb_l_2007-01-09-001.jpg" target="_blank" rel="noopener noreferrer"><img decoding="async" class=" size-full wp-image-14689" title="Kanaren" src="https://welcome-ontour.de/wordpress/wp-content/uploads/2021/06/phoca_thumb_l_2007-01-09-001.jpg" alt="" width="700" height="287" srcset="https://welcome-ontour.de/wordpress/wp-content/uploads/2021/06/phoca_thumb_l_2007-01-09-001.jpg 1006w, https://welcome-ontour.de/wordpress/wp-content/uploads/2021/06/phoca_thumb_l_2007-01-09-001-300x123.jpg 300w, https://welcome-ontour.de/wordpress/wp-content/uploads/2021/06/phoca_thumb_l_2007-01-09-001-768x315.jpg 768w" sizes="(max-width: 700px) 100vw, 700px" /></a></span></p>
<p style="text-align: center;"><span style="font-family: arial, helvetica, sans-serif; font-size: 12pt;"> </span></p>
<p style="text-align: center;"><span style="font-size: 14pt;"><strong><span style="font-family: arial, helvetica, sans-serif;">Prolog</span></strong></span></p>
<p style="text-align: center;"><span style="font-family: arial, helvetica, sans-serif; font-size: 12pt;"> </span></p>
<p style="text-align: center;"><span style="font-family: arial, helvetica, sans-serif; font-size: 12pt;">Ende 2006 beschließen wir, mal eine Winterreise auf die Kanarischen Inseln zu machen.</span></p>
<p style="text-align: center;"><span style="font-family: arial, helvetica, sans-serif; font-size: 12pt;">Die Reise führt nach Gran Canaria und unsere Tochter wird uns begleiten.</span></p>
<p style="text-align: center;"><span style="font-family: arial, helvetica, sans-serif; font-size: 12pt;">Wir buchen für Januar 2007 eine Woche All Inklusive in einem Club-Resort an der Playa del Aguila.</span></p>
<p style="text-align: center;"><span style="font-family: arial, helvetica, sans-serif; font-size: 12pt;">Die Bewertungen sind gut und die Gesamtkosten der Pauschalreise unschlagbar günstig.</span></p>
<p style="text-align: center;"><span style="font-family: arial, helvetica, sans-serif; font-size: 12pt;">Am Vorabend werden die Koffer gepackt und Wecker gestellt.</span></p>
<p style="text-align: center;"><span style="font-family: arial, helvetica, sans-serif; font-size: 12pt;"> </span></p>
<p><span style="font-family: arial, helvetica, sans-serif; font-size: 12pt;"><img decoding="async" class=" size-full wp-image-14690" style="display: block; margin-left: auto; margin-right: auto;" title="Gran Canaria" src="https://welcome-ontour.de/wordpress/wp-content/uploads/2021/06/phoca_thumb_l_2007-01-09-02.jpg" width="133" height="109" /></span></p>
<p> </p>
<p style="text-align: center;"><span style="font-size: 12pt;"><span style="font-family: arial, helvetica, sans-serif;"> </span></span></p>
<p style="text-align: center;"><span style="font-size: 10pt;"><span style="font-family: arial, helvetica, sans-serif;"><a href="http://www.welcome-ontour.de/alle-reiseberichte">&lt; Reiseberichte</a>                                                                                                                                                                                       <a href="https://welcome-ontour.de/wordpress/index.php/2007-01-10/">weiter &gt;</a></span></span></p>

<p>Prolog          Anreise          Palmitos          Mandelwanderung          Strand&amp;Dünen          Gipfelsturm         Soria          Relax           Rückreise          Fazit   &lt; Reiseberichte                                                                                                                                                                                       weiter &gt;   On An Island   Gran Canaria 2007     Prolog   Ende 2006 beschließen wir, mal eine Winterreise auf die Kanarischen Inseln zu machen. Die Reise führt nach Gran Canaria und unsere Tochter wird uns begleiten. Wir buchen für Januar 2007 eine Woche All Inklusive in einem Club-Resort an der Playa del Aguila. Die Bewertungen sind gut und die Gesamtkosten der Pauschalreise unschlagbar günstig. Am Vorabend werden die Koffer gepackt und Wecker gestellt.       &lt; Reiseberichte                                                                                                                                                                                       weiter &gt;</p>
