{"id":12938,"date":"2020-12-28T12:36:13","date_gmt":"2020-12-28T12:36:13","guid":{"rendered":"https:\/\/welcome-ontour.de\/wordpress\/index.php\/2020-09-05-prolog\/"},"modified":"2025-03-01T11:16:16","modified_gmt":"2025-03-01T11:16:16","slug":"2020-09-05-prolog","status":"publish","type":"page","link":"https:\/\/welcome-ontour.de\/wordpress\/index.php\/2020-09-05-prolog\/","title":{"rendered":"2020 09 05 prolog"},"content":{"rendered":"<p><\/p>\r\n<p class=\"has-text-align-center\" style=\"text-align: center;\"><span style=\"font-size: 8pt; font-family: arial, helvetica, sans-serif;\"><a href=\"https:\/\/welcome-ontour.de\/wordpress\/index.php\/2020-09-05-prolog\/\">Prolog<\/a>\u00a0 \u00a0 \u00a0 \u00a0<a href=\"https:\/\/welcome-ontour.de\/wordpress\/index.php\/2020-09-05-prolog-2\/\">Anreise<\/a>\u00a0 \u00a0 \u00a0 \u00a0<a href=\"https:\/\/welcome-ontour.de\/wordpress\/index.php\/2020-09-07\/\">Castelsardo<\/a>\u00a0 \u00a0 \u00a0 \u00a0<a href=\"https:\/\/welcome-ontour.de\/wordpress\/index.php\/2020-09-08\/\">Stintino<\/a>\u00a0 \u00a0 \u00a0 \u00a0<a href=\"https:\/\/welcome-ontour.de\/wordpress\/index.php\/2020-09-09\/\">Cabo Testa<\/a>\u00a0 \u00a0 \u00a0\u00a0<a href=\"https:\/\/welcome-ontour.de\/wordpress\/index.php\/2020-09-10\/\">Badesi<\/a>\u00a0 \u00a0 \u00a0\u00a0<a href=\"https:\/\/welcome-ontour.de\/wordpress\/index.php\/2020-09-11\/\">Alghero<\/a>\u00a0 \u00a0 \u00a0 <a href=\"https:\/\/welcome-ontour.de\/wordpress\/index.php\/2020-09-13\/\">Grotta Nettuno<\/a>\u00a0 \u00a0 \u00a0<a href=\"https:\/\/welcome-ontour.de\/wordpress\/index.php\/2020-09-14\/\">Torregrande<\/a>\u00a0 \u00a0 \u00a0\u00a0<a href=\"https:\/\/welcome-ontour.de\/wordpress\/index.php\/2020-09-15\/\">Arutas<\/a>\u00a0 \u00a0 \u00a0<a href=\"https:\/\/welcome-ontour.de\/wordpress\/index.php\/2020-09-16\/\">Oristano<\/a>\u00a0 \u00a0 \u00a0 <a href=\"https:\/\/welcome-ontour.de\/wordpress\/index.php\/2020-09-17\/\">Cagliari<\/a> \u00a0 \u00a0 <a href=\"https:\/\/welcome-ontour.de\/wordpress\/index.php\/2020-09-18\/\">Giudeu<\/a><\/span><\/p>\r\n<p style=\"text-align: center;\"><span style=\"font-family: arial, helvetica, sans-serif; font-size: 8pt;\"><\/span><\/p>\r\n<p><\/p>\r\n<p class=\"has-text-align-center\" style=\"text-align: center;\"><span style=\"font-size: 8pt; font-family: arial, helvetica, sans-serif;\"><a href=\"https:\/\/welcome-ontour.de\/wordpress\/index.php\/2020-09-19\/\">Simius<\/a> \u00a0 \u00a0 <a href=\"https:\/\/welcome-ontour.de\/wordpress\/index.php\/2020-09-20\/\">Santa Maria Navarrese<\/a>\u00a0 \u00a0 \u00a0 <a href=\"https:\/\/welcome-ontour.de\/wordpress\/index.php\/2020-09-21\/\">Bootstour<\/a> \u00a0 \u00a0 <a href=\"https:\/\/welcome-ontour.de\/wordpress\/index.php\/2020-09-22\/\">Milanese<\/a>\u00a0 \u00a0 \u00a0 <a href=\"https:\/\/welcome-ontour.de\/wordpress\/index.php\/2020-09-23\/\">Olbia<\/a> \u00a0 \u00a0 <a href=\"https:\/\/welcome-ontour.de\/wordpress\/index.php\/2020-09-24\/\">Costa Dorata<\/a>\u00a0 \u00a0 \u00a0 <a href=\"https:\/\/welcome-ontour.de\/wordpress\/index.php\/2020-09-25\/\">Costa Smeralda<\/a> \u00a0 \u00a0 <a href=\"https:\/\/welcome-ontour.de\/wordpress\/index.php\/2020-09-26\/\">Spiaggia Bianca<\/a> \u00a0 \u00a0 \u00a0<a href=\"https:\/\/welcome-ontour.de\/wordpress\/index.php\/2020-09-27\/\">R\u00fcckreise<\/a>\u00a0 \u00a0 \u00a0 \u00a0<a href=\"https:\/\/welcome-ontour.de\/wordpress\/index.php\/2020-09-28-fazit\/\">Fazit<\/a><\/span><\/p>\r\n<p><\/p>\r\n<p><\/p>\r\n<p><\/p>\r\n<p><\/p>\r\n<div class=\"wp-block-buttons is-layout-flex wp-block-buttons-is-layout-flex\" style=\"text-align: center;\">\u00a0<\/div>\r\n<p><\/p>\r\n<p><\/p>\r\n<div class=\"wp-block-columns is-layout-flex wp-container-core-columns-is-layout-28f84493 wp-block-columns-is-layout-flex\" style=\"text-align: center;\">\r\n<p><\/p>\r\n<div class=\"wp-block-column is-layout-flow wp-block-column-is-layout-flow\" style=\"flex-basis: 50%;\">\r\n<p><\/p>\r\n<p align=\"left\"><span style=\"font-family: arial, helvetica, sans-serif; font-size: 10pt;\"><a href=\"https:\/\/welcome-ontour.de\/wordpress\/index.php\/reiseberichte\/\">&lt; Reiseberichte<\/a><\/span><\/p>\r\n<p><span style=\"font-family: arial, helvetica, sans-serif; font-size: 10pt;\"><\/span><\/p>\r\n<\/div>\r\n<p><span style=\"font-family: arial, helvetica, sans-serif; font-size: 10pt;\"><\/span><\/p>\r\n<p><\/p>\r\n<div class=\"wp-block-column is-layout-flow wp-block-column-is-layout-flow\" style=\"flex-basis: 50%;\">\r\n<p><span style=\"font-family: arial, helvetica, sans-serif; font-size: 10pt;\"><\/span><\/p>\r\n<p align=\"right\"><span style=\"font-family: arial, helvetica, sans-serif; font-size: 10pt;\"><a href=\"https:\/\/welcome-ontour.de\/wordpress\/index.php\/2020-09-05-prolog-2\/\">weiter &gt;<\/a><\/span><\/p>\r\n<p align=\"right\">\u00a0<\/p>\r\n<p><\/p>\r\n<\/div>\r\n<p><\/p>\r\n<\/div>\r\n<p><\/p>\r\n<p><\/p>\r\n<p class=\"has-text-align-center\" style=\"text-align: center;\"><span style=\"font-size: 24pt;\"><strong><span style=\"font-family: arial, helvetica, sans-serif;\">Dream On<\/span><\/strong><\/span><\/p>\r\n<p><\/p>\r\n<p><\/p>\r\n<p class=\"has-text-align-center\" style=\"text-align: center;\"><span style=\"font-size: 18pt;\"><strong><span style=\"font-family: arial, helvetica, sans-serif;\">\u00a0<\/span><\/strong><\/span><\/p>\r\n<p><\/p>\r\n<p><\/p>\r\n<p class=\"has-text-align-center\" style=\"text-align: center;\"><span style=\"font-size: 18pt;\"><strong><span style=\"font-family: arial, helvetica, sans-serif;\">Sardinien 2020<\/span><\/strong><\/span><\/p>\r\n<p>&nbsp;<\/p>\r\n<p><a href=\"https:\/\/welcome-ontour.de\/wordpress\/wp-content\/uploads\/2020\/12\/phoca_thumb_l_2020-09-28-01.jpg\" target=\"_blank\" rel=\"noopener\"><img decoding=\"async\" class=\"aligncenter wp-image-13401\" src=\"https:\/\/welcome-ontour.de\/wordpress\/wp-content\/uploads\/2020\/12\/phoca_thumb_l_2020-09-28-01.jpg\" alt=\"\" width=\"810\" height=\"223\" srcset=\"https:\/\/welcome-ontour.de\/wordpress\/wp-content\/uploads\/2020\/12\/phoca_thumb_l_2020-09-28-01.jpg 1606w, https:\/\/welcome-ontour.de\/wordpress\/wp-content\/uploads\/2020\/12\/phoca_thumb_l_2020-09-28-01-300x83.jpg 300w, https:\/\/welcome-ontour.de\/wordpress\/wp-content\/uploads\/2020\/12\/phoca_thumb_l_2020-09-28-01-1024x282.jpg 1024w, https:\/\/welcome-ontour.de\/wordpress\/wp-content\/uploads\/2020\/12\/phoca_thumb_l_2020-09-28-01-768x212.jpg 768w, https:\/\/welcome-ontour.de\/wordpress\/wp-content\/uploads\/2020\/12\/phoca_thumb_l_2020-09-28-01-1536x424.jpg 1536w, https:\/\/welcome-ontour.de\/wordpress\/wp-content\/uploads\/2020\/12\/phoca_thumb_l_2020-09-28-01-1568x433.jpg 1568w\" sizes=\"(max-width: 810px) 100vw, 810px\" \/><\/a><\/p>\r\n<p style=\"text-align: center;\"><\/p>\r\n<p style=\"text-align: center;\"><\/p>\r\n<p style=\"text-align: center;\"><\/p>\r\n<p style=\"text-align: center;\"><\/p>\r\n<p style=\"text-align: center;\"><\/p>\r\n<p style=\"text-align: center;\"><\/p>\r\n<p style=\"text-align: center;\"><\/p>\r\n<p class=\"has-text-align-center\" style=\"text-align: center;\"><span style=\"font-family: arial, helvetica, sans-serif; font-size: 12pt;\">\u00a0<\/span><\/p>\r\n<p style=\"text-align: center;\"><\/p>\r\n<p style=\"text-align: center;\"><\/p>\r\n<p class=\"has-text-align-center\" style=\"text-align: center;\"><span style=\"font-size: 14pt;\"><strong><span style=\"font-family: arial, helvetica, sans-serif;\">Prolog<\/span><\/strong><\/span><\/p>\r\n<p><\/p>\r\n<p><\/p>\r\n<p><\/p>\r\n<p><\/p>\r\n<p class=\"has-text-align-center\" style=\"text-align: center;\"><span style=\"font-size: 12pt;\"><span style=\"font-family: arial, helvetica, sans-serif;\">Zu dieser Tour ist ein ungewohnt l\u00e4ngeres Vorwort n\u00f6tig.<\/span><\/span><\/p>\r\n<p><\/p>\r\n<p><\/p>\r\n<p class=\"has-text-align-center\" style=\"text-align: center;\"><span style=\"font-size: 12pt;\"><span style=\"font-family: arial, helvetica, sans-serif;\">Weihnachten 2019 ergattern wir g\u00fcnstige Fl\u00fcge f\u00fcr September 2020 nach Atlanta.<\/span><\/span><\/p>\r\n<p><\/p>\r\n<p><\/p>\r\n<p class=\"has-text-align-center\" style=\"text-align: center;\"><span style=\"font-size: 12pt;\"><span style=\"font-family: arial, helvetica, sans-serif;\">Als Start und Ziel f\u00fcr eine US-S\u00fcdstaatentour ist Georgias Hauptstadt gut geeignet.<\/span><\/span><\/p>\r\n<p><\/p>\r\n<p><\/p>\r\n<p class=\"has-text-align-center\" style=\"text-align: center;\"><span style=\"font-size: 12pt;\"><span style=\"font-family: arial, helvetica, sans-serif;\">Im September sind die schw\u00fclwarmen Temperaturen langsam wieder zu ertragen.<\/span><\/span><\/p>\r\n<p><\/p>\r\n<p><\/p>\r\n<p class=\"has-text-align-center\" style=\"text-align: center;\"><span style=\"font-size: 12pt;\"><span style=\"font-family: arial, helvetica, sans-serif;\">Die Hurrican-Saison beginnt normalerweise nach unserer geplanten Reisezeit.<\/span><\/span><\/p>\r\n<p><\/p>\r\n<p><\/p>\r\n<p class=\"has-text-align-center\" style=\"text-align: center;\"><span style=\"font-size: 12pt;\"><span style=\"font-family: arial, helvetica, sans-serif;\">Wir werden mit optimalen Umsteigezeiten \u00fcber Paris fliegen <\/span><\/span><\/p>\r\n<p><\/p>\r\n<p><\/p>\r\n<p class=\"has-text-align-center\" style=\"text-align: center;\"><span style=\"font-size: 12pt;\"><span style=\"font-family: arial, helvetica, sans-serif;\">und bei den Langstreckenfl\u00fcgen im Oberdeck des Air France A 380 sitzen.<\/span><\/span><\/p>\r\n<p><\/p>\r\n<p><\/p>\r\n<p class=\"has-text-align-center\" style=\"text-align: center;\"><span style=\"font-size: 12pt;\"><span style=\"font-family: arial, helvetica, sans-serif;\">So weit so gut \u2026<\/span><\/span><\/p>\r\n<p><\/p>\r\n<p><\/p>\r\n<p class=\"has-text-align-center\" style=\"text-align: center;\"><span style=\"font-size: 12pt;\"><span style=\"font-family: arial, helvetica, sans-serif;\">Wie wir alle wissen, hat ein kleines Virus im Februar 2020 damit begonnen, die Weltlage durcheinander zu wirbeln.<\/span><\/span><\/p>\r\n<p><\/p>\r\n<p><\/p>\r\n<p class=\"has-text-align-center\" style=\"text-align: center;\"><span style=\"font-size: 12pt;\"><span style=\"font-family: arial, helvetica, sans-serif;\">Sp\u00e4testens im Fr\u00fchjahr war uns klar, dass die Reise nicht stattfinden wird.<\/span><\/span><\/p>\r\n<p><\/p>\r\n<p><\/p>\r\n<p class=\"has-text-align-center\" style=\"text-align: center;\"><span style=\"font-size: 12pt;\"><span style=\"font-family: arial, helvetica, sans-serif;\">Was also tun, mit drei Wochen Urlaub im September?<\/span><\/span><\/p>\r\n<p><\/p>\r\n<p><\/p>\r\n<p class=\"has-text-align-center\" style=\"text-align: center;\"><span style=\"font-size: 12pt;\"><span style=\"font-family: arial, helvetica, sans-serif;\">Die sonst \u00fcbliche detaillierte Reiseplanung mit Vorbuchungen f\u00fcr Hotels, Mietwagen und \u00dcbernachtungen <\/span><\/span><\/p>\r\n<p><\/p>\r\n<p><\/p>\r\n<p class=\"has-text-align-center\" style=\"text-align: center;\"><span style=\"font-size: 12pt;\"><span style=\"font-family: arial, helvetica, sans-serif;\">haben wir dieses Mal sein gelassen.\u00a0<\/span><\/span><span style=\"font-size: 12pt;\"><span style=\"font-family: arial, helvetica, sans-serif;\">Zu ungewiss war die Gesamtsituation.<\/span><\/span><\/p>\r\n<p><\/p>\r\n<p><\/p>\r\n<p class=\"has-text-align-center\" style=\"text-align: center;\"><span style=\"font-size: 12pt;\"><span style=\"font-family: arial, helvetica, sans-serif;\">Im Sommer gab es f\u00fcr fast alle Urlaubsziele Reisewarnungen des Ausw\u00e4rtigen Amtes.<\/span><\/span><\/p>\r\n<p><\/p>\r\n<p><\/p>\r\n<p class=\"has-text-align-center\" style=\"text-align: center;\"><span style=\"font-size: 12pt;\"><span style=\"font-family: arial, helvetica, sans-serif;\">Au\u00dferdem wurden viele L\u00e4nder zu Risikogebieten erkl\u00e4rt.<\/span><\/span><\/p>\r\n<p><\/p>\r\n<p><\/p>\r\n<p class=\"has-text-align-center\" style=\"text-align: center;\"><span style=\"font-size: 12pt;\"><span style=\"font-family: arial, helvetica, sans-serif;\">An Langstreckenfl\u00fcgen haben wir unter den aktuellen Bedingungen kein Interesse.<\/span><\/span><\/p>\r\n<p><\/p>\r\n<p><\/p>\r\n<p class=\"has-text-align-center\" style=\"text-align: center;\"><span style=\"font-size: 12pt;\"><span style=\"font-family: arial, helvetica, sans-serif;\">Andererseits lieb\u00e4ugeln wir mit sommerlichen Temperaturen.<\/span><\/span><\/p>\r\n<p><\/p>\r\n<p><\/p>\r\n<p class=\"has-text-align-center\" style=\"text-align: center;\"><span style=\"font-size: 12pt;\"><span style=\"font-family: arial, helvetica, sans-serif;\">Also haben wir bis kurz vor Urlaubsbeginn abgewartet <\/span><\/span><\/p>\r\n<p><\/p>\r\n<p><\/p>\r\n<p class=\"has-text-align-center\" style=\"text-align: center;\"><span style=\"font-size: 12pt;\"><span style=\"font-family: arial, helvetica, sans-serif;\">und uns dann sehr kurzfristig f\u00fcr eine Rundreise durch Sardinien entschieden.<\/span><\/span><\/p>\r\n<p><\/p>\r\n<p><\/p>\r\n<p class=\"has-text-align-center\" style=\"text-align: center;\"><span style=\"font-size: 12pt;\"><span style=\"font-family: arial, helvetica, sans-serif;\">Wir waren im Vorjahr an der Costa Smeralda und dort hat es uns fantastisch gefallen.<\/span><\/span><\/p>\r\n<p><\/p>\r\n<p><\/p>\r\n<p class=\"has-text-align-center\" style=\"text-align: center;\"><span style=\"font-size: 12pt;\"><span style=\"font-family: arial, helvetica, sans-serif;\">Da wir nur einen recht kleinen Teil im Nordosten besucht haben, <\/span><\/span><\/p>\r\n<p><\/p>\r\n<p><\/p>\r\n<p class=\"has-text-align-center\" style=\"text-align: center;\"><span style=\"font-size: 12pt;\"><span style=\"font-family: arial, helvetica, sans-serif;\">sollte ausreichend Neuland vorhanden sein.<\/span><\/span><\/p>\r\n<p><\/p>\r\n<p><\/p>\r\n<p class=\"has-text-align-center\" style=\"text-align: center;\"><span style=\"font-size: 12pt;\"><span style=\"font-family: arial, helvetica, sans-serif;\">\u00a0<\/span><\/span><\/p>\r\n<p><\/p>\r\n<p><\/p>\r\n<div class=\"wp-block-image\" style=\"text-align: center;\">\r\n<figure class=\"aligncenter\"><img decoding=\"async\" width=\"337\" height=\"506\" class=\"wp-image-12936\" title=\"Sardinien\" src=\"https:\/\/welcome-ontour.de\/wordpress\/wp-content\/uploads\/2020\/12\/phoca_thumb_l_2020-09-05-02.jpg\" alt=\"\" srcset=\"https:\/\/welcome-ontour.de\/wordpress\/wp-content\/uploads\/2020\/12\/phoca_thumb_l_2020-09-05-02.jpg 337w, https:\/\/welcome-ontour.de\/wordpress\/wp-content\/uploads\/2020\/12\/phoca_thumb_l_2020-09-05-02-200x300.jpg 200w\" sizes=\"(max-width: 337px) 100vw, 337px\" \/><\/figure>\r\n<\/div>\r\n<p><\/p>\r\n<p><\/p>\r\n<p><\/p>\r\n<p><\/p>\r\n<p class=\"has-text-align-center\" style=\"text-align: center;\"><span style=\"font-size: 12pt;\"><span style=\"font-family: arial, helvetica, sans-serif;\">\u00a0<\/span><\/span><\/p>\r\n<p><\/p>\r\n<p><\/p>\r\n<p class=\"has-text-align-center\" style=\"text-align: center;\"><span style=\"font-size: 12pt;\"><span style=\"font-family: arial, helvetica, sans-serif;\">Fl\u00fcge, Mietwagen und Hotels haben wir innerhalb weniger Stunden rausgesucht und gebucht.<\/span><\/span><\/p>\r\n<p><\/p>\r\n<p><\/p>\r\n<p class=\"has-text-align-center\" style=\"text-align: center;\"><span style=\"font-size: 12pt;\"><span style=\"font-family: arial, helvetica, sans-serif;\">Easyjet bringt uns nonstop nach Olbia.<\/span><\/span><\/p>\r\n<p><\/p>\r\n<p><\/p>\r\n<p class=\"has-text-align-center\" style=\"text-align: center;\"><span style=\"font-size: 12pt;\"><span style=\"font-family: arial, helvetica, sans-serif;\">Von dort geht es in 3 Wochen entgegen dem Uhrzeigersinn einmal um die Insel.<\/span><\/span><\/p>\r\n<p><\/p>\r\n<p><\/p>\r\n<p class=\"has-text-align-center\" style=\"text-align: center;\"><span style=\"font-size: 12pt;\"><span style=\"font-family: arial, helvetica, sans-serif;\">Wir bleiben immer 3-4 Tage an einem Ort und unternehmen von dort kurze Ausfl\u00fcge.<\/span><\/span><\/p>\r\n<p><\/p>\r\n<p><\/p>\r\n<p class=\"has-text-align-center\" style=\"text-align: center;\"><span style=\"font-size: 12pt;\"><span style=\"font-family: arial, helvetica, sans-serif;\">Italien ist am Buchungstag nicht als Risikogebiet eingestuft.<\/span><\/span><\/p>\r\n<p><\/p>\r\n<p><\/p>\r\n<p class=\"has-text-align-center\" style=\"text-align: center;\"><span style=\"font-size: 12pt;\"><span style=\"font-family: arial, helvetica, sans-serif;\">Das bleibt gl\u00fccklicherweise die 2 Tage bis zur Abreise so.<\/span><\/span><\/p>\r\n<p><\/p>\r\n<p><\/p>\r\n<p class=\"has-text-align-center\" style=\"text-align: center;\"><span style=\"font-size: 12pt;\"><span style=\"font-family: arial, helvetica, sans-serif;\">Direkt nach der Buchung f\u00fcllen wir die n\u00f6tige Online Registrierung f\u00fcr Sardinien aus.<\/span><\/span><\/p>\r\n<p><\/p>\r\n<p><\/p>\r\n<p class=\"has-text-align-center\" style=\"text-align: center;\"><span style=\"font-size: 12pt;\"><span style=\"font-family: arial, helvetica, sans-serif;\">Au\u00dferdem erledigen wir den Web Check in bei Easyjet und drucken Bordkarten f\u00fcr Hin- und R\u00fcckfl\u00fcge aus.<\/span><\/span><\/p>\r\n<p><\/p>\r\n<p><\/p>\r\n<p class=\"has-text-align-center\" style=\"text-align: center;\"><span style=\"font-size: 12pt;\"><span style=\"font-family: arial, helvetica, sans-serif;\">Am Vortag werden die Kabinentrolleys gepackt.<\/span><\/span><\/p>\r\n<p><\/p>\r\n<p><\/p>\r\n<p class=\"has-text-align-center\" style=\"text-align: center;\"><span style=\"font-size: 12pt;\"><span style=\"font-family: arial, helvetica, sans-serif;\">Viel brauchen wir nicht, es ist sommerliches Wetter vorhergesagt.<\/span><\/span><\/p>\r\n<p><\/p>\r\n<p><\/p>\r\n<p class=\"has-text-align-center\" style=\"text-align: center;\"><span style=\"font-family: arial, helvetica, sans-serif; font-size: 12pt;\">\u00a0<\/span><\/p>\r\n<p><\/p>\r\n<p><\/p>\r\n<p><\/p>\r\n<p><\/p>\r\n<div class=\"wp-block-image\" style=\"text-align: center;\">\r\n<figure class=\"aligncenter\"><img decoding=\"async\" class=\"alignnone wp-image-12937\" title=\"Sardinien\" src=\"https:\/\/welcome-ontour.de\/wordpress\/wp-content\/uploads\/2020\/12\/phoca_thumb_l_2020-09-05-03.jpg\" alt=\"\" width=\"200\" height=\"140\" srcset=\"https:\/\/welcome-ontour.de\/wordpress\/wp-content\/uploads\/2020\/12\/phoca_thumb_l_2020-09-05-03.jpg 500w, https:\/\/welcome-ontour.de\/wordpress\/wp-content\/uploads\/2020\/12\/phoca_thumb_l_2020-09-05-03-300x210.jpg 300w\" sizes=\"(max-width: 200px) 100vw, 200px\" \/><\/figure>\r\n<\/div>\r\n<p><\/p>\r\n<p><\/p>\r\n<div class=\"wp-block-column\" style=\"flex-basis: 50%;\">\r\n<p align=\"left\"><span style=\"font-family: arial, helvetica, sans-serif; font-size: 10pt;\"><a href=\"https:\/\/welcome-ontour.de\/wordpress\/index.php\/reiseberichte\/\">&lt; Reiseberichte<\/a><\/span><\/p>\r\n<p><span style=\"font-family: arial, helvetica, sans-serif; font-size: 10pt;\"><\/span><\/p>\r\n<\/div>\r\n<p class=\"has-text-align-center\" style=\"text-align: center;\"><span style=\"font-family: arial, helvetica, sans-serif; font-size: 10pt;\"><!-- \/wp:post-content --><\/span><\/p>\r\n<p><!-- wp:column {\"width\":\"50%\"} --><\/p>\r\n<div class=\"wp-block-column\" style=\"flex-basis: 50%;\">\r\n<p><span style=\"font-family: arial, helvetica, sans-serif; font-size: 10pt;\"><!-- wp:html --><\/span><\/p>\r\n<p align=\"right\"><span style=\"font-family: arial, helvetica, sans-serif; font-size: 10pt;\"><a href=\"https:\/\/welcome-ontour.de\/wordpress\/index.php\/2020-09-05-prolog-2\/\">weiter &gt;<\/a><\/span><\/p>\r\n<\/div>\r\n<div class=\"wp-block-columns\" style=\"text-align: center;\">\r\n<div class=\"wp-block-column is-vertically-aligned-top\"><!-- \/wp:html --><\/div>\r\n<p><!-- \/wp:column --><\/p>\r\n<\/div>\r\n<p><!-- \/wp:columns --><\/p>\r\n<p><!-- wp:paragraph --><\/p>\r\n<p><!-- \/wp:paragraph --><\/p>","protected":false},"excerpt":{"rendered":"<p>Prolog\u00a0 \u00a0 \u00a0 \u00a0Anreise\u00a0 \u00a0 \u00a0 \u00a0Castelsardo\u00a0 \u00a0 \u00a0 \u00a0Stintino\u00a0 \u00a0 \u00a0 \u00a0Cabo Testa\u00a0 \u00a0 \u00a0\u00a0Badesi\u00a0 \u00a0 \u00a0\u00a0Alghero\u00a0 \u00a0 \u00a0 Grotta Nettuno\u00a0 \u00a0 \u00a0Torregrande\u00a0 \u00a0 \u00a0\u00a0Arutas\u00a0 \u00a0 \u00a0Oristano\u00a0 \u00a0 \u00a0 Cagliari \u00a0 \u00a0 Giudeu Simius \u00a0 \u00a0 Santa Maria Navarrese\u00a0 \u00a0 \u00a0 Bootstour \u00a0 \u00a0 Milanese\u00a0 \u00a0 \u00a0 Olbia \u00a0 \u00a0 Costa Dorata\u00a0 \u00a0 \u00a0 Costa Smeralda \u00a0 \u00a0 Spiaggia Bianca \u00a0 \u00a0 \u00a0R\u00fcckreise\u00a0 \u00a0 \u00a0 \u00a0Fazit &lt; Reiseberichte weiter &gt; \u00a0 Dream On \u00a0 Sardinien 2020 &nbsp; \u00a0 Prolog Zu dieser Tour ist ein ungewohnt l\u00e4ngeres Vorwort n\u00f6tig. Weihnachten 2019 ergattern wir g\u00fcnstige Fl\u00fcge f\u00fcr September 2020 nach Atlanta. Als Start und Ziel f\u00fcr eine US-S\u00fcdstaatentour ist Georgias Hauptstadt gut geeignet. Im September sind die schw\u00fclwarmen Temperaturen langsam wieder zu ertragen. Die Hurrican-Saison beginnt normalerweise nach unserer geplanten Reisezeit. Wir werden mit optimalen Umsteigezeiten \u00fcber Paris fliegen und bei den Langstreckenfl\u00fcgen im Oberdeck des Air France A 380 sitzen. So weit so gut \u2026 Wie wir alle wissen, hat ein kleines Virus im Februar 2020 damit begonnen, die Weltlage durcheinander zu wirbeln. Sp\u00e4testens im Fr\u00fchjahr war uns klar, dass die Reise nicht stattfinden wird. Was also tun, mit drei Wochen Urlaub im September? Die sonst \u00fcbliche detaillierte Reiseplanung mit Vorbuchungen f\u00fcr Hotels, Mietwagen und \u00dcbernachtungen haben wir dieses Mal sein gelassen.\u00a0Zu ungewiss war die Gesamtsituation. Im Sommer gab es f\u00fcr fast alle Urlaubsziele Reisewarnungen des Ausw\u00e4rtigen Amtes. Au\u00dferdem wurden viele L\u00e4nder zu Risikogebieten erkl\u00e4rt. An Langstreckenfl\u00fcgen haben wir unter den aktuellen Bedingungen kein Interesse. Andererseits lieb\u00e4ugeln wir mit sommerlichen Temperaturen. Also haben wir bis kurz vor Urlaubsbeginn abgewartet und uns dann sehr kurzfristig f\u00fcr eine Rundreise durch Sardinien entschieden. Wir waren im Vorjahr an der Costa Smeralda und dort hat es uns fantastisch gefallen. Da wir nur einen recht kleinen Teil im Nordosten besucht haben, sollte ausreichend Neuland vorhanden sein. \u00a0 \u00a0 Fl\u00fcge, Mietwagen und Hotels haben wir innerhalb weniger Stunden rausgesucht und gebucht. Easyjet bringt uns nonstop nach Olbia. Von dort geht es in 3 Wochen entgegen dem Uhrzeigersinn einmal um die Insel. Wir bleiben immer 3-4 Tage an einem Ort und unternehmen von dort kurze Ausfl\u00fcge. Italien ist am Buchungstag nicht als Risikogebiet eingestuft. Das bleibt gl\u00fccklicherweise die 2 Tage bis zur Abreise so. Direkt nach der Buchung f\u00fcllen wir die n\u00f6tige Online Registrierung f\u00fcr Sardinien aus. Au\u00dferdem erledigen wir den Web Check in bei Easyjet und drucken Bordkarten f\u00fcr Hin- und R\u00fcckfl\u00fcge aus. Am Vortag werden die Kabinentrolleys gepackt. Viel brauchen wir nicht, es ist sommerliches Wetter vorhergesagt. \u00a0 &lt; Reiseberichte weiter &gt;<\/p>\n","protected":false},"author":1,"featured_media":0,"parent":0,"menu_order":23,"comment_status":"closed","ping_status":"closed","template":"","meta":{"footnotes":""},"class_list":["post-12938","page","type-page","status-publish","hentry"],"_links":{"self":[{"href":"https:\/\/welcome-ontour.de\/wordpress\/index.php\/wp-json\/wp\/v2\/pages\/12938","targetHints":{"allow":["GET"]}}],"collection":[{"href":"https:\/\/welcome-ontour.de\/wordpress\/index.php\/wp-json\/wp\/v2\/pages"}],"about":[{"href":"https:\/\/welcome-ontour.de\/wordpress\/index.php\/wp-json\/wp\/v2\/types\/page"}],"author":[{"embeddable":true,"href":"https:\/\/welcome-ontour.de\/wordpress\/index.php\/wp-json\/wp\/v2\/users\/1"}],"replies":[{"embeddable":true,"href":"https:\/\/welcome-ontour.de\/wordpress\/index.php\/wp-json\/wp\/v2\/comments?post=12938"}],"version-history":[{"count":25,"href":"https:\/\/welcome-ontour.de\/wordpress\/index.php\/wp-json\/wp\/v2\/pages\/12938\/revisions"}],"predecessor-version":[{"id":16775,"href":"https:\/\/welcome-ontour.de\/wordpress\/index.php\/wp-json\/wp\/v2\/pages\/12938\/revisions\/16775"}],"wp:attachment":[{"href":"https:\/\/welcome-ontour.de\/wordpress\/index.php\/wp-json\/wp\/v2\/media?parent=12938"}],"curies":[{"name":"wp","href":"https:\/\/api.w.org\/{rel}","templated":true}]}}